{"id":44197,"date":"2025-01-29T14:40:55","date_gmt":"2025-01-29T14:40:55","guid":{"rendered":"https:\/\/proacomunicacion.es\/?post_type=en-los-medios&#038;p=44197"},"modified":"2025-09-15T12:16:03","modified_gmt":"2025-09-15T10:16:03","slug":"the-purpose-of-communicating","status":"publish","type":"en-los-medios","link":"https:\/\/proacomunicacion.es\/en\/en-los-medios\/el-proposito-de-comunicar\/","title":{"rendered":"The purpose of communicating"},"content":{"rendered":"<p>In today's context, communicating an organisation's purpose has become an imperative. It does not matter if it is a company, institution or public figure: the purpose, well communicated, has a direct impact not only on those who are part of the organisation, but also on key audiences and, ultimately, on business results. Retaining talent, building customer loyalty or strengthening relationships with stakeholders is no longer an isolated challenge when the \"why\" that guides each action is clearly communicated.<\/p>\n\n\n\n<p>But communicating purpose is not easy. A marketing slogan is not enough, nor is it enough to summarise mission, vision and values in a paragraph. Authentic purpose responds to a higher, sustainable purpose that transcends profit maximisation and ideally connects with the personal purpose of employees and key audiences. It should be participatory, living and ongoing, adapting to a changing environment and the expectations of those on the receiving end.<\/p>\n\n\n\n<p>A frequent obstacle is the tension between personal purpose and organisational purpose. When managers' individual interests prevail over collective ones, communication loses credibility. Here, \"to be and to seem\" becomes an essential principle: what we communicate, verbally or non-verbally, must reflect coherence between intention and action, generating trust and recognition.<\/p>\n\n\n\n<p>In addition, in a context of increasing polarisation, communicating purpose involves <strong>building bridges<\/strong> and generate consensus. As Yago de la Cierva, director of Crisis Communication at PROA Comunicaci\u00f3n, points out, recognising the motivations of others, sharing power in the construction of the purpose and acting ethically are fundamental principles so that individual objectives do not undermine collective ones.<\/p>\n\n\n\n<p>Communicating purpose clearly and authentically not only strengthens the internal and external cohesion of the organisation, but also contributes to a stronger social fabric, capable of resisting polarisation and building trust in times of uncertainty.<\/p>\n\n\n\n<p><\/p>","protected":false},"excerpt":{"rendered":"<p>En el contexto actual, comunicar el prop\u00f3sito de una organizaci\u00f3n se ha convertido en una necesidad imperiosa. No importa si se trata de empresas, instituciones o figuras p\u00fablicas: el prop\u00f3sito, bien comunicado, tiene un impacto directo no solo en quienes forman parte de la organizaci\u00f3n, sino tambi\u00e9n en los p\u00fablicos clave y, finalmente, en los [&hellip;]<\/p>\n","protected":false},"author":28,"featured_media":43242,"menu_order":0,"comment_status":"open","ping_status":"open","template":"","format":"standard","meta":{"footnotes":""},"servicios":[],"sectores":[],"class_list":["post-44197","en-los-medios","type-en-los-medios","status-publish","format-standard","has-post-thumbnail","hentry"],"yoast_head":"<!-- This site is optimized with the Yoast SEO plugin v27.0 - https:\/\/yoast.com\/product\/yoast-seo-wordpress\/ -->\n<title>El prop\u00f3sito de comunicar - PROA Comunicaci\u00f3n<\/title>\n<meta name=\"robots\" content=\"index, follow, max-snippet:-1, max-image-preview:large, max-video-preview:-1\" \/>\n<link rel=\"canonical\" href=\"https:\/\/proacomunicacion.es\/en\/in-the-media\/the-purpose-of-communicating\/\" \/>\n<meta property=\"og:locale\" content=\"en_GB\" \/>\n<meta property=\"og:type\" content=\"article\" \/>\n<meta property=\"og:title\" content=\"El prop\u00f3sito de comunicar - PROA Comunicaci\u00f3n\" \/>\n<meta property=\"og:description\" content=\"En el contexto actual, comunicar el prop\u00f3sito de una organizaci\u00f3n se ha convertido en una necesidad imperiosa. No importa si se trata de empresas, instituciones o figuras p\u00fablicas: el prop\u00f3sito, bien comunicado, tiene un impacto directo no solo en quienes forman parte de la organizaci\u00f3n, sino tambi\u00e9n en los p\u00fablicos clave y, finalmente, en los [&hellip;]\" \/>\n<meta property=\"og:url\" content=\"https:\/\/proacomunicacion.es\/en\/in-the-media\/the-purpose-of-communicating\/\" \/>\n<meta property=\"og:site_name\" content=\"PROA Comunicaci\u00f3n\" \/>\n<meta property=\"article:modified_time\" content=\"2025-09-15T10:16:03+00:00\" \/>\n<meta property=\"og:image\" content=\"https:\/\/proacomunicacion.es\/wp-content\/uploads\/2024\/11\/CLAUDIO-1.png\" \/>\n\t<meta property=\"og:image:width\" content=\"1080\" \/>\n\t<meta property=\"og:image:height\" content=\"1080\" \/>\n\t<meta property=\"og:image:type\" content=\"image\/png\" \/>\n<meta name=\"twitter:card\" content=\"summary_large_image\" \/>\n<meta name=\"twitter:site\" content=\"@proacomunica\" \/>\n<meta name=\"twitter:label1\" content=\"Estimated reading time\" \/>\n\t<meta name=\"twitter:data1\" content=\"2 minutes\" \/>\n<script type=\"application\/ld+json\" class=\"yoast-schema-graph\">{\"@context\":\"https:\/\/schema.org\",\"@graph\":[{\"@type\":\"WebPage\",\"@id\":\"https:\/\/proacomunicacion.es\/en-los-medios\/el-proposito-de-comunicar\/\",\"url\":\"https:\/\/proacomunicacion.es\/en-los-medios\/el-proposito-de-comunicar\/\",\"name\":\"El prop\u00f3sito de comunicar - PROA Comunicaci\u00f3n\",\"isPartOf\":{\"@id\":\"https:\/\/proacomunicacion.es\/#website\"},\"primaryImageOfPage\":{\"@id\":\"https:\/\/proacomunicacion.es\/en-los-medios\/el-proposito-de-comunicar\/#primaryimage\"},\"image\":{\"@id\":\"https:\/\/proacomunicacion.es\/en-los-medios\/el-proposito-de-comunicar\/#primaryimage\"},\"thumbnailUrl\":\"https:\/\/proacomunicacion.es\/wp-content\/uploads\/2024\/11\/CLAUDIO-1.png\",\"datePublished\":\"2025-01-29T14:40:55+00:00\",\"dateModified\":\"2025-09-15T10:16:03+00:00\",\"breadcrumb\":{\"@id\":\"https:\/\/proacomunicacion.es\/en-los-medios\/el-proposito-de-comunicar\/#breadcrumb\"},\"inLanguage\":\"en-GB\",\"potentialAction\":[{\"@type\":\"ReadAction\",\"target\":[\"https:\/\/proacomunicacion.es\/en-los-medios\/el-proposito-de-comunicar\/\"]}]},{\"@type\":\"ImageObject\",\"inLanguage\":\"en-GB\",\"@id\":\"https:\/\/proacomunicacion.es\/en-los-medios\/el-proposito-de-comunicar\/#primaryimage\",\"url\":\"https:\/\/proacomunicacion.es\/wp-content\/uploads\/2024\/11\/CLAUDIO-1.png\",\"contentUrl\":\"https:\/\/proacomunicacion.es\/wp-content\/uploads\/2024\/11\/CLAUDIO-1.png\",\"width\":1080,\"height\":1080},{\"@type\":\"BreadcrumbList\",\"@id\":\"https:\/\/proacomunicacion.es\/en-los-medios\/el-proposito-de-comunicar\/#breadcrumb\",\"itemListElement\":[{\"@type\":\"ListItem\",\"position\":1,\"name\":\"Portada\",\"item\":\"https:\/\/proacomunicacion.es\/\"},{\"@type\":\"ListItem\",\"position\":2,\"name\":\"En los medios\",\"item\":\"https:\/\/proacomunicacion.es\/en-los-medios\/\"},{\"@type\":\"ListItem\",\"position\":3,\"name\":\"El prop\u00f3sito de comunicar\"}]},{\"@type\":\"WebSite\",\"@id\":\"https:\/\/proacomunicacion.es\/#website\",\"url\":\"https:\/\/proacomunicacion.es\/\",\"name\":\"PROA Comunicaci\u00f3n\",\"description\":\"Agencia de Comunicaci\u00f3n Corporativa en Madrid, Barcelona y Galicia.\",\"publisher\":{\"@id\":\"https:\/\/proacomunicacion.es\/#organization\"},\"alternateName\":\"PROA Comunicaci\u00f3n\",\"potentialAction\":[{\"@type\":\"SearchAction\",\"target\":{\"@type\":\"EntryPoint\",\"urlTemplate\":\"https:\/\/proacomunicacion.es\/?s={search_term_string}\"},\"query-input\":{\"@type\":\"PropertyValueSpecification\",\"valueRequired\":true,\"valueName\":\"search_term_string\"}}],\"inLanguage\":\"en-GB\"},{\"@type\":\"Organization\",\"@id\":\"https:\/\/proacomunicacion.es\/#organization\",\"name\":\"PROA Comunicaci\u00f3n\",\"alternateName\":\"PROA Comunicaci\u00f3n\",\"url\":\"https:\/\/proacomunicacion.es\/\",\"logo\":{\"@type\":\"ImageObject\",\"inLanguage\":\"en-GB\",\"@id\":\"https:\/\/proacomunicacion.es\/#\/schema\/logo\/image\/\",\"url\":\"https:\/\/proacomunicacion.es\/wp-content\/uploads\/2024\/01\/Logo_Light.svg\",\"contentUrl\":\"https:\/\/proacomunicacion.es\/wp-content\/uploads\/2024\/01\/Logo_Light.svg\",\"width\":136,\"height\":33,\"caption\":\"PROA Comunicaci\u00f3n\"},\"image\":{\"@id\":\"https:\/\/proacomunicacion.es\/#\/schema\/logo\/image\/\"},\"sameAs\":[\"https:\/\/x.com\/proacomunica\",\"https:\/\/es.linkedin.com\/company\/proa-comunicacion_2\",\"https:\/\/www.instagram.com\/proacomunica\/\",\"https:\/\/www.youtube.com\/@proacomunicacion\",\"https:\/\/es.wikipedia.org\/wiki\/PROA_Comunicacin\"]}]}<\/script>\n<!-- \/ Yoast SEO plugin. -->","yoast_head_json":{"title":"The purpose of communicating - PROA Comunicaci\u00f3n","robots":{"index":"index","follow":"follow","max-snippet":"max-snippet:-1","max-image-preview":"max-image-preview:large","max-video-preview":"max-video-preview:-1"},"canonical":"https:\/\/proacomunicacion.es\/en\/in-the-media\/the-purpose-of-communicating\/","og_locale":"en_GB","og_type":"article","og_title":"El prop\u00f3sito de comunicar - PROA Comunicaci\u00f3n","og_description":"En el contexto actual, comunicar el prop\u00f3sito de una organizaci\u00f3n se ha convertido en una necesidad imperiosa. No importa si se trata de empresas, instituciones o figuras p\u00fablicas: el prop\u00f3sito, bien comunicado, tiene un impacto directo no solo en quienes forman parte de la organizaci\u00f3n, sino tambi\u00e9n en los p\u00fablicos clave y, finalmente, en los [&hellip;]","og_url":"https:\/\/proacomunicacion.es\/en\/in-the-media\/the-purpose-of-communicating\/","og_site_name":"PROA Comunicaci\u00f3n","article_modified_time":"2025-09-15T10:16:03+00:00","og_image":[{"width":1080,"height":1080,"url":"https:\/\/proacomunicacion.es\/wp-content\/uploads\/2024\/11\/CLAUDIO-1.png","type":"image\/png"}],"twitter_card":"summary_large_image","twitter_site":"@proacomunica","twitter_misc":{"Estimated reading time":"2 minutes"},"schema":{"@context":"https:\/\/schema.org","@graph":[{"@type":"WebPage","@id":"https:\/\/proacomunicacion.es\/en-los-medios\/el-proposito-de-comunicar\/","url":"https:\/\/proacomunicacion.es\/en-los-medios\/el-proposito-de-comunicar\/","name":"The purpose of communicating - PROA Comunicaci\u00f3n","isPartOf":{"@id":"https:\/\/proacomunicacion.es\/#website"},"primaryImageOfPage":{"@id":"https:\/\/proacomunicacion.es\/en-los-medios\/el-proposito-de-comunicar\/#primaryimage"},"image":{"@id":"https:\/\/proacomunicacion.es\/en-los-medios\/el-proposito-de-comunicar\/#primaryimage"},"thumbnailUrl":"https:\/\/proacomunicacion.es\/wp-content\/uploads\/2024\/11\/CLAUDIO-1.png","datePublished":"2025-01-29T14:40:55+00:00","dateModified":"2025-09-15T10:16:03+00:00","breadcrumb":{"@id":"https:\/\/proacomunicacion.es\/en-los-medios\/el-proposito-de-comunicar\/#breadcrumb"},"inLanguage":"en-GB","potentialAction":[{"@type":"ReadAction","target":["https:\/\/proacomunicacion.es\/en-los-medios\/el-proposito-de-comunicar\/"]}]},{"@type":"ImageObject","inLanguage":"en-GB","@id":"https:\/\/proacomunicacion.es\/en-los-medios\/el-proposito-de-comunicar\/#primaryimage","url":"https:\/\/proacomunicacion.es\/wp-content\/uploads\/2024\/11\/CLAUDIO-1.png","contentUrl":"https:\/\/proacomunicacion.es\/wp-content\/uploads\/2024\/11\/CLAUDIO-1.png","width":1080,"height":1080},{"@type":"BreadcrumbList","@id":"https:\/\/proacomunicacion.es\/en-los-medios\/el-proposito-de-comunicar\/#breadcrumb","itemListElement":[{"@type":"ListItem","position":1,"name":"Portada","item":"https:\/\/proacomunicacion.es\/"},{"@type":"ListItem","position":2,"name":"En los medios","item":"https:\/\/proacomunicacion.es\/en-los-medios\/"},{"@type":"ListItem","position":3,"name":"El prop\u00f3sito de comunicar"}]},{"@type":"WebSite","@id":"https:\/\/proacomunicacion.es\/#website","url":"https:\/\/proacomunicacion.es\/","name":"PROA Communication","description":"Corporate Communications Agency in Madrid, Barcelona and Galicia.","publisher":{"@id":"https:\/\/proacomunicacion.es\/#organization"},"alternateName":"PROA Comunicaci\u00f3n","potentialAction":[{"@type":"SearchAction","target":{"@type":"EntryPoint","urlTemplate":"https:\/\/proacomunicacion.es\/?s={search_term_string}"},"query-input":{"@type":"PropertyValueSpecification","valueRequired":true,"valueName":"search_term_string"}}],"inLanguage":"en-GB"},{"@type":"Organization","@id":"https:\/\/proacomunicacion.es\/#organization","name":"PROA Communication","alternateName":"PROA Comunicaci\u00f3n","url":"https:\/\/proacomunicacion.es\/","logo":{"@type":"ImageObject","inLanguage":"en-GB","@id":"https:\/\/proacomunicacion.es\/#\/schema\/logo\/image\/","url":"https:\/\/proacomunicacion.es\/wp-content\/uploads\/2024\/01\/Logo_Light.svg","contentUrl":"https:\/\/proacomunicacion.es\/wp-content\/uploads\/2024\/01\/Logo_Light.svg","width":136,"height":33,"caption":"PROA Comunicaci\u00f3n"},"image":{"@id":"https:\/\/proacomunicacion.es\/#\/schema\/logo\/image\/"},"sameAs":["https:\/\/x.com\/proacomunica","https:\/\/es.linkedin.com\/company\/proa-comunicacion_2","https:\/\/www.instagram.com\/proacomunica\/","https:\/\/www.youtube.com\/@proacomunicacion","https:\/\/es.wikipedia.org\/wiki\/PROA_Comunicacin"]}]}},"_links":{"self":[{"href":"https:\/\/proacomunicacion.es\/en\/wp-json\/wp\/v2\/en-los-medios\/44197","targetHints":{"allow":["GET"]}}],"collection":[{"href":"https:\/\/proacomunicacion.es\/en\/wp-json\/wp\/v2\/en-los-medios"}],"about":[{"href":"https:\/\/proacomunicacion.es\/en\/wp-json\/wp\/v2\/types\/en-los-medios"}],"author":[{"embeddable":true,"href":"https:\/\/proacomunicacion.es\/en\/wp-json\/wp\/v2\/users\/28"}],"replies":[{"embeddable":true,"href":"https:\/\/proacomunicacion.es\/en\/wp-json\/wp\/v2\/comments?post=44197"}],"version-history":[{"count":2,"href":"https:\/\/proacomunicacion.es\/en\/wp-json\/wp\/v2\/en-los-medios\/44197\/revisions"}],"predecessor-version":[{"id":46181,"href":"https:\/\/proacomunicacion.es\/en\/wp-json\/wp\/v2\/en-los-medios\/44197\/revisions\/46181"}],"wp:featuredmedia":[{"embeddable":true,"href":"https:\/\/proacomunicacion.es\/en\/wp-json\/wp\/v2\/media\/43242"}],"wp:attachment":[{"href":"https:\/\/proacomunicacion.es\/en\/wp-json\/wp\/v2\/media?parent=44197"}],"wp:term":[{"taxonomy":"servicios","embeddable":true,"href":"https:\/\/proacomunicacion.es\/en\/wp-json\/wp\/v2\/servicios?post=44197"},{"taxonomy":"sectores","embeddable":true,"href":"https:\/\/proacomunicacion.es\/en\/wp-json\/wp\/v2\/sectores?post=44197"}],"curies":[{"name":"wp","href":"https:\/\/api.w.org\/{rel}","templated":true}]}}

<p>In today's context, communicating an organisation's purpose has become an imperative. It does not matter if it is a company, institution or public figure: the purpose, well communicated, has a direct impact not only on those who are part of the organisation, but also on key audiences and, ultimately, on business results. Retaining talent, building customer loyalty or strengthening relationships with stakeholders is no longer an isolated challenge when the "why" that guides each action is clearly communicated.</p>



<p>But communicating purpose is not easy. A marketing slogan is not enough, nor is it enough to summarise mission, vision and values in a paragraph. Authentic purpose responds to a higher, sustainable purpose that transcends profit maximisation and ideally connects with the personal purpose of employees and key audiences. It should be participatory, living and ongoing, adapting to a changing environment and the expectations of those on the receiving end.</p>



<p>A frequent obstacle is the tension between personal purpose and organisational purpose. When managers' individual interests prevail over collective ones, communication loses credibility. Here, "to be and to seem" becomes an essential principle: what we communicate, verbally or non-verbally, must reflect coherence between intention and action, generating trust and recognition.</p>



<p>In addition, in a context of increasing polarisation, communicating purpose involves <strong>building bridges</strong> and generate consensus. As Yago de la Cierva, director of Crisis Communication at PROA Comunicación, points out, recognising the motivations of others, sharing power in the construction of the purpose and acting ethically are fundamental principles so that individual objectives do not undermine collective ones.</p>



<p>Communicating purpose clearly and authentically not only strengthens the internal and external cohesion of the organisation, but also contributes to a stronger social fabric, capable of resisting polarisation and building trust in times of uncertainty.</p>



<p></p>

<p>En el contexto actual, comunicar el propósito de una organización se ha convertido en una necesidad imperiosa. No importa si se trata de empresas, instituciones o figuras públicas: el propósito, bien comunicado, tiene un impacto directo no solo en quienes forman parte de la organización, sino también en los públicos clave y, finalmente, en los [&hellip;]</p>

<!-- This site is optimized with the Yoast SEO plugin v27.0 - https://yoast.com/product/yoast-seo-wordpress/ -->
<title>El propósito de comunicar - PROA Comunicación</title>
<meta name="robots" content="index, follow, max-snippet:-1, max-image-preview:large, max-video-preview:-1" />
<link rel="canonical" href="https://proacomunicacion.es/en/in-the-media/the-purpose-of-communicating/" />
<meta property="og:locale" content="en_GB" />
<meta property="og:type" content="article" />
<meta property="og:title" content="El propósito de comunicar - PROA Comunicación" />
<meta property="og:description" content="En el contexto actual, comunicar el propósito de una organización se ha convertido en una necesidad imperiosa. No importa si se trata de empresas, instituciones o figuras públicas: el propósito, bien comunicado, tiene un impacto directo no solo en quienes forman parte de la organización, sino también en los públicos clave y, finalmente, en los [&hellip;]" />
<meta property="og:url" content="https://proacomunicacion.es/en/in-the-media/the-purpose-of-communicating/" />
<meta property="og:site_name" content="PROA Comunicación" />
<meta property="article:modified_time" content="2025-09-15T10:16:03+00:00" />
<meta property="og:image" content="https://proacomunicacion.es/wp-content/uploads/2024/11/CLAUDIO-1.png" />
	<meta property="og:image:width" content="1080" />
	<meta property="og:image:height" content="1080" />
	<meta property="og:image:type" content="image/png" />
<meta name="twitter:card" content="summary_large_image" />
<meta name="twitter:site" content="@proacomunica" />
<meta name="twitter:label1" content="Estimated reading time" />
	<meta name="twitter:data1" content="2 minutes" />
<script type="application/ld+json" class="yoast-schema-graph">{"@context":"https://schema.org","@graph":[{"@type":"WebPage","@id":"https://proacomunicacion.es/en-los-medios/el-proposito-de-comunicar/","url":"https://proacomunicacion.es/en-los-medios/el-proposito-de-comunicar/","name":"El propósito de comunicar - PROA Comunicación","isPartOf":{"@id":"https://proacomunicacion.es/#website"},"primaryImageOfPage":{"@id":"https://proacomunicacion.es/en-los-medios/el-proposito-de-comunicar/#primaryimage"},"image":{"@id":"https://proacomunicacion.es/en-los-medios/el-proposito-de-comunicar/#primaryimage"},"thumbnailUrl":"https://proacomunicacion.es/wp-content/uploads/2024/11/CLAUDIO-1.png","datePublished":"2025-01-29T14:40:55+00:00","dateModified":"2025-09-15T10:16:03+00:00","breadcrumb":{"@id":"https://proacomunicacion.es/en-los-medios/el-proposito-de-comunicar/#breadcrumb"},"inLanguage":"en-GB","potentialAction":[{"@type":"ReadAction","target":["https://proacomunicacion.es/en-los-medios/el-proposito-de-comunicar/"]}]},{"@type":"ImageObject","inLanguage":"en-GB","@id":"https://proacomunicacion.es/en-los-medios/el-proposito-de-comunicar/#primaryimage","url":"https://proacomunicacion.es/wp-content/uploads/2024/11/CLAUDIO-1.png","contentUrl":"https://proacomunicacion.es/wp-content/uploads/2024/11/CLAUDIO-1.png","width":1080,"height":1080},{"@type":"BreadcrumbList","@id":"https://proacomunicacion.es/en-los-medios/el-proposito-de-comunicar/#breadcrumb","itemListElement":[{"@type":"ListItem","position":1,"name":"Portada","item":"https://proacomunicacion.es/"},{"@type":"ListItem","position":2,"name":"En los medios","item":"https://proacomunicacion.es/en-los-medios/"},{"@type":"ListItem","position":3,"name":"El propósito de comunicar"}]},{"@type":"WebSite","@id":"https://proacomunicacion.es/#website","url":"https://proacomunicacion.es/","name":"PROA Comunicación","description":"Agencia de Comunicación Corporativa en Madrid, Barcelona y Galicia.","publisher":{"@id":"https://proacomunicacion.es/#organization"},"alternateName":"PROA Comunicación","potentialAction":[{"@type":"SearchAction","target":{"@type":"EntryPoint","urlTemplate":"https://proacomunicacion.es/?s={search_term_string}"},"query-input":{"@type":"PropertyValueSpecification","valueRequired":true,"valueName":"search_term_string"}}],"inLanguage":"en-GB"},{"@type":"Organization","@id":"https://proacomunicacion.es/#organization","name":"PROA Comunicación","alternateName":"PROA Comunicación","url":"https://proacomunicacion.es/","logo":{"@type":"ImageObject","inLanguage":"en-GB","@id":"https://proacomunicacion.es/#/schema/logo/image/","url":"https://proacomunicacion.es/wp-content/uploads/2024/01/Logo_Light.svg","contentUrl":"https://proacomunicacion.es/wp-content/uploads/2024/01/Logo_Light.svg","width":136,"height":33,"caption":"PROA Comunicación"},"image":{"@id":"https://proacomunicacion.es/#/schema/logo/image/"},"sameAs":["https://x.com/proacomunica","https://es.linkedin.com/company/proa-comunicacion_2","https://www.instagram.com/proacomunica/","https://www.youtube.com/@proacomunicacion","https://es.wikipedia.org/wiki/PROA_Comunicacin"]}]}</script>
<!-- / Yoast SEO plugin. -->

The purpose of communicating - PROA Comunicación

El propósito de comunicar - PROA Comunicación

En el contexto actual, comunicar el propósito de una organización se ha convertido en una necesidad imperiosa. No importa si se trata de empresas, instituciones o figuras públicas: el propósito, bien comunicado, tiene un impacto directo no solo en quienes forman parte de la organización, sino también en los públicos clave y, finalmente, en los [&hellip;]

PROA Comunicación

El propósito de comunicar
