{"id":44789,"date":"2025-07-21T08:05:07","date_gmt":"2025-07-21T08:05:07","guid":{"rendered":"https:\/\/proacomunicacion.es\/?post_type=en-los-medios&#038;p=44789"},"modified":"2025-09-12T10:36:57","modified_gmt":"2025-09-12T08:36:57","slug":"dialogue-of-the-deaf","status":"publish","type":"en-los-medios","link":"https:\/\/proacomunicacion.es\/en\/en-los-medios\/dialogo-de-sordos\/","title":{"rendered":"Dialogue of the deaf"},"content":{"rendered":"<h2 class=\"wp-block-heading\"><\/h2>\n\n\n\n<p>The public conversation is in crisis: dialogue has become an exchange of monologues where agreement seems impossible. Increasing polarisation has blocked any attempt at consensus on the major challenges facing business and the country.<\/p>\n\n\n\n<p>The problem goes beyond politics. A lack of listening has seeped into our everyday conversations, impoverishing the quality of dialogue. We have forgotten that between perceiving and acting there must be a key step: thinking. Without this space for reflection, communicating becomes an empty exercise.<\/p>\n\n\n\n<p>Constant distractions - from WhatsApp to social media to Netflix offerings - have eroded our ability to pay real attention to the other. Listening is not just about hearing words: it is about taking in the concerns of the listener, making them feel understood.<\/p>\n\n\n\n<p>This shortcoming also affects democracy, which suffers because listening requires effort. Often we only listen until we get the general idea and then we withdraw into our own interests. While the other person is still talking, our mind has already switched off.<\/p>\n\n\n\n<p>Relearning to listen requires inner calm and courage to sustain the discomfort it can generate. The lack of listening is compounded by the constant pressure to perform, which prevents full communication. Under such demands, it is difficult to truly perceive the person in front of us.<\/p>\n\n\n\n<p>Recovering the quality of our conversations involves two essential steps: learning to listen and freeing ourselves from an obsession with productivity. Giving full attention, even to a stranger, can transform our relationships. Summer offers the perfect opportunity to try this change: turn off the mobile phone and turn on listening.<\/p>\n\n\n\n<p><\/p>\n\n\n\n<p><\/p>","protected":false},"excerpt":{"rendered":"<p>La conversaci\u00f3n p\u00fablica atraviesa una crisis: el di\u00e1logo se ha convertido en un intercambio de mon\u00f3logos donde el acuerdo parece imposible. La polarizaci\u00f3n creciente ha bloqueado cualquier intento de consenso ante los grandes retos que enfrentan las empresas y el pa\u00eds. El problema va m\u00e1s all\u00e1 de la pol\u00edtica. La falta de escucha se ha [&hellip;]<\/p>\n","protected":false},"author":18,"featured_media":44790,"menu_order":0,"comment_status":"open","ping_status":"open","template":"","format":"standard","meta":{"footnotes":""},"servicios":[],"sectores":[],"class_list":["post-44789","en-los-medios","type-en-los-medios","status-publish","format-standard","has-post-thumbnail","hentry"],"yoast_head":"<!-- This site is optimized with the Yoast SEO plugin v27.0 - https:\/\/yoast.com\/product\/yoast-seo-wordpress\/ -->\n<title>Di\u00e1logo de sordos - PROA Comunicaci\u00f3n<\/title>\n<meta name=\"robots\" content=\"index, follow, max-snippet:-1, max-image-preview:large, max-video-preview:-1\" \/>\n<link rel=\"canonical\" href=\"https:\/\/proacomunicacion.es\/en\/in-the-media\/dialogue-of-the-deaf\/\" \/>\n<meta property=\"og:locale\" content=\"en_GB\" \/>\n<meta property=\"og:type\" content=\"article\" \/>\n<meta property=\"og:title\" content=\"Di\u00e1logo de sordos - PROA Comunicaci\u00f3n\" \/>\n<meta property=\"og:description\" content=\"La conversaci\u00f3n p\u00fablica atraviesa una crisis: el di\u00e1logo se ha convertido en un intercambio de mon\u00f3logos donde el acuerdo parece imposible. La polarizaci\u00f3n creciente ha bloqueado cualquier intento de consenso ante los grandes retos que enfrentan las empresas y el pa\u00eds. El problema va m\u00e1s all\u00e1 de la pol\u00edtica. La falta de escucha se ha [&hellip;]\" \/>\n<meta property=\"og:url\" content=\"https:\/\/proacomunicacion.es\/en\/in-the-media\/dialogue-of-the-deaf\/\" \/>\n<meta property=\"og:site_name\" content=\"PROA Comunicaci\u00f3n\" \/>\n<meta property=\"article:modified_time\" content=\"2025-09-12T08:36:57+00:00\" \/>\n<meta property=\"og:image\" content=\"https:\/\/proacomunicacion.es\/wp-content\/uploads\/2025\/07\/Captura-de-pantalla-2025-07-21-095842.png\" \/>\n\t<meta property=\"og:image:width\" content=\"937\" \/>\n\t<meta property=\"og:image:height\" content=\"522\" \/>\n\t<meta property=\"og:image:type\" content=\"image\/png\" \/>\n<meta name=\"twitter:card\" content=\"summary_large_image\" \/>\n<meta name=\"twitter:site\" content=\"@proacomunica\" \/>\n<meta name=\"twitter:label1\" content=\"Estimated reading time\" \/>\n\t<meta name=\"twitter:data1\" content=\"2 minutes\" \/>\n<script type=\"application\/ld+json\" class=\"yoast-schema-graph\">{\"@context\":\"https:\/\/schema.org\",\"@graph\":[{\"@type\":\"WebPage\",\"@id\":\"https:\/\/proacomunicacion.es\/en-los-medios\/dialogo-de-sordos\/\",\"url\":\"https:\/\/proacomunicacion.es\/en-los-medios\/dialogo-de-sordos\/\",\"name\":\"Di\u00e1logo de sordos - PROA Comunicaci\u00f3n\",\"isPartOf\":{\"@id\":\"https:\/\/proacomunicacion.es\/#website\"},\"primaryImageOfPage\":{\"@id\":\"https:\/\/proacomunicacion.es\/en-los-medios\/dialogo-de-sordos\/#primaryimage\"},\"image\":{\"@id\":\"https:\/\/proacomunicacion.es\/en-los-medios\/dialogo-de-sordos\/#primaryimage\"},\"thumbnailUrl\":\"https:\/\/proacomunicacion.es\/wp-content\/uploads\/2025\/07\/Captura-de-pantalla-2025-07-21-095842.png\",\"datePublished\":\"2025-07-21T08:05:07+00:00\",\"dateModified\":\"2025-09-12T08:36:57+00:00\",\"breadcrumb\":{\"@id\":\"https:\/\/proacomunicacion.es\/en-los-medios\/dialogo-de-sordos\/#breadcrumb\"},\"inLanguage\":\"en-GB\",\"potentialAction\":[{\"@type\":\"ReadAction\",\"target\":[\"https:\/\/proacomunicacion.es\/en-los-medios\/dialogo-de-sordos\/\"]}]},{\"@type\":\"ImageObject\",\"inLanguage\":\"en-GB\",\"@id\":\"https:\/\/proacomunicacion.es\/en-los-medios\/dialogo-de-sordos\/#primaryimage\",\"url\":\"https:\/\/proacomunicacion.es\/wp-content\/uploads\/2025\/07\/Captura-de-pantalla-2025-07-21-095842.png\",\"contentUrl\":\"https:\/\/proacomunicacion.es\/wp-content\/uploads\/2025\/07\/Captura-de-pantalla-2025-07-21-095842.png\",\"width\":937,\"height\":522},{\"@type\":\"BreadcrumbList\",\"@id\":\"https:\/\/proacomunicacion.es\/en-los-medios\/dialogo-de-sordos\/#breadcrumb\",\"itemListElement\":[{\"@type\":\"ListItem\",\"position\":1,\"name\":\"Portada\",\"item\":\"https:\/\/proacomunicacion.es\/\"},{\"@type\":\"ListItem\",\"position\":2,\"name\":\"En los medios\",\"item\":\"https:\/\/proacomunicacion.es\/en-los-medios\/\"},{\"@type\":\"ListItem\",\"position\":3,\"name\":\"Di\u00e1logo de sordos\"}]},{\"@type\":\"WebSite\",\"@id\":\"https:\/\/proacomunicacion.es\/#website\",\"url\":\"https:\/\/proacomunicacion.es\/\",\"name\":\"PROA Comunicaci\u00f3n\",\"description\":\"Agencia de Comunicaci\u00f3n Corporativa en Madrid, Barcelona y Galicia.\",\"publisher\":{\"@id\":\"https:\/\/proacomunicacion.es\/#organization\"},\"alternateName\":\"PROA Comunicaci\u00f3n\",\"potentialAction\":[{\"@type\":\"SearchAction\",\"target\":{\"@type\":\"EntryPoint\",\"urlTemplate\":\"https:\/\/proacomunicacion.es\/?s={search_term_string}\"},\"query-input\":{\"@type\":\"PropertyValueSpecification\",\"valueRequired\":true,\"valueName\":\"search_term_string\"}}],\"inLanguage\":\"en-GB\"},{\"@type\":\"Organization\",\"@id\":\"https:\/\/proacomunicacion.es\/#organization\",\"name\":\"PROA Comunicaci\u00f3n\",\"alternateName\":\"PROA Comunicaci\u00f3n\",\"url\":\"https:\/\/proacomunicacion.es\/\",\"logo\":{\"@type\":\"ImageObject\",\"inLanguage\":\"en-GB\",\"@id\":\"https:\/\/proacomunicacion.es\/#\/schema\/logo\/image\/\",\"url\":\"https:\/\/proacomunicacion.es\/wp-content\/uploads\/2024\/01\/Logo_Light.svg\",\"contentUrl\":\"https:\/\/proacomunicacion.es\/wp-content\/uploads\/2024\/01\/Logo_Light.svg\",\"width\":136,\"height\":33,\"caption\":\"PROA Comunicaci\u00f3n\"},\"image\":{\"@id\":\"https:\/\/proacomunicacion.es\/#\/schema\/logo\/image\/\"},\"sameAs\":[\"https:\/\/x.com\/proacomunica\",\"https:\/\/es.linkedin.com\/company\/proa-comunicacion_2\",\"https:\/\/www.instagram.com\/proacomunica\/\",\"https:\/\/www.youtube.com\/@proacomunicacion\",\"https:\/\/es.wikipedia.org\/wiki\/PROA_Comunicacin\"]}]}<\/script>\n<!-- \/ Yoast SEO plugin. -->","yoast_head_json":{"title":"Dialogue of the Deaf - PROA Communication","robots":{"index":"index","follow":"follow","max-snippet":"max-snippet:-1","max-image-preview":"max-image-preview:large","max-video-preview":"max-video-preview:-1"},"canonical":"https:\/\/proacomunicacion.es\/en\/in-the-media\/dialogue-of-the-deaf\/","og_locale":"en_GB","og_type":"article","og_title":"Di\u00e1logo de sordos - PROA Comunicaci\u00f3n","og_description":"La conversaci\u00f3n p\u00fablica atraviesa una crisis: el di\u00e1logo se ha convertido en un intercambio de mon\u00f3logos donde el acuerdo parece imposible. La polarizaci\u00f3n creciente ha bloqueado cualquier intento de consenso ante los grandes retos que enfrentan las empresas y el pa\u00eds. El problema va m\u00e1s all\u00e1 de la pol\u00edtica. La falta de escucha se ha [&hellip;]","og_url":"https:\/\/proacomunicacion.es\/en\/in-the-media\/dialogue-of-the-deaf\/","og_site_name":"PROA Comunicaci\u00f3n","article_modified_time":"2025-09-12T08:36:57+00:00","og_image":[{"width":937,"height":522,"url":"https:\/\/proacomunicacion.es\/wp-content\/uploads\/2025\/07\/Captura-de-pantalla-2025-07-21-095842.png","type":"image\/png"}],"twitter_card":"summary_large_image","twitter_site":"@proacomunica","twitter_misc":{"Estimated reading time":"2 minutes"},"schema":{"@context":"https:\/\/schema.org","@graph":[{"@type":"WebPage","@id":"https:\/\/proacomunicacion.es\/en-los-medios\/dialogo-de-sordos\/","url":"https:\/\/proacomunicacion.es\/en-los-medios\/dialogo-de-sordos\/","name":"Dialogue of the Deaf - PROA Communication","isPartOf":{"@id":"https:\/\/proacomunicacion.es\/#website"},"primaryImageOfPage":{"@id":"https:\/\/proacomunicacion.es\/en-los-medios\/dialogo-de-sordos\/#primaryimage"},"image":{"@id":"https:\/\/proacomunicacion.es\/en-los-medios\/dialogo-de-sordos\/#primaryimage"},"thumbnailUrl":"https:\/\/proacomunicacion.es\/wp-content\/uploads\/2025\/07\/Captura-de-pantalla-2025-07-21-095842.png","datePublished":"2025-07-21T08:05:07+00:00","dateModified":"2025-09-12T08:36:57+00:00","breadcrumb":{"@id":"https:\/\/proacomunicacion.es\/en-los-medios\/dialogo-de-sordos\/#breadcrumb"},"inLanguage":"en-GB","potentialAction":[{"@type":"ReadAction","target":["https:\/\/proacomunicacion.es\/en-los-medios\/dialogo-de-sordos\/"]}]},{"@type":"ImageObject","inLanguage":"en-GB","@id":"https:\/\/proacomunicacion.es\/en-los-medios\/dialogo-de-sordos\/#primaryimage","url":"https:\/\/proacomunicacion.es\/wp-content\/uploads\/2025\/07\/Captura-de-pantalla-2025-07-21-095842.png","contentUrl":"https:\/\/proacomunicacion.es\/wp-content\/uploads\/2025\/07\/Captura-de-pantalla-2025-07-21-095842.png","width":937,"height":522},{"@type":"BreadcrumbList","@id":"https:\/\/proacomunicacion.es\/en-los-medios\/dialogo-de-sordos\/#breadcrumb","itemListElement":[{"@type":"ListItem","position":1,"name":"Portada","item":"https:\/\/proacomunicacion.es\/"},{"@type":"ListItem","position":2,"name":"En los medios","item":"https:\/\/proacomunicacion.es\/en-los-medios\/"},{"@type":"ListItem","position":3,"name":"Di\u00e1logo de sordos"}]},{"@type":"WebSite","@id":"https:\/\/proacomunicacion.es\/#website","url":"https:\/\/proacomunicacion.es\/","name":"PROA Communication","description":"Corporate Communications Agency in Madrid, Barcelona and Galicia.","publisher":{"@id":"https:\/\/proacomunicacion.es\/#organization"},"alternateName":"PROA Comunicaci\u00f3n","potentialAction":[{"@type":"SearchAction","target":{"@type":"EntryPoint","urlTemplate":"https:\/\/proacomunicacion.es\/?s={search_term_string}"},"query-input":{"@type":"PropertyValueSpecification","valueRequired":true,"valueName":"search_term_string"}}],"inLanguage":"en-GB"},{"@type":"Organization","@id":"https:\/\/proacomunicacion.es\/#organization","name":"PROA Communication","alternateName":"PROA Comunicaci\u00f3n","url":"https:\/\/proacomunicacion.es\/","logo":{"@type":"ImageObject","inLanguage":"en-GB","@id":"https:\/\/proacomunicacion.es\/#\/schema\/logo\/image\/","url":"https:\/\/proacomunicacion.es\/wp-content\/uploads\/2024\/01\/Logo_Light.svg","contentUrl":"https:\/\/proacomunicacion.es\/wp-content\/uploads\/2024\/01\/Logo_Light.svg","width":136,"height":33,"caption":"PROA Comunicaci\u00f3n"},"image":{"@id":"https:\/\/proacomunicacion.es\/#\/schema\/logo\/image\/"},"sameAs":["https:\/\/x.com\/proacomunica","https:\/\/es.linkedin.com\/company\/proa-comunicacion_2","https:\/\/www.instagram.com\/proacomunica\/","https:\/\/www.youtube.com\/@proacomunicacion","https:\/\/es.wikipedia.org\/wiki\/PROA_Comunicacin"]}]}},"_links":{"self":[{"href":"https:\/\/proacomunicacion.es\/en\/wp-json\/wp\/v2\/en-los-medios\/44789","targetHints":{"allow":["GET"]}}],"collection":[{"href":"https:\/\/proacomunicacion.es\/en\/wp-json\/wp\/v2\/en-los-medios"}],"about":[{"href":"https:\/\/proacomunicacion.es\/en\/wp-json\/wp\/v2\/types\/en-los-medios"}],"author":[{"embeddable":true,"href":"https:\/\/proacomunicacion.es\/en\/wp-json\/wp\/v2\/users\/18"}],"replies":[{"embeddable":true,"href":"https:\/\/proacomunicacion.es\/en\/wp-json\/wp\/v2\/comments?post=44789"}],"version-history":[{"count":4,"href":"https:\/\/proacomunicacion.es\/en\/wp-json\/wp\/v2\/en-los-medios\/44789\/revisions"}],"predecessor-version":[{"id":46157,"href":"https:\/\/proacomunicacion.es\/en\/wp-json\/wp\/v2\/en-los-medios\/44789\/revisions\/46157"}],"wp:featuredmedia":[{"embeddable":true,"href":"https:\/\/proacomunicacion.es\/en\/wp-json\/wp\/v2\/media\/44790"}],"wp:attachment":[{"href":"https:\/\/proacomunicacion.es\/en\/wp-json\/wp\/v2\/media?parent=44789"}],"wp:term":[{"taxonomy":"servicios","embeddable":true,"href":"https:\/\/proacomunicacion.es\/en\/wp-json\/wp\/v2\/servicios?post=44789"},{"taxonomy":"sectores","embeddable":true,"href":"https:\/\/proacomunicacion.es\/en\/wp-json\/wp\/v2\/sectores?post=44789"}],"curies":[{"name":"wp","href":"https:\/\/api.w.org\/{rel}","templated":true}]}}

<p>La conversación pública atraviesa una crisis: el diálogo se ha convertido en un intercambio de monólogos donde el acuerdo parece imposible. La polarización creciente ha bloqueado cualquier intento de consenso ante los grandes retos que enfrentan las empresas y el país. El problema va más allá de la política. La falta de escucha se ha [&hellip;]</p>

<!-- This site is optimized with the Yoast SEO plugin v27.0 - https://yoast.com/product/yoast-seo-wordpress/ -->
<title>Diálogo de sordos - PROA Comunicación</title>
<meta name="robots" content="index, follow, max-snippet:-1, max-image-preview:large, max-video-preview:-1" />
<link rel="canonical" href="https://proacomunicacion.es/en/in-the-media/dialogue-of-the-deaf/" />
<meta property="og:locale" content="en_GB" />
<meta property="og:type" content="article" />
<meta property="og:title" content="Diálogo de sordos - PROA Comunicación" />
<meta property="og:description" content="La conversación pública atraviesa una crisis: el diálogo se ha convertido en un intercambio de monólogos donde el acuerdo parece imposible. La polarización creciente ha bloqueado cualquier intento de consenso ante los grandes retos que enfrentan las empresas y el país. El problema va más allá de la política. La falta de escucha se ha [&hellip;]" />
<meta property="og:url" content="https://proacomunicacion.es/en/in-the-media/dialogue-of-the-deaf/" />
<meta property="og:site_name" content="PROA Comunicación" />
<meta property="article:modified_time" content="2025-09-12T08:36:57+00:00" />
<meta property="og:image" content="https://proacomunicacion.es/wp-content/uploads/2025/07/Captura-de-pantalla-2025-07-21-095842.png" />
	<meta property="og:image:width" content="937" />
	<meta property="og:image:height" content="522" />
	<meta property="og:image:type" content="image/png" />
<meta name="twitter:card" content="summary_large_image" />
<meta name="twitter:site" content="@proacomunica" />
<meta name="twitter:label1" content="Estimated reading time" />
	<meta name="twitter:data1" content="2 minutes" />
<script type="application/ld+json" class="yoast-schema-graph">{"@context":"https://schema.org","@graph":[{"@type":"WebPage","@id":"https://proacomunicacion.es/en-los-medios/dialogo-de-sordos/","url":"https://proacomunicacion.es/en-los-medios/dialogo-de-sordos/","name":"Diálogo de sordos - PROA Comunicación","isPartOf":{"@id":"https://proacomunicacion.es/#website"},"primaryImageOfPage":{"@id":"https://proacomunicacion.es/en-los-medios/dialogo-de-sordos/#primaryimage"},"image":{"@id":"https://proacomunicacion.es/en-los-medios/dialogo-de-sordos/#primaryimage"},"thumbnailUrl":"https://proacomunicacion.es/wp-content/uploads/2025/07/Captura-de-pantalla-2025-07-21-095842.png","datePublished":"2025-07-21T08:05:07+00:00","dateModified":"2025-09-12T08:36:57+00:00","breadcrumb":{"@id":"https://proacomunicacion.es/en-los-medios/dialogo-de-sordos/#breadcrumb"},"inLanguage":"en-GB","potentialAction":[{"@type":"ReadAction","target":["https://proacomunicacion.es/en-los-medios/dialogo-de-sordos/"]}]},{"@type":"ImageObject","inLanguage":"en-GB","@id":"https://proacomunicacion.es/en-los-medios/dialogo-de-sordos/#primaryimage","url":"https://proacomunicacion.es/wp-content/uploads/2025/07/Captura-de-pantalla-2025-07-21-095842.png","contentUrl":"https://proacomunicacion.es/wp-content/uploads/2025/07/Captura-de-pantalla-2025-07-21-095842.png","width":937,"height":522},{"@type":"BreadcrumbList","@id":"https://proacomunicacion.es/en-los-medios/dialogo-de-sordos/#breadcrumb","itemListElement":[{"@type":"ListItem","position":1,"name":"Portada","item":"https://proacomunicacion.es/"},{"@type":"ListItem","position":2,"name":"En los medios","item":"https://proacomunicacion.es/en-los-medios/"},{"@type":"ListItem","position":3,"name":"Diálogo de sordos"}]},{"@type":"WebSite","@id":"https://proacomunicacion.es/#website","url":"https://proacomunicacion.es/","name":"PROA Comunicación","description":"Agencia de Comunicación Corporativa en Madrid, Barcelona y Galicia.","publisher":{"@id":"https://proacomunicacion.es/#organization"},"alternateName":"PROA Comunicación","potentialAction":[{"@type":"SearchAction","target":{"@type":"EntryPoint","urlTemplate":"https://proacomunicacion.es/?s={search_term_string}"},"query-input":{"@type":"PropertyValueSpecification","valueRequired":true,"valueName":"search_term_string"}}],"inLanguage":"en-GB"},{"@type":"Organization","@id":"https://proacomunicacion.es/#organization","name":"PROA Comunicación","alternateName":"PROA Comunicación","url":"https://proacomunicacion.es/","logo":{"@type":"ImageObject","inLanguage":"en-GB","@id":"https://proacomunicacion.es/#/schema/logo/image/","url":"https://proacomunicacion.es/wp-content/uploads/2024/01/Logo_Light.svg","contentUrl":"https://proacomunicacion.es/wp-content/uploads/2024/01/Logo_Light.svg","width":136,"height":33,"caption":"PROA Comunicación"},"image":{"@id":"https://proacomunicacion.es/#/schema/logo/image/"},"sameAs":["https://x.com/proacomunica","https://es.linkedin.com/company/proa-comunicacion_2","https://www.instagram.com/proacomunica/","https://www.youtube.com/@proacomunicacion","https://es.wikipedia.org/wiki/PROA_Comunicacin"]}]}</script>
<!-- / Yoast SEO plugin. -->

Diálogo de sordos - PROA Comunicación

La conversación pública atraviesa una crisis: el diálogo se ha convertido en un intercambio de monólogos donde el acuerdo parece imposible. La polarización creciente ha bloqueado cualquier intento de consenso ante los grandes retos que enfrentan las empresas y el país. El problema va más allá de la política. La falta de escucha se ha [&hellip;]

PROA Comunicación

Diálogo de sordos
