{"id":46328,"date":"2025-11-26T09:52:36","date_gmt":"2025-11-26T08:52:36","guid":{"rendered":"https:\/\/proacomunicacion.es\/?post_type=en-los-medios&#038;p=46328"},"modified":"2025-11-27T09:37:41","modified_gmt":"2025-11-27T08:37:41","slug":"the-concord","status":"publish","type":"en-los-medios","link":"https:\/\/proacomunicacion.es\/en\/en-los-medios\/la-concordia\/","title":{"rendered":"La Concordia"},"content":{"rendered":"<p>Concord was the\u00a0<em>leitmotiv<\/em>\u00a0of the Transition, the desire that what happened during the Dictatorship \u00abwould never happen again\u00bb.<\/p>\n\n\n\n<p>These days we are celebrating 50 years since the restoration of the Monarchy. The academic ceremony held in the Congress of Deputies has served to recognise the role played by King Juan Carlos I and also the desire of\u00a0<strong><em>consensus and reconciliation\u00a0<\/em>that the Spanish people demonstrated and that the Crown channelled to perfection.<\/strong>\u00a0The task undertaken by the King Emeritus together with Torcuato Fern\u00e1ndez Miranda and Adolfo Su\u00e1rez resulted in the greatest period of peace and prosperity that Spaniards have ever enjoyed in our history.\u00a0<\/p>\n\n\n\n<p>I am 50 years old and this spirit that drove the Spanish miracle we have been living through for the last half century should be recovered today with the King as the axis of \u00abconcord\u00bb and representative of the unity of the territory. I like the etymology of words; in this way, when we look for the meaning of&nbsp;<em>concordia&nbsp;<\/em>in the RAE dictionary speaks of:&nbsp;<em><strong>agreement<\/strong><strong>&nbsp;o&nbsp;<\/strong><strong>harmon\u00ed<\/strong><strong>a<\/strong>between divergent individuals or groups.&nbsp;<\/em><em><strong>Reconciliation<em>,&nbsp;<strong>peace<em>.<\/em><\/strong><\/em><\/strong><\/em><\/p>\n\n\n\n<p>Read the full article here:<\/p>","protected":false},"excerpt":{"rendered":"<p>La concordia fue el\u00a0leit motiv\u00a0de la Transici\u00f3n, el deseo de que lo vivido durante la Dictadura \u00abno volviera a suceder nunca m\u00e1s\u00bb. Estos d\u00edas celebramos los 50 a\u00f1os de la restauraci\u00f3n de la\u00a0Monarqu\u00eda. El acto acad\u00e9mico que se ha celebrado en el Congreso de los Diputados ha servido para reconocer el papel desempe\u00f1ado por el\u00a0Rey [&hellip;]<\/p>\n","protected":false},"author":18,"featured_media":46330,"menu_order":0,"comment_status":"open","ping_status":"open","template":"","format":"standard","meta":{"footnotes":""},"servicios":[],"sectores":[],"class_list":["post-46328","en-los-medios","type-en-los-medios","status-publish","format-standard","has-post-thumbnail","hentry"],"yoast_head":"<!-- This site is optimized with the Yoast SEO plugin v27.0 - https:\/\/yoast.com\/product\/yoast-seo-wordpress\/ -->\n<title>La Concordia - PROA Comunicaci\u00f3n<\/title>\n<meta name=\"robots\" content=\"index, follow, max-snippet:-1, max-image-preview:large, max-video-preview:-1\" \/>\n<link rel=\"canonical\" href=\"https:\/\/proacomunicacion.es\/en\/in-the-media\/the-concord\/\" \/>\n<meta property=\"og:locale\" content=\"en_GB\" \/>\n<meta property=\"og:type\" content=\"article\" \/>\n<meta property=\"og:title\" content=\"La Concordia - PROA Comunicaci\u00f3n\" \/>\n<meta property=\"og:description\" content=\"La concordia fue el\u00a0leit motiv\u00a0de la Transici\u00f3n, el deseo de que lo vivido durante la Dictadura \u00abno volviera a suceder nunca m\u00e1s\u00bb. Estos d\u00edas celebramos los 50 a\u00f1os de la restauraci\u00f3n de la\u00a0Monarqu\u00eda. El acto acad\u00e9mico que se ha celebrado en el Congreso de los Diputados ha servido para reconocer el papel desempe\u00f1ado por el\u00a0Rey [&hellip;]\" \/>\n<meta property=\"og:url\" content=\"https:\/\/proacomunicacion.es\/en\/in-the-media\/the-concord\/\" \/>\n<meta property=\"og:site_name\" content=\"PROA Comunicaci\u00f3n\" \/>\n<meta property=\"article:modified_time\" content=\"2025-11-27T08:37:41+00:00\" \/>\n<meta property=\"og:image\" content=\"https:\/\/proacomunicacion.es\/wp-content\/uploads\/2025\/11\/LaConcordia_20Minutos.jpg\" \/>\n\t<meta property=\"og:image:width\" content=\"996\" \/>\n\t<meta property=\"og:image:height\" content=\"562\" \/>\n\t<meta property=\"og:image:type\" content=\"image\/jpeg\" \/>\n<meta name=\"twitter:card\" content=\"summary_large_image\" \/>\n<meta name=\"twitter:site\" content=\"@proacomunica\" \/>\n<meta name=\"twitter:label1\" content=\"Estimated reading time\" \/>\n\t<meta name=\"twitter:data1\" content=\"2 minutes\" \/>\n<script type=\"application\/ld+json\" class=\"yoast-schema-graph\">{\"@context\":\"https:\/\/schema.org\",\"@graph\":[{\"@type\":\"WebPage\",\"@id\":\"https:\/\/proacomunicacion.es\/en-los-medios\/la-concordia\/\",\"url\":\"https:\/\/proacomunicacion.es\/en-los-medios\/la-concordia\/\",\"name\":\"La Concordia - PROA Comunicaci\u00f3n\",\"isPartOf\":{\"@id\":\"https:\/\/proacomunicacion.es\/#website\"},\"primaryImageOfPage\":{\"@id\":\"https:\/\/proacomunicacion.es\/en-los-medios\/la-concordia\/#primaryimage\"},\"image\":{\"@id\":\"https:\/\/proacomunicacion.es\/en-los-medios\/la-concordia\/#primaryimage\"},\"thumbnailUrl\":\"https:\/\/proacomunicacion.es\/wp-content\/uploads\/2025\/11\/LaConcordia_20Minutos.jpg\",\"datePublished\":\"2025-11-26T08:52:36+00:00\",\"dateModified\":\"2025-11-27T08:37:41+00:00\",\"breadcrumb\":{\"@id\":\"https:\/\/proacomunicacion.es\/en-los-medios\/la-concordia\/#breadcrumb\"},\"inLanguage\":\"en-GB\",\"potentialAction\":[{\"@type\":\"ReadAction\",\"target\":[\"https:\/\/proacomunicacion.es\/en-los-medios\/la-concordia\/\"]}]},{\"@type\":\"ImageObject\",\"inLanguage\":\"en-GB\",\"@id\":\"https:\/\/proacomunicacion.es\/en-los-medios\/la-concordia\/#primaryimage\",\"url\":\"https:\/\/proacomunicacion.es\/wp-content\/uploads\/2025\/11\/LaConcordia_20Minutos.jpg\",\"contentUrl\":\"https:\/\/proacomunicacion.es\/wp-content\/uploads\/2025\/11\/LaConcordia_20Minutos.jpg\",\"width\":996,\"height\":562},{\"@type\":\"BreadcrumbList\",\"@id\":\"https:\/\/proacomunicacion.es\/en-los-medios\/la-concordia\/#breadcrumb\",\"itemListElement\":[{\"@type\":\"ListItem\",\"position\":1,\"name\":\"Portada\",\"item\":\"https:\/\/proacomunicacion.es\/\"},{\"@type\":\"ListItem\",\"position\":2,\"name\":\"En los medios\",\"item\":\"https:\/\/proacomunicacion.es\/en-los-medios\/\"},{\"@type\":\"ListItem\",\"position\":3,\"name\":\"La Concordia\"}]},{\"@type\":\"WebSite\",\"@id\":\"https:\/\/proacomunicacion.es\/#website\",\"url\":\"https:\/\/proacomunicacion.es\/\",\"name\":\"PROA Comunicaci\u00f3n\",\"description\":\"Agencia de Comunicaci\u00f3n Corporativa en Madrid, Barcelona y Galicia.\",\"publisher\":{\"@id\":\"https:\/\/proacomunicacion.es\/#organization\"},\"alternateName\":\"PROA Comunicaci\u00f3n\",\"potentialAction\":[{\"@type\":\"SearchAction\",\"target\":{\"@type\":\"EntryPoint\",\"urlTemplate\":\"https:\/\/proacomunicacion.es\/?s={search_term_string}\"},\"query-input\":{\"@type\":\"PropertyValueSpecification\",\"valueRequired\":true,\"valueName\":\"search_term_string\"}}],\"inLanguage\":\"en-GB\"},{\"@type\":\"Organization\",\"@id\":\"https:\/\/proacomunicacion.es\/#organization\",\"name\":\"PROA Comunicaci\u00f3n\",\"alternateName\":\"PROA Comunicaci\u00f3n\",\"url\":\"https:\/\/proacomunicacion.es\/\",\"logo\":{\"@type\":\"ImageObject\",\"inLanguage\":\"en-GB\",\"@id\":\"https:\/\/proacomunicacion.es\/#\/schema\/logo\/image\/\",\"url\":\"https:\/\/proacomunicacion.es\/wp-content\/uploads\/2024\/01\/Logo_Light.svg\",\"contentUrl\":\"https:\/\/proacomunicacion.es\/wp-content\/uploads\/2024\/01\/Logo_Light.svg\",\"width\":136,\"height\":33,\"caption\":\"PROA Comunicaci\u00f3n\"},\"image\":{\"@id\":\"https:\/\/proacomunicacion.es\/#\/schema\/logo\/image\/\"},\"sameAs\":[\"https:\/\/x.com\/proacomunica\",\"https:\/\/es.linkedin.com\/company\/proa-comunicacion_2\",\"https:\/\/www.instagram.com\/proacomunica\/\",\"https:\/\/www.youtube.com\/@proacomunicacion\",\"https:\/\/es.wikipedia.org\/wiki\/PROA_Comunicacin\"]}]}<\/script>\n<!-- \/ Yoast SEO plugin. -->","yoast_head_json":{"title":"La Concordia - PROA Communication","robots":{"index":"index","follow":"follow","max-snippet":"max-snippet:-1","max-image-preview":"max-image-preview:large","max-video-preview":"max-video-preview:-1"},"canonical":"https:\/\/proacomunicacion.es\/en\/in-the-media\/the-concord\/","og_locale":"en_GB","og_type":"article","og_title":"La Concordia - PROA Comunicaci\u00f3n","og_description":"La concordia fue el\u00a0leit motiv\u00a0de la Transici\u00f3n, el deseo de que lo vivido durante la Dictadura \u00abno volviera a suceder nunca m\u00e1s\u00bb. Estos d\u00edas celebramos los 50 a\u00f1os de la restauraci\u00f3n de la\u00a0Monarqu\u00eda. El acto acad\u00e9mico que se ha celebrado en el Congreso de los Diputados ha servido para reconocer el papel desempe\u00f1ado por el\u00a0Rey [&hellip;]","og_url":"https:\/\/proacomunicacion.es\/en\/in-the-media\/the-concord\/","og_site_name":"PROA Comunicaci\u00f3n","article_modified_time":"2025-11-27T08:37:41+00:00","og_image":[{"width":996,"height":562,"url":"https:\/\/proacomunicacion.es\/wp-content\/uploads\/2025\/11\/LaConcordia_20Minutos.jpg","type":"image\/jpeg"}],"twitter_card":"summary_large_image","twitter_site":"@proacomunica","twitter_misc":{"Estimated reading time":"2 minutes"},"schema":{"@context":"https:\/\/schema.org","@graph":[{"@type":"WebPage","@id":"https:\/\/proacomunicacion.es\/en-los-medios\/la-concordia\/","url":"https:\/\/proacomunicacion.es\/en-los-medios\/la-concordia\/","name":"La Concordia - PROA Communication","isPartOf":{"@id":"https:\/\/proacomunicacion.es\/#website"},"primaryImageOfPage":{"@id":"https:\/\/proacomunicacion.es\/en-los-medios\/la-concordia\/#primaryimage"},"image":{"@id":"https:\/\/proacomunicacion.es\/en-los-medios\/la-concordia\/#primaryimage"},"thumbnailUrl":"https:\/\/proacomunicacion.es\/wp-content\/uploads\/2025\/11\/LaConcordia_20Minutos.jpg","datePublished":"2025-11-26T08:52:36+00:00","dateModified":"2025-11-27T08:37:41+00:00","breadcrumb":{"@id":"https:\/\/proacomunicacion.es\/en-los-medios\/la-concordia\/#breadcrumb"},"inLanguage":"en-GB","potentialAction":[{"@type":"ReadAction","target":["https:\/\/proacomunicacion.es\/en-los-medios\/la-concordia\/"]}]},{"@type":"ImageObject","inLanguage":"en-GB","@id":"https:\/\/proacomunicacion.es\/en-los-medios\/la-concordia\/#primaryimage","url":"https:\/\/proacomunicacion.es\/wp-content\/uploads\/2025\/11\/LaConcordia_20Minutos.jpg","contentUrl":"https:\/\/proacomunicacion.es\/wp-content\/uploads\/2025\/11\/LaConcordia_20Minutos.jpg","width":996,"height":562},{"@type":"BreadcrumbList","@id":"https:\/\/proacomunicacion.es\/en-los-medios\/la-concordia\/#breadcrumb","itemListElement":[{"@type":"ListItem","position":1,"name":"Portada","item":"https:\/\/proacomunicacion.es\/"},{"@type":"ListItem","position":2,"name":"En los medios","item":"https:\/\/proacomunicacion.es\/en-los-medios\/"},{"@type":"ListItem","position":3,"name":"La Concordia"}]},{"@type":"WebSite","@id":"https:\/\/proacomunicacion.es\/#website","url":"https:\/\/proacomunicacion.es\/","name":"PROA Communication","description":"Corporate Communications Agency in Madrid, Barcelona and Galicia.","publisher":{"@id":"https:\/\/proacomunicacion.es\/#organization"},"alternateName":"PROA Comunicaci\u00f3n","potentialAction":[{"@type":"SearchAction","target":{"@type":"EntryPoint","urlTemplate":"https:\/\/proacomunicacion.es\/?s={search_term_string}"},"query-input":{"@type":"PropertyValueSpecification","valueRequired":true,"valueName":"search_term_string"}}],"inLanguage":"en-GB"},{"@type":"Organization","@id":"https:\/\/proacomunicacion.es\/#organization","name":"PROA Communication","alternateName":"PROA Comunicaci\u00f3n","url":"https:\/\/proacomunicacion.es\/","logo":{"@type":"ImageObject","inLanguage":"en-GB","@id":"https:\/\/proacomunicacion.es\/#\/schema\/logo\/image\/","url":"https:\/\/proacomunicacion.es\/wp-content\/uploads\/2024\/01\/Logo_Light.svg","contentUrl":"https:\/\/proacomunicacion.es\/wp-content\/uploads\/2024\/01\/Logo_Light.svg","width":136,"height":33,"caption":"PROA Comunicaci\u00f3n"},"image":{"@id":"https:\/\/proacomunicacion.es\/#\/schema\/logo\/image\/"},"sameAs":["https:\/\/x.com\/proacomunica","https:\/\/es.linkedin.com\/company\/proa-comunicacion_2","https:\/\/www.instagram.com\/proacomunica\/","https:\/\/www.youtube.com\/@proacomunicacion","https:\/\/es.wikipedia.org\/wiki\/PROA_Comunicacin"]}]}},"_links":{"self":[{"href":"https:\/\/proacomunicacion.es\/en\/wp-json\/wp\/v2\/en-los-medios\/46328","targetHints":{"allow":["GET"]}}],"collection":[{"href":"https:\/\/proacomunicacion.es\/en\/wp-json\/wp\/v2\/en-los-medios"}],"about":[{"href":"https:\/\/proacomunicacion.es\/en\/wp-json\/wp\/v2\/types\/en-los-medios"}],"author":[{"embeddable":true,"href":"https:\/\/proacomunicacion.es\/en\/wp-json\/wp\/v2\/users\/18"}],"replies":[{"embeddable":true,"href":"https:\/\/proacomunicacion.es\/en\/wp-json\/wp\/v2\/comments?post=46328"}],"version-history":[{"count":1,"href":"https:\/\/proacomunicacion.es\/en\/wp-json\/wp\/v2\/en-los-medios\/46328\/revisions"}],"predecessor-version":[{"id":46329,"href":"https:\/\/proacomunicacion.es\/en\/wp-json\/wp\/v2\/en-los-medios\/46328\/revisions\/46329"}],"wp:featuredmedia":[{"embeddable":true,"href":"https:\/\/proacomunicacion.es\/en\/wp-json\/wp\/v2\/media\/46330"}],"wp:attachment":[{"href":"https:\/\/proacomunicacion.es\/en\/wp-json\/wp\/v2\/media?parent=46328"}],"wp:term":[{"taxonomy":"servicios","embeddable":true,"href":"https:\/\/proacomunicacion.es\/en\/wp-json\/wp\/v2\/servicios?post=46328"},{"taxonomy":"sectores","embeddable":true,"href":"https:\/\/proacomunicacion.es\/en\/wp-json\/wp\/v2\/sectores?post=46328"}],"curies":[{"name":"wp","href":"https:\/\/api.w.org\/{rel}","templated":true}]}}

<p>Concord was the <em>leitmotiv</em> of the Transition, the desire that what happened during the Dictatorship «would never happen again».</p>



<p>These days we are celebrating 50 years since the restoration of the Monarchy. The academic ceremony held in the Congress of Deputies has served to recognise the role played by King Juan Carlos I and also the desire of <strong><em>consensus and reconciliation </em>that the Spanish people demonstrated and that the Crown channelled to perfection.</strong> The task undertaken by the King Emeritus together with Torcuato Fernández Miranda and Adolfo Suárez resulted in the greatest period of peace and prosperity that Spaniards have ever enjoyed in our history. </p>



<p>I am 50 years old and this spirit that drove the Spanish miracle we have been living through for the last half century should be recovered today with the King as the axis of «concord» and representative of the unity of the territory. I like the etymology of words; in this way, when we look for the meaning of&nbsp;<em>concordia&nbsp;</em>in the RAE dictionary speaks of:&nbsp;<em><strong>agreement</strong><strong>&nbsp;o&nbsp;</strong><strong>harmoní</strong><strong>a</strong>between divergent individuals or groups.&nbsp;</em><em><strong>Reconciliation<em>,&nbsp;<strong>peace<em>.</em></strong></em></strong></em></p>



<p>Read the full article here:</p>

<p>La concordia fue el leit motiv de la Transición, el deseo de que lo vivido durante la Dictadura «no volviera a suceder nunca más». Estos días celebramos los 50 años de la restauración de la Monarquía. El acto académico que se ha celebrado en el Congreso de los Diputados ha servido para reconocer el papel desempeñado por el Rey [&hellip;]</p>

<!-- This site is optimized with the Yoast SEO plugin v27.0 - https://yoast.com/product/yoast-seo-wordpress/ -->
<title>La Concordia - PROA Comunicación</title>
<meta name="robots" content="index, follow, max-snippet:-1, max-image-preview:large, max-video-preview:-1" />
<link rel="canonical" href="https://proacomunicacion.es/en/in-the-media/the-concord/" />
<meta property="og:locale" content="en_GB" />
<meta property="og:type" content="article" />
<meta property="og:title" content="La Concordia - PROA Comunicación" />
<meta property="og:description" content="La concordia fue el leit motiv de la Transición, el deseo de que lo vivido durante la Dictadura «no volviera a suceder nunca más». Estos días celebramos los 50 años de la restauración de la Monarquía. El acto académico que se ha celebrado en el Congreso de los Diputados ha servido para reconocer el papel desempeñado por el Rey [&hellip;]" />
<meta property="og:url" content="https://proacomunicacion.es/en/in-the-media/the-concord/" />
<meta property="og:site_name" content="PROA Comunicación" />
<meta property="article:modified_time" content="2025-11-27T08:37:41+00:00" />
<meta property="og:image" content="https://proacomunicacion.es/wp-content/uploads/2025/11/LaConcordia_20Minutos.jpg" />
	<meta property="og:image:width" content="996" />
	<meta property="og:image:height" content="562" />
	<meta property="og:image:type" content="image/jpeg" />
<meta name="twitter:card" content="summary_large_image" />
<meta name="twitter:site" content="@proacomunica" />
<meta name="twitter:label1" content="Estimated reading time" />
	<meta name="twitter:data1" content="2 minutes" />
<script type="application/ld+json" class="yoast-schema-graph">{"@context":"https://schema.org","@graph":[{"@type":"WebPage","@id":"https://proacomunicacion.es/en-los-medios/la-concordia/","url":"https://proacomunicacion.es/en-los-medios/la-concordia/","name":"La Concordia - PROA Comunicación","isPartOf":{"@id":"https://proacomunicacion.es/#website"},"primaryImageOfPage":{"@id":"https://proacomunicacion.es/en-los-medios/la-concordia/#primaryimage"},"image":{"@id":"https://proacomunicacion.es/en-los-medios/la-concordia/#primaryimage"},"thumbnailUrl":"https://proacomunicacion.es/wp-content/uploads/2025/11/LaConcordia_20Minutos.jpg","datePublished":"2025-11-26T08:52:36+00:00","dateModified":"2025-11-27T08:37:41+00:00","breadcrumb":{"@id":"https://proacomunicacion.es/en-los-medios/la-concordia/#breadcrumb"},"inLanguage":"en-GB","potentialAction":[{"@type":"ReadAction","target":["https://proacomunicacion.es/en-los-medios/la-concordia/"]}]},{"@type":"ImageObject","inLanguage":"en-GB","@id":"https://proacomunicacion.es/en-los-medios/la-concordia/#primaryimage","url":"https://proacomunicacion.es/wp-content/uploads/2025/11/LaConcordia_20Minutos.jpg","contentUrl":"https://proacomunicacion.es/wp-content/uploads/2025/11/LaConcordia_20Minutos.jpg","width":996,"height":562},{"@type":"BreadcrumbList","@id":"https://proacomunicacion.es/en-los-medios/la-concordia/#breadcrumb","itemListElement":[{"@type":"ListItem","position":1,"name":"Portada","item":"https://proacomunicacion.es/"},{"@type":"ListItem","position":2,"name":"En los medios","item":"https://proacomunicacion.es/en-los-medios/"},{"@type":"ListItem","position":3,"name":"La Concordia"}]},{"@type":"WebSite","@id":"https://proacomunicacion.es/#website","url":"https://proacomunicacion.es/","name":"PROA Comunicación","description":"Agencia de Comunicación Corporativa en Madrid, Barcelona y Galicia.","publisher":{"@id":"https://proacomunicacion.es/#organization"},"alternateName":"PROA Comunicación","potentialAction":[{"@type":"SearchAction","target":{"@type":"EntryPoint","urlTemplate":"https://proacomunicacion.es/?s={search_term_string}"},"query-input":{"@type":"PropertyValueSpecification","valueRequired":true,"valueName":"search_term_string"}}],"inLanguage":"en-GB"},{"@type":"Organization","@id":"https://proacomunicacion.es/#organization","name":"PROA Comunicación","alternateName":"PROA Comunicación","url":"https://proacomunicacion.es/","logo":{"@type":"ImageObject","inLanguage":"en-GB","@id":"https://proacomunicacion.es/#/schema/logo/image/","url":"https://proacomunicacion.es/wp-content/uploads/2024/01/Logo_Light.svg","contentUrl":"https://proacomunicacion.es/wp-content/uploads/2024/01/Logo_Light.svg","width":136,"height":33,"caption":"PROA Comunicación"},"image":{"@id":"https://proacomunicacion.es/#/schema/logo/image/"},"sameAs":["https://x.com/proacomunica","https://es.linkedin.com/company/proa-comunicacion_2","https://www.instagram.com/proacomunica/","https://www.youtube.com/@proacomunicacion","https://es.wikipedia.org/wiki/PROA_Comunicacin"]}]}</script>
<!-- / Yoast SEO plugin. -->

La Concordia - PROA Comunicación

La concordia fue el leit motiv de la Transición, el deseo de que lo vivido durante la Dictadura «no volviera a suceder nunca más». Estos días celebramos los 50 años de la restauración de la Monarquía. El acto académico que se ha celebrado en el Congreso de los Diputados ha servido para reconocer el papel desempeñado por el Rey [&hellip;]

PROA Comunicación
