{"id":46388,"date":"2025-12-09T12:22:23","date_gmt":"2025-12-09T11:22:23","guid":{"rendered":"https:\/\/proacomunicacion.es\/?post_type=en-los-medios&#038;p=46388"},"modified":"2026-01-26T12:25:45","modified_gmt":"2026-01-26T11:25:45","slug":"indomitable","status":"publish","type":"en-los-medios","link":"https:\/\/proacomunicacion.es\/en\/en-los-medios\/indomable\/","title":{"rendered":"Indomitable"},"content":{"rendered":"<p>On 5 December he died\u00a0<a href=\"https:\/\/www.20minutos.es\/gente\/mundo-periodismo-politica-llora-muerte-alfonso-ussia-ya-no-podia-escribir-le-dictaba-sus-articulos-su-hija_6907260_0.html\">Alfonso Uss\u00eda<\/a>\u00a0at the age of 77. Opening El Debate and not being able to click on his article leaves us all a little orphaned. With him\u00a0<strong>a benchmark in spanish journalism disappears<\/strong>\u00a0who maintained his column until the end. A vocational journalist like Paco Umbral and Jaime Capmany. A few weeks ago, on the occasion of the death of Giorgio Armani, I commented in this same medium that the Italian couturier, like all geniuses, had a voice of his own. The same thing happened to Uss\u00eda.\u00a0<strong>The texts he wrote had personality. You didn't need to see the signature<\/strong>. Something akin to contemplating a painting by Goya. Clearly recognisable and admirable. An irreverent commentator, he combined satire, literary tradition and a critical and scathing view of Spain. Uss\u00eda had his own voice and an unrepeatable style.<\/p>\n\n\n\n<p>Read the full article here:<\/p>","protected":false},"excerpt":{"rendered":"<p>El pasado 5 de diciembre muri\u00f3\u00a0Alfonso Uss\u00eda\u00a0a los 77 a\u00f1os de edad. Abrir El Debate y no poder pinchar su art\u00edculo nos deja a todos un poco hu\u00e9rfanos. Con \u00e9l\u00a0desaparece un referente del periodismo espa\u00f1ol\u00a0que mantuvo su columna hasta el final. Periodista vocacional como Paco Umbral y Jaime Capmany. Hace unas semanas, con motivo del [&hellip;]<\/p>\n","protected":false},"author":18,"featured_media":46389,"menu_order":0,"comment_status":"open","ping_status":"open","template":"","format":"standard","meta":{"footnotes":""},"servicios":[],"sectores":[],"class_list":["post-46388","en-los-medios","type-en-los-medios","status-publish","format-standard","has-post-thumbnail","hentry"],"yoast_head":"<!-- This site is optimized with the Yoast SEO plugin v27.0 - https:\/\/yoast.com\/product\/yoast-seo-wordpress\/ -->\n<title>Indomable - PROA Comunicaci\u00f3n<\/title>\n<meta name=\"robots\" content=\"index, follow, max-snippet:-1, max-image-preview:large, max-video-preview:-1\" \/>\n<link rel=\"canonical\" href=\"https:\/\/proacomunicacion.es\/en\/in-the-media\/indomitable\/\" \/>\n<meta property=\"og:locale\" content=\"en_GB\" \/>\n<meta property=\"og:type\" content=\"article\" \/>\n<meta property=\"og:title\" content=\"Indomable - PROA Comunicaci\u00f3n\" \/>\n<meta property=\"og:description\" content=\"El pasado 5 de diciembre muri\u00f3\u00a0Alfonso Uss\u00eda\u00a0a los 77 a\u00f1os de edad. Abrir El Debate y no poder pinchar su art\u00edculo nos deja a todos un poco hu\u00e9rfanos. Con \u00e9l\u00a0desaparece un referente del periodismo espa\u00f1ol\u00a0que mantuvo su columna hasta el final. Periodista vocacional como Paco Umbral y Jaime Capmany. Hace unas semanas, con motivo del [&hellip;]\" \/>\n<meta property=\"og:url\" content=\"https:\/\/proacomunicacion.es\/en\/in-the-media\/indomitable\/\" \/>\n<meta property=\"og:site_name\" content=\"PROA Comunicaci\u00f3n\" \/>\n<meta property=\"article:modified_time\" content=\"2026-01-26T11:25:45+00:00\" \/>\n<meta property=\"og:image\" content=\"https:\/\/proacomunicacion.es\/wp-content\/uploads\/2026\/01\/1.png\" \/>\n\t<meta property=\"og:image:width\" content=\"1003\" \/>\n\t<meta property=\"og:image:height\" content=\"558\" \/>\n\t<meta property=\"og:image:type\" content=\"image\/png\" \/>\n<meta name=\"twitter:card\" content=\"summary_large_image\" \/>\n<meta name=\"twitter:site\" content=\"@proacomunica\" \/>\n<meta name=\"twitter:label1\" content=\"Estimated reading time\" \/>\n\t<meta name=\"twitter:data1\" content=\"1 minute\" \/>\n<script type=\"application\/ld+json\" class=\"yoast-schema-graph\">{\"@context\":\"https:\/\/schema.org\",\"@graph\":[{\"@type\":\"WebPage\",\"@id\":\"https:\/\/proacomunicacion.es\/en-los-medios\/indomable\/\",\"url\":\"https:\/\/proacomunicacion.es\/en-los-medios\/indomable\/\",\"name\":\"Indomable - PROA Comunicaci\u00f3n\",\"isPartOf\":{\"@id\":\"https:\/\/proacomunicacion.es\/#website\"},\"primaryImageOfPage\":{\"@id\":\"https:\/\/proacomunicacion.es\/en-los-medios\/indomable\/#primaryimage\"},\"image\":{\"@id\":\"https:\/\/proacomunicacion.es\/en-los-medios\/indomable\/#primaryimage\"},\"thumbnailUrl\":\"https:\/\/proacomunicacion.es\/wp-content\/uploads\/2026\/01\/1.png\",\"datePublished\":\"2025-12-09T11:22:23+00:00\",\"dateModified\":\"2026-01-26T11:25:45+00:00\",\"breadcrumb\":{\"@id\":\"https:\/\/proacomunicacion.es\/en-los-medios\/indomable\/#breadcrumb\"},\"inLanguage\":\"en-GB\",\"potentialAction\":[{\"@type\":\"ReadAction\",\"target\":[\"https:\/\/proacomunicacion.es\/en-los-medios\/indomable\/\"]}]},{\"@type\":\"ImageObject\",\"inLanguage\":\"en-GB\",\"@id\":\"https:\/\/proacomunicacion.es\/en-los-medios\/indomable\/#primaryimage\",\"url\":\"https:\/\/proacomunicacion.es\/wp-content\/uploads\/2026\/01\/1.png\",\"contentUrl\":\"https:\/\/proacomunicacion.es\/wp-content\/uploads\/2026\/01\/1.png\",\"width\":1003,\"height\":558},{\"@type\":\"BreadcrumbList\",\"@id\":\"https:\/\/proacomunicacion.es\/en-los-medios\/indomable\/#breadcrumb\",\"itemListElement\":[{\"@type\":\"ListItem\",\"position\":1,\"name\":\"Portada\",\"item\":\"https:\/\/proacomunicacion.es\/\"},{\"@type\":\"ListItem\",\"position\":2,\"name\":\"En los medios\",\"item\":\"https:\/\/proacomunicacion.es\/en-los-medios\/\"},{\"@type\":\"ListItem\",\"position\":3,\"name\":\"Indomable\"}]},{\"@type\":\"WebSite\",\"@id\":\"https:\/\/proacomunicacion.es\/#website\",\"url\":\"https:\/\/proacomunicacion.es\/\",\"name\":\"PROA Comunicaci\u00f3n\",\"description\":\"Agencia de Comunicaci\u00f3n Corporativa en Madrid, Barcelona y Galicia.\",\"publisher\":{\"@id\":\"https:\/\/proacomunicacion.es\/#organization\"},\"alternateName\":\"PROA Comunicaci\u00f3n\",\"potentialAction\":[{\"@type\":\"SearchAction\",\"target\":{\"@type\":\"EntryPoint\",\"urlTemplate\":\"https:\/\/proacomunicacion.es\/?s={search_term_string}\"},\"query-input\":{\"@type\":\"PropertyValueSpecification\",\"valueRequired\":true,\"valueName\":\"search_term_string\"}}],\"inLanguage\":\"en-GB\"},{\"@type\":\"Organization\",\"@id\":\"https:\/\/proacomunicacion.es\/#organization\",\"name\":\"PROA Comunicaci\u00f3n\",\"alternateName\":\"PROA Comunicaci\u00f3n\",\"url\":\"https:\/\/proacomunicacion.es\/\",\"logo\":{\"@type\":\"ImageObject\",\"inLanguage\":\"en-GB\",\"@id\":\"https:\/\/proacomunicacion.es\/#\/schema\/logo\/image\/\",\"url\":\"https:\/\/proacomunicacion.es\/wp-content\/uploads\/2024\/01\/Logo_Light.svg\",\"contentUrl\":\"https:\/\/proacomunicacion.es\/wp-content\/uploads\/2024\/01\/Logo_Light.svg\",\"width\":136,\"height\":33,\"caption\":\"PROA Comunicaci\u00f3n\"},\"image\":{\"@id\":\"https:\/\/proacomunicacion.es\/#\/schema\/logo\/image\/\"},\"sameAs\":[\"https:\/\/x.com\/proacomunica\",\"https:\/\/es.linkedin.com\/company\/proa-comunicacion_2\",\"https:\/\/www.instagram.com\/proacomunica\/\",\"https:\/\/www.youtube.com\/@proacomunicacion\",\"https:\/\/es.wikipedia.org\/wiki\/PROA_Comunicacin\"]}]}<\/script>\n<!-- \/ Yoast SEO plugin. -->","yoast_head_json":{"title":"Indomitable - PROA Comunicaci\u00f3n","robots":{"index":"index","follow":"follow","max-snippet":"max-snippet:-1","max-image-preview":"max-image-preview:large","max-video-preview":"max-video-preview:-1"},"canonical":"https:\/\/proacomunicacion.es\/en\/in-the-media\/indomitable\/","og_locale":"en_GB","og_type":"article","og_title":"Indomable - PROA Comunicaci\u00f3n","og_description":"El pasado 5 de diciembre muri\u00f3\u00a0Alfonso Uss\u00eda\u00a0a los 77 a\u00f1os de edad. Abrir El Debate y no poder pinchar su art\u00edculo nos deja a todos un poco hu\u00e9rfanos. Con \u00e9l\u00a0desaparece un referente del periodismo espa\u00f1ol\u00a0que mantuvo su columna hasta el final. Periodista vocacional como Paco Umbral y Jaime Capmany. Hace unas semanas, con motivo del [&hellip;]","og_url":"https:\/\/proacomunicacion.es\/en\/in-the-media\/indomitable\/","og_site_name":"PROA Comunicaci\u00f3n","article_modified_time":"2026-01-26T11:25:45+00:00","og_image":[{"width":1003,"height":558,"url":"https:\/\/proacomunicacion.es\/wp-content\/uploads\/2026\/01\/1.png","type":"image\/png"}],"twitter_card":"summary_large_image","twitter_site":"@proacomunica","twitter_misc":{"Estimated reading time":"1 minute"},"schema":{"@context":"https:\/\/schema.org","@graph":[{"@type":"WebPage","@id":"https:\/\/proacomunicacion.es\/en-los-medios\/indomable\/","url":"https:\/\/proacomunicacion.es\/en-los-medios\/indomable\/","name":"Indomitable - PROA Comunicaci\u00f3n","isPartOf":{"@id":"https:\/\/proacomunicacion.es\/#website"},"primaryImageOfPage":{"@id":"https:\/\/proacomunicacion.es\/en-los-medios\/indomable\/#primaryimage"},"image":{"@id":"https:\/\/proacomunicacion.es\/en-los-medios\/indomable\/#primaryimage"},"thumbnailUrl":"https:\/\/proacomunicacion.es\/wp-content\/uploads\/2026\/01\/1.png","datePublished":"2025-12-09T11:22:23+00:00","dateModified":"2026-01-26T11:25:45+00:00","breadcrumb":{"@id":"https:\/\/proacomunicacion.es\/en-los-medios\/indomable\/#breadcrumb"},"inLanguage":"en-GB","potentialAction":[{"@type":"ReadAction","target":["https:\/\/proacomunicacion.es\/en-los-medios\/indomable\/"]}]},{"@type":"ImageObject","inLanguage":"en-GB","@id":"https:\/\/proacomunicacion.es\/en-los-medios\/indomable\/#primaryimage","url":"https:\/\/proacomunicacion.es\/wp-content\/uploads\/2026\/01\/1.png","contentUrl":"https:\/\/proacomunicacion.es\/wp-content\/uploads\/2026\/01\/1.png","width":1003,"height":558},{"@type":"BreadcrumbList","@id":"https:\/\/proacomunicacion.es\/en-los-medios\/indomable\/#breadcrumb","itemListElement":[{"@type":"ListItem","position":1,"name":"Portada","item":"https:\/\/proacomunicacion.es\/"},{"@type":"ListItem","position":2,"name":"En los medios","item":"https:\/\/proacomunicacion.es\/en-los-medios\/"},{"@type":"ListItem","position":3,"name":"Indomable"}]},{"@type":"WebSite","@id":"https:\/\/proacomunicacion.es\/#website","url":"https:\/\/proacomunicacion.es\/","name":"PROA Communication","description":"Corporate Communications Agency in Madrid, Barcelona and Galicia.","publisher":{"@id":"https:\/\/proacomunicacion.es\/#organization"},"alternateName":"PROA Comunicaci\u00f3n","potentialAction":[{"@type":"SearchAction","target":{"@type":"EntryPoint","urlTemplate":"https:\/\/proacomunicacion.es\/?s={search_term_string}"},"query-input":{"@type":"PropertyValueSpecification","valueRequired":true,"valueName":"search_term_string"}}],"inLanguage":"en-GB"},{"@type":"Organization","@id":"https:\/\/proacomunicacion.es\/#organization","name":"PROA Communication","alternateName":"PROA Comunicaci\u00f3n","url":"https:\/\/proacomunicacion.es\/","logo":{"@type":"ImageObject","inLanguage":"en-GB","@id":"https:\/\/proacomunicacion.es\/#\/schema\/logo\/image\/","url":"https:\/\/proacomunicacion.es\/wp-content\/uploads\/2024\/01\/Logo_Light.svg","contentUrl":"https:\/\/proacomunicacion.es\/wp-content\/uploads\/2024\/01\/Logo_Light.svg","width":136,"height":33,"caption":"PROA Comunicaci\u00f3n"},"image":{"@id":"https:\/\/proacomunicacion.es\/#\/schema\/logo\/image\/"},"sameAs":["https:\/\/x.com\/proacomunica","https:\/\/es.linkedin.com\/company\/proa-comunicacion_2","https:\/\/www.instagram.com\/proacomunica\/","https:\/\/www.youtube.com\/@proacomunicacion","https:\/\/es.wikipedia.org\/wiki\/PROA_Comunicacin"]}]}},"_links":{"self":[{"href":"https:\/\/proacomunicacion.es\/en\/wp-json\/wp\/v2\/en-los-medios\/46388","targetHints":{"allow":["GET"]}}],"collection":[{"href":"https:\/\/proacomunicacion.es\/en\/wp-json\/wp\/v2\/en-los-medios"}],"about":[{"href":"https:\/\/proacomunicacion.es\/en\/wp-json\/wp\/v2\/types\/en-los-medios"}],"author":[{"embeddable":true,"href":"https:\/\/proacomunicacion.es\/en\/wp-json\/wp\/v2\/users\/18"}],"replies":[{"embeddable":true,"href":"https:\/\/proacomunicacion.es\/en\/wp-json\/wp\/v2\/comments?post=46388"}],"version-history":[{"count":1,"href":"https:\/\/proacomunicacion.es\/en\/wp-json\/wp\/v2\/en-los-medios\/46388\/revisions"}],"predecessor-version":[{"id":46390,"href":"https:\/\/proacomunicacion.es\/en\/wp-json\/wp\/v2\/en-los-medios\/46388\/revisions\/46390"}],"wp:featuredmedia":[{"embeddable":true,"href":"https:\/\/proacomunicacion.es\/en\/wp-json\/wp\/v2\/media\/46389"}],"wp:attachment":[{"href":"https:\/\/proacomunicacion.es\/en\/wp-json\/wp\/v2\/media?parent=46388"}],"wp:term":[{"taxonomy":"servicios","embeddable":true,"href":"https:\/\/proacomunicacion.es\/en\/wp-json\/wp\/v2\/servicios?post=46388"},{"taxonomy":"sectores","embeddable":true,"href":"https:\/\/proacomunicacion.es\/en\/wp-json\/wp\/v2\/sectores?post=46388"}],"curies":[{"name":"wp","href":"https:\/\/api.w.org\/{rel}","templated":true}]}}

<p>On 5 December he died <a href="https://www.20minutos.es/gente/mundo-periodismo-politica-llora-muerte-alfonso-ussia-ya-no-podia-escribir-le-dictaba-sus-articulos-su-hija_6907260_0.html">Alfonso Ussía</a> at the age of 77. Opening El Debate and not being able to click on his article leaves us all a little orphaned. With him <strong>a benchmark in spanish journalism disappears</strong> who maintained his column until the end. A vocational journalist like Paco Umbral and Jaime Capmany. A few weeks ago, on the occasion of the death of Giorgio Armani, I commented in this same medium that the Italian couturier, like all geniuses, had a voice of his own. The same thing happened to Ussía. <strong>The texts he wrote had personality. You didn't need to see the signature</strong>. Something akin to contemplating a painting by Goya. Clearly recognisable and admirable. An irreverent commentator, he combined satire, literary tradition and a critical and scathing view of Spain. Ussía had his own voice and an unrepeatable style.</p>



<p>Read the full article here:</p>

<p>El pasado 5 de diciembre murió Alfonso Ussía a los 77 años de edad. Abrir El Debate y no poder pinchar su artículo nos deja a todos un poco huérfanos. Con él desaparece un referente del periodismo español que mantuvo su columna hasta el final. Periodista vocacional como Paco Umbral y Jaime Capmany. Hace unas semanas, con motivo del [&hellip;]</p>

<!-- This site is optimized with the Yoast SEO plugin v27.0 - https://yoast.com/product/yoast-seo-wordpress/ -->
<title>Indomable - PROA Comunicación</title>
<meta name="robots" content="index, follow, max-snippet:-1, max-image-preview:large, max-video-preview:-1" />
<link rel="canonical" href="https://proacomunicacion.es/en/in-the-media/indomitable/" />
<meta property="og:locale" content="en_GB" />
<meta property="og:type" content="article" />
<meta property="og:title" content="Indomable - PROA Comunicación" />
<meta property="og:description" content="El pasado 5 de diciembre murió Alfonso Ussía a los 77 años de edad. Abrir El Debate y no poder pinchar su artículo nos deja a todos un poco huérfanos. Con él desaparece un referente del periodismo español que mantuvo su columna hasta el final. Periodista vocacional como Paco Umbral y Jaime Capmany. Hace unas semanas, con motivo del [&hellip;]" />
<meta property="og:url" content="https://proacomunicacion.es/en/in-the-media/indomitable/" />
<meta property="og:site_name" content="PROA Comunicación" />
<meta property="article:modified_time" content="2026-01-26T11:25:45+00:00" />
<meta property="og:image" content="https://proacomunicacion.es/wp-content/uploads/2026/01/1.png" />
	<meta property="og:image:width" content="1003" />
	<meta property="og:image:height" content="558" />
	<meta property="og:image:type" content="image/png" />
<meta name="twitter:card" content="summary_large_image" />
<meta name="twitter:site" content="@proacomunica" />
<meta name="twitter:label1" content="Estimated reading time" />
	<meta name="twitter:data1" content="1 minute" />
<script type="application/ld+json" class="yoast-schema-graph">{"@context":"https://schema.org","@graph":[{"@type":"WebPage","@id":"https://proacomunicacion.es/en-los-medios/indomable/","url":"https://proacomunicacion.es/en-los-medios/indomable/","name":"Indomable - PROA Comunicación","isPartOf":{"@id":"https://proacomunicacion.es/#website"},"primaryImageOfPage":{"@id":"https://proacomunicacion.es/en-los-medios/indomable/#primaryimage"},"image":{"@id":"https://proacomunicacion.es/en-los-medios/indomable/#primaryimage"},"thumbnailUrl":"https://proacomunicacion.es/wp-content/uploads/2026/01/1.png","datePublished":"2025-12-09T11:22:23+00:00","dateModified":"2026-01-26T11:25:45+00:00","breadcrumb":{"@id":"https://proacomunicacion.es/en-los-medios/indomable/#breadcrumb"},"inLanguage":"en-GB","potentialAction":[{"@type":"ReadAction","target":["https://proacomunicacion.es/en-los-medios/indomable/"]}]},{"@type":"ImageObject","inLanguage":"en-GB","@id":"https://proacomunicacion.es/en-los-medios/indomable/#primaryimage","url":"https://proacomunicacion.es/wp-content/uploads/2026/01/1.png","contentUrl":"https://proacomunicacion.es/wp-content/uploads/2026/01/1.png","width":1003,"height":558},{"@type":"BreadcrumbList","@id":"https://proacomunicacion.es/en-los-medios/indomable/#breadcrumb","itemListElement":[{"@type":"ListItem","position":1,"name":"Portada","item":"https://proacomunicacion.es/"},{"@type":"ListItem","position":2,"name":"En los medios","item":"https://proacomunicacion.es/en-los-medios/"},{"@type":"ListItem","position":3,"name":"Indomable"}]},{"@type":"WebSite","@id":"https://proacomunicacion.es/#website","url":"https://proacomunicacion.es/","name":"PROA Comunicación","description":"Agencia de Comunicación Corporativa en Madrid, Barcelona y Galicia.","publisher":{"@id":"https://proacomunicacion.es/#organization"},"alternateName":"PROA Comunicación","potentialAction":[{"@type":"SearchAction","target":{"@type":"EntryPoint","urlTemplate":"https://proacomunicacion.es/?s={search_term_string}"},"query-input":{"@type":"PropertyValueSpecification","valueRequired":true,"valueName":"search_term_string"}}],"inLanguage":"en-GB"},{"@type":"Organization","@id":"https://proacomunicacion.es/#organization","name":"PROA Comunicación","alternateName":"PROA Comunicación","url":"https://proacomunicacion.es/","logo":{"@type":"ImageObject","inLanguage":"en-GB","@id":"https://proacomunicacion.es/#/schema/logo/image/","url":"https://proacomunicacion.es/wp-content/uploads/2024/01/Logo_Light.svg","contentUrl":"https://proacomunicacion.es/wp-content/uploads/2024/01/Logo_Light.svg","width":136,"height":33,"caption":"PROA Comunicación"},"image":{"@id":"https://proacomunicacion.es/#/schema/logo/image/"},"sameAs":["https://x.com/proacomunica","https://es.linkedin.com/company/proa-comunicacion_2","https://www.instagram.com/proacomunica/","https://www.youtube.com/@proacomunicacion","https://es.wikipedia.org/wiki/PROA_Comunicacin"]}]}</script>
<!-- / Yoast SEO plugin. -->

Indomitable - PROA Comunicación

Indomable - PROA Comunicación

El pasado 5 de diciembre murió Alfonso Ussía a los 77 años de edad. Abrir El Debate y no poder pinchar su artículo nos deja a todos un poco huérfanos. Con él desaparece un referente del periodismo español que mantuvo su columna hasta el final. Periodista vocacional como Paco Umbral y Jaime Capmany. Hace unas semanas, con motivo del [&hellip;]

PROA Comunicación
