{"id":46391,"date":"2026-01-26T12:24:34","date_gmt":"2026-01-26T11:24:34","guid":{"rendered":"https:\/\/proacomunicacion.es\/?post_type=en-los-medios&#038;p=46391"},"modified":"2026-01-26T12:25:36","modified_gmt":"2026-01-26T11:25:36","slug":"a-spirit-of-dialogue","status":"publish","type":"en-los-medios","link":"https:\/\/proacomunicacion.es\/en\/en-los-medios\/un-espiritu-de-dialogo\/","title":{"rendered":"A spirit of dialogue"},"content":{"rendered":"<p>Last week saw the closing of the&nbsp;<a href=\"https:\/\/www.20minutos.es\/tags\/temas\/foro-de-davos.html\" target=\"_blank\" rel=\"noreferrer noopener\">World Economic Forum in Davos<\/a>&nbsp;which this year had the title:&nbsp;<em>A spirit of dialogue<\/em>. This title, full of good intentions, confronts with<strong>&nbsp;the stark reality of an increasingly unstable geopolitical environment<\/strong>, The EU, marked by open conflict, the l<strong>ncreation of a parallel UN&nbsp;<\/strong>by Trump and a growing mistrust between countries.<\/p>\n\n\n\n<p>The quintessential meeting of the world's financial, business and political elites provides clues as to how the world works today: the global economy and markets are looking very strong. This tells us that they seem to have learned to&nbsp;<strong>cancel out the noise: both geopolitical and political by focusing exclusively on data.&nbsp;<\/strong><\/p>\n\n\n\n<p>Another issue discussed at Davos 2026 was the\u00a0<strong>mental health<\/strong>. Scientist Alice Evans has pointed out that the<strong>\u00a0Americans and Europeans in their 20s are now spending so much time alone<\/strong>\u00a0as men in their 70s. Alarming data that puts us in the eye of the beholder.<strong>\u00a0the loss of empathy<\/strong>.<\/p>\n\n\n\n<p>Read the full article here: <\/p>","protected":false},"excerpt":{"rendered":"<p>La semana pasada se ha clausurado el&nbsp;Foro Econ\u00f3mico Mundial de Davos&nbsp;que este a\u00f1o llevaba como t\u00edtulo:&nbsp;Un esp\u00edritu de di\u00e1logo. Este t\u00edtulo, cargado de buena intenci\u00f3n, confronta con&nbsp;la cruda realidad de un entorno geopol\u00edtico cada vez m\u00e1s inestable, marcado por conflictos abiertos, el lanzamiento de una ONU paralela&nbsp;por parte de Trump y una creciente desconfianza entre [&hellip;]<\/p>\n","protected":false},"author":18,"featured_media":46392,"menu_order":0,"comment_status":"open","ping_status":"open","template":"","format":"standard","meta":{"footnotes":""},"servicios":[],"sectores":[],"class_list":["post-46391","en-los-medios","type-en-los-medios","status-publish","format-standard","has-post-thumbnail","hentry"],"yoast_head":"<!-- This site is optimized with the Yoast SEO plugin v27.0 - https:\/\/yoast.com\/product\/yoast-seo-wordpress\/ -->\n<title>Un esp\u00edritu de di\u00e1logo - PROA Comunicaci\u00f3n<\/title>\n<meta name=\"robots\" content=\"index, follow, max-snippet:-1, max-image-preview:large, max-video-preview:-1\" \/>\n<link rel=\"canonical\" href=\"https:\/\/proacomunicacion.es\/en\/in-the-media\/a-spirit-of-dialogue\/\" \/>\n<meta property=\"og:locale\" content=\"en_GB\" \/>\n<meta property=\"og:type\" content=\"article\" \/>\n<meta property=\"og:title\" content=\"Un esp\u00edritu de di\u00e1logo - PROA Comunicaci\u00f3n\" \/>\n<meta property=\"og:description\" content=\"La semana pasada se ha clausurado el&nbsp;Foro Econ\u00f3mico Mundial de Davos&nbsp;que este a\u00f1o llevaba como t\u00edtulo:&nbsp;Un esp\u00edritu de di\u00e1logo. Este t\u00edtulo, cargado de buena intenci\u00f3n, confronta con&nbsp;la cruda realidad de un entorno geopol\u00edtico cada vez m\u00e1s inestable, marcado por conflictos abiertos, el lanzamiento de una ONU paralela&nbsp;por parte de Trump y una creciente desconfianza entre [&hellip;]\" \/>\n<meta property=\"og:url\" content=\"https:\/\/proacomunicacion.es\/en\/in-the-media\/a-spirit-of-dialogue\/\" \/>\n<meta property=\"og:site_name\" content=\"PROA Comunicaci\u00f3n\" \/>\n<meta property=\"article:modified_time\" content=\"2026-01-26T11:25:36+00:00\" \/>\n<meta property=\"og:image\" content=\"https:\/\/proacomunicacion.es\/wp-content\/uploads\/2026\/01\/2.png\" \/>\n\t<meta property=\"og:image:width\" content=\"994\" \/>\n\t<meta property=\"og:image:height\" content=\"558\" \/>\n\t<meta property=\"og:image:type\" content=\"image\/png\" \/>\n<meta name=\"twitter:card\" content=\"summary_large_image\" \/>\n<meta name=\"twitter:site\" content=\"@proacomunica\" \/>\n<meta name=\"twitter:label1\" content=\"Estimated reading time\" \/>\n\t<meta name=\"twitter:data1\" content=\"2 minutes\" \/>\n<script type=\"application\/ld+json\" class=\"yoast-schema-graph\">{\"@context\":\"https:\/\/schema.org\",\"@graph\":[{\"@type\":\"WebPage\",\"@id\":\"https:\/\/proacomunicacion.es\/en-los-medios\/un-espiritu-de-dialogo\/\",\"url\":\"https:\/\/proacomunicacion.es\/en-los-medios\/un-espiritu-de-dialogo\/\",\"name\":\"Un esp\u00edritu de di\u00e1logo - PROA Comunicaci\u00f3n\",\"isPartOf\":{\"@id\":\"https:\/\/proacomunicacion.es\/#website\"},\"primaryImageOfPage\":{\"@id\":\"https:\/\/proacomunicacion.es\/en-los-medios\/un-espiritu-de-dialogo\/#primaryimage\"},\"image\":{\"@id\":\"https:\/\/proacomunicacion.es\/en-los-medios\/un-espiritu-de-dialogo\/#primaryimage\"},\"thumbnailUrl\":\"https:\/\/proacomunicacion.es\/wp-content\/uploads\/2026\/01\/2.png\",\"datePublished\":\"2026-01-26T11:24:34+00:00\",\"dateModified\":\"2026-01-26T11:25:36+00:00\",\"breadcrumb\":{\"@id\":\"https:\/\/proacomunicacion.es\/en-los-medios\/un-espiritu-de-dialogo\/#breadcrumb\"},\"inLanguage\":\"en-GB\",\"potentialAction\":[{\"@type\":\"ReadAction\",\"target\":[\"https:\/\/proacomunicacion.es\/en-los-medios\/un-espiritu-de-dialogo\/\"]}]},{\"@type\":\"ImageObject\",\"inLanguage\":\"en-GB\",\"@id\":\"https:\/\/proacomunicacion.es\/en-los-medios\/un-espiritu-de-dialogo\/#primaryimage\",\"url\":\"https:\/\/proacomunicacion.es\/wp-content\/uploads\/2026\/01\/2.png\",\"contentUrl\":\"https:\/\/proacomunicacion.es\/wp-content\/uploads\/2026\/01\/2.png\",\"width\":994,\"height\":558},{\"@type\":\"BreadcrumbList\",\"@id\":\"https:\/\/proacomunicacion.es\/en-los-medios\/un-espiritu-de-dialogo\/#breadcrumb\",\"itemListElement\":[{\"@type\":\"ListItem\",\"position\":1,\"name\":\"Portada\",\"item\":\"https:\/\/proacomunicacion.es\/\"},{\"@type\":\"ListItem\",\"position\":2,\"name\":\"En los medios\",\"item\":\"https:\/\/proacomunicacion.es\/en-los-medios\/\"},{\"@type\":\"ListItem\",\"position\":3,\"name\":\"Un esp\u00edritu de di\u00e1logo\"}]},{\"@type\":\"WebSite\",\"@id\":\"https:\/\/proacomunicacion.es\/#website\",\"url\":\"https:\/\/proacomunicacion.es\/\",\"name\":\"PROA Comunicaci\u00f3n\",\"description\":\"Agencia de Comunicaci\u00f3n Corporativa en Madrid, Barcelona y Galicia.\",\"publisher\":{\"@id\":\"https:\/\/proacomunicacion.es\/#organization\"},\"alternateName\":\"PROA Comunicaci\u00f3n\",\"potentialAction\":[{\"@type\":\"SearchAction\",\"target\":{\"@type\":\"EntryPoint\",\"urlTemplate\":\"https:\/\/proacomunicacion.es\/?s={search_term_string}\"},\"query-input\":{\"@type\":\"PropertyValueSpecification\",\"valueRequired\":true,\"valueName\":\"search_term_string\"}}],\"inLanguage\":\"en-GB\"},{\"@type\":\"Organization\",\"@id\":\"https:\/\/proacomunicacion.es\/#organization\",\"name\":\"PROA Comunicaci\u00f3n\",\"alternateName\":\"PROA Comunicaci\u00f3n\",\"url\":\"https:\/\/proacomunicacion.es\/\",\"logo\":{\"@type\":\"ImageObject\",\"inLanguage\":\"en-GB\",\"@id\":\"https:\/\/proacomunicacion.es\/#\/schema\/logo\/image\/\",\"url\":\"https:\/\/proacomunicacion.es\/wp-content\/uploads\/2024\/01\/Logo_Light.svg\",\"contentUrl\":\"https:\/\/proacomunicacion.es\/wp-content\/uploads\/2024\/01\/Logo_Light.svg\",\"width\":136,\"height\":33,\"caption\":\"PROA Comunicaci\u00f3n\"},\"image\":{\"@id\":\"https:\/\/proacomunicacion.es\/#\/schema\/logo\/image\/\"},\"sameAs\":[\"https:\/\/x.com\/proacomunica\",\"https:\/\/es.linkedin.com\/company\/proa-comunicacion_2\",\"https:\/\/www.instagram.com\/proacomunica\/\",\"https:\/\/www.youtube.com\/@proacomunicacion\",\"https:\/\/es.wikipedia.org\/wiki\/PROA_Comunicacin\"]}]}<\/script>\n<!-- \/ Yoast SEO plugin. -->","yoast_head_json":{"title":"A spirit of dialogue - PROA Comunicaci\u00f3n","robots":{"index":"index","follow":"follow","max-snippet":"max-snippet:-1","max-image-preview":"max-image-preview:large","max-video-preview":"max-video-preview:-1"},"canonical":"https:\/\/proacomunicacion.es\/en\/in-the-media\/a-spirit-of-dialogue\/","og_locale":"en_GB","og_type":"article","og_title":"Un esp\u00edritu de di\u00e1logo - PROA Comunicaci\u00f3n","og_description":"La semana pasada se ha clausurado el&nbsp;Foro Econ\u00f3mico Mundial de Davos&nbsp;que este a\u00f1o llevaba como t\u00edtulo:&nbsp;Un esp\u00edritu de di\u00e1logo. Este t\u00edtulo, cargado de buena intenci\u00f3n, confronta con&nbsp;la cruda realidad de un entorno geopol\u00edtico cada vez m\u00e1s inestable, marcado por conflictos abiertos, el lanzamiento de una ONU paralela&nbsp;por parte de Trump y una creciente desconfianza entre [&hellip;]","og_url":"https:\/\/proacomunicacion.es\/en\/in-the-media\/a-spirit-of-dialogue\/","og_site_name":"PROA Comunicaci\u00f3n","article_modified_time":"2026-01-26T11:25:36+00:00","og_image":[{"width":994,"height":558,"url":"https:\/\/proacomunicacion.es\/wp-content\/uploads\/2026\/01\/2.png","type":"image\/png"}],"twitter_card":"summary_large_image","twitter_site":"@proacomunica","twitter_misc":{"Estimated reading time":"2 minutes"},"schema":{"@context":"https:\/\/schema.org","@graph":[{"@type":"WebPage","@id":"https:\/\/proacomunicacion.es\/en-los-medios\/un-espiritu-de-dialogo\/","url":"https:\/\/proacomunicacion.es\/en-los-medios\/un-espiritu-de-dialogo\/","name":"A spirit of dialogue - PROA Comunicaci\u00f3n","isPartOf":{"@id":"https:\/\/proacomunicacion.es\/#website"},"primaryImageOfPage":{"@id":"https:\/\/proacomunicacion.es\/en-los-medios\/un-espiritu-de-dialogo\/#primaryimage"},"image":{"@id":"https:\/\/proacomunicacion.es\/en-los-medios\/un-espiritu-de-dialogo\/#primaryimage"},"thumbnailUrl":"https:\/\/proacomunicacion.es\/wp-content\/uploads\/2026\/01\/2.png","datePublished":"2026-01-26T11:24:34+00:00","dateModified":"2026-01-26T11:25:36+00:00","breadcrumb":{"@id":"https:\/\/proacomunicacion.es\/en-los-medios\/un-espiritu-de-dialogo\/#breadcrumb"},"inLanguage":"en-GB","potentialAction":[{"@type":"ReadAction","target":["https:\/\/proacomunicacion.es\/en-los-medios\/un-espiritu-de-dialogo\/"]}]},{"@type":"ImageObject","inLanguage":"en-GB","@id":"https:\/\/proacomunicacion.es\/en-los-medios\/un-espiritu-de-dialogo\/#primaryimage","url":"https:\/\/proacomunicacion.es\/wp-content\/uploads\/2026\/01\/2.png","contentUrl":"https:\/\/proacomunicacion.es\/wp-content\/uploads\/2026\/01\/2.png","width":994,"height":558},{"@type":"BreadcrumbList","@id":"https:\/\/proacomunicacion.es\/en-los-medios\/un-espiritu-de-dialogo\/#breadcrumb","itemListElement":[{"@type":"ListItem","position":1,"name":"Portada","item":"https:\/\/proacomunicacion.es\/"},{"@type":"ListItem","position":2,"name":"En los medios","item":"https:\/\/proacomunicacion.es\/en-los-medios\/"},{"@type":"ListItem","position":3,"name":"Un esp\u00edritu de di\u00e1logo"}]},{"@type":"WebSite","@id":"https:\/\/proacomunicacion.es\/#website","url":"https:\/\/proacomunicacion.es\/","name":"PROA Communication","description":"Corporate Communications Agency in Madrid, Barcelona and Galicia.","publisher":{"@id":"https:\/\/proacomunicacion.es\/#organization"},"alternateName":"PROA Comunicaci\u00f3n","potentialAction":[{"@type":"SearchAction","target":{"@type":"EntryPoint","urlTemplate":"https:\/\/proacomunicacion.es\/?s={search_term_string}"},"query-input":{"@type":"PropertyValueSpecification","valueRequired":true,"valueName":"search_term_string"}}],"inLanguage":"en-GB"},{"@type":"Organization","@id":"https:\/\/proacomunicacion.es\/#organization","name":"PROA Communication","alternateName":"PROA Comunicaci\u00f3n","url":"https:\/\/proacomunicacion.es\/","logo":{"@type":"ImageObject","inLanguage":"en-GB","@id":"https:\/\/proacomunicacion.es\/#\/schema\/logo\/image\/","url":"https:\/\/proacomunicacion.es\/wp-content\/uploads\/2024\/01\/Logo_Light.svg","contentUrl":"https:\/\/proacomunicacion.es\/wp-content\/uploads\/2024\/01\/Logo_Light.svg","width":136,"height":33,"caption":"PROA Comunicaci\u00f3n"},"image":{"@id":"https:\/\/proacomunicacion.es\/#\/schema\/logo\/image\/"},"sameAs":["https:\/\/x.com\/proacomunica","https:\/\/es.linkedin.com\/company\/proa-comunicacion_2","https:\/\/www.instagram.com\/proacomunica\/","https:\/\/www.youtube.com\/@proacomunicacion","https:\/\/es.wikipedia.org\/wiki\/PROA_Comunicacin"]}]}},"_links":{"self":[{"href":"https:\/\/proacomunicacion.es\/en\/wp-json\/wp\/v2\/en-los-medios\/46391","targetHints":{"allow":["GET"]}}],"collection":[{"href":"https:\/\/proacomunicacion.es\/en\/wp-json\/wp\/v2\/en-los-medios"}],"about":[{"href":"https:\/\/proacomunicacion.es\/en\/wp-json\/wp\/v2\/types\/en-los-medios"}],"author":[{"embeddable":true,"href":"https:\/\/proacomunicacion.es\/en\/wp-json\/wp\/v2\/users\/18"}],"replies":[{"embeddable":true,"href":"https:\/\/proacomunicacion.es\/en\/wp-json\/wp\/v2\/comments?post=46391"}],"version-history":[{"count":1,"href":"https:\/\/proacomunicacion.es\/en\/wp-json\/wp\/v2\/en-los-medios\/46391\/revisions"}],"predecessor-version":[{"id":46393,"href":"https:\/\/proacomunicacion.es\/en\/wp-json\/wp\/v2\/en-los-medios\/46391\/revisions\/46393"}],"wp:featuredmedia":[{"embeddable":true,"href":"https:\/\/proacomunicacion.es\/en\/wp-json\/wp\/v2\/media\/46392"}],"wp:attachment":[{"href":"https:\/\/proacomunicacion.es\/en\/wp-json\/wp\/v2\/media?parent=46391"}],"wp:term":[{"taxonomy":"servicios","embeddable":true,"href":"https:\/\/proacomunicacion.es\/en\/wp-json\/wp\/v2\/servicios?post=46391"},{"taxonomy":"sectores","embeddable":true,"href":"https:\/\/proacomunicacion.es\/en\/wp-json\/wp\/v2\/sectores?post=46391"}],"curies":[{"name":"wp","href":"https:\/\/api.w.org\/{rel}","templated":true}]}}

<p>La semana pasada se ha clausurado el&nbsp;Foro Económico Mundial de Davos&nbsp;que este año llevaba como título:&nbsp;Un espíritu de diálogo. Este título, cargado de buena intención, confronta con&nbsp;la cruda realidad de un entorno geopolítico cada vez más inestable, marcado por conflictos abiertos, el lanzamiento de una ONU paralela&nbsp;por parte de Trump y una creciente desconfianza entre [&hellip;]</p>

<!-- This site is optimized with the Yoast SEO plugin v27.0 - https://yoast.com/product/yoast-seo-wordpress/ -->
<title>Un espíritu de diálogo - PROA Comunicación</title>
<meta name="robots" content="index, follow, max-snippet:-1, max-image-preview:large, max-video-preview:-1" />
<link rel="canonical" href="https://proacomunicacion.es/en/in-the-media/a-spirit-of-dialogue/" />
<meta property="og:locale" content="en_GB" />
<meta property="og:type" content="article" />
<meta property="og:title" content="Un espíritu de diálogo - PROA Comunicación" />
<meta property="og:description" content="La semana pasada se ha clausurado el&nbsp;Foro Económico Mundial de Davos&nbsp;que este año llevaba como título:&nbsp;Un espíritu de diálogo. Este título, cargado de buena intención, confronta con&nbsp;la cruda realidad de un entorno geopolítico cada vez más inestable, marcado por conflictos abiertos, el lanzamiento de una ONU paralela&nbsp;por parte de Trump y una creciente desconfianza entre [&hellip;]" />
<meta property="og:url" content="https://proacomunicacion.es/en/in-the-media/a-spirit-of-dialogue/" />
<meta property="og:site_name" content="PROA Comunicación" />
<meta property="article:modified_time" content="2026-01-26T11:25:36+00:00" />
<meta property="og:image" content="https://proacomunicacion.es/wp-content/uploads/2026/01/2.png" />
	<meta property="og:image:width" content="994" />
	<meta property="og:image:height" content="558" />
	<meta property="og:image:type" content="image/png" />
<meta name="twitter:card" content="summary_large_image" />
<meta name="twitter:site" content="@proacomunica" />
<meta name="twitter:label1" content="Estimated reading time" />
	<meta name="twitter:data1" content="2 minutes" />
<script type="application/ld+json" class="yoast-schema-graph">{"@context":"https://schema.org","@graph":[{"@type":"WebPage","@id":"https://proacomunicacion.es/en-los-medios/un-espiritu-de-dialogo/","url":"https://proacomunicacion.es/en-los-medios/un-espiritu-de-dialogo/","name":"Un espíritu de diálogo - PROA Comunicación","isPartOf":{"@id":"https://proacomunicacion.es/#website"},"primaryImageOfPage":{"@id":"https://proacomunicacion.es/en-los-medios/un-espiritu-de-dialogo/#primaryimage"},"image":{"@id":"https://proacomunicacion.es/en-los-medios/un-espiritu-de-dialogo/#primaryimage"},"thumbnailUrl":"https://proacomunicacion.es/wp-content/uploads/2026/01/2.png","datePublished":"2026-01-26T11:24:34+00:00","dateModified":"2026-01-26T11:25:36+00:00","breadcrumb":{"@id":"https://proacomunicacion.es/en-los-medios/un-espiritu-de-dialogo/#breadcrumb"},"inLanguage":"en-GB","potentialAction":[{"@type":"ReadAction","target":["https://proacomunicacion.es/en-los-medios/un-espiritu-de-dialogo/"]}]},{"@type":"ImageObject","inLanguage":"en-GB","@id":"https://proacomunicacion.es/en-los-medios/un-espiritu-de-dialogo/#primaryimage","url":"https://proacomunicacion.es/wp-content/uploads/2026/01/2.png","contentUrl":"https://proacomunicacion.es/wp-content/uploads/2026/01/2.png","width":994,"height":558},{"@type":"BreadcrumbList","@id":"https://proacomunicacion.es/en-los-medios/un-espiritu-de-dialogo/#breadcrumb","itemListElement":[{"@type":"ListItem","position":1,"name":"Portada","item":"https://proacomunicacion.es/"},{"@type":"ListItem","position":2,"name":"En los medios","item":"https://proacomunicacion.es/en-los-medios/"},{"@type":"ListItem","position":3,"name":"Un espíritu de diálogo"}]},{"@type":"WebSite","@id":"https://proacomunicacion.es/#website","url":"https://proacomunicacion.es/","name":"PROA Comunicación","description":"Agencia de Comunicación Corporativa en Madrid, Barcelona y Galicia.","publisher":{"@id":"https://proacomunicacion.es/#organization"},"alternateName":"PROA Comunicación","potentialAction":[{"@type":"SearchAction","target":{"@type":"EntryPoint","urlTemplate":"https://proacomunicacion.es/?s={search_term_string}"},"query-input":{"@type":"PropertyValueSpecification","valueRequired":true,"valueName":"search_term_string"}}],"inLanguage":"en-GB"},{"@type":"Organization","@id":"https://proacomunicacion.es/#organization","name":"PROA Comunicación","alternateName":"PROA Comunicación","url":"https://proacomunicacion.es/","logo":{"@type":"ImageObject","inLanguage":"en-GB","@id":"https://proacomunicacion.es/#/schema/logo/image/","url":"https://proacomunicacion.es/wp-content/uploads/2024/01/Logo_Light.svg","contentUrl":"https://proacomunicacion.es/wp-content/uploads/2024/01/Logo_Light.svg","width":136,"height":33,"caption":"PROA Comunicación"},"image":{"@id":"https://proacomunicacion.es/#/schema/logo/image/"},"sameAs":["https://x.com/proacomunica","https://es.linkedin.com/company/proa-comunicacion_2","https://www.instagram.com/proacomunica/","https://www.youtube.com/@proacomunicacion","https://es.wikipedia.org/wiki/PROA_Comunicacin"]}]}</script>
<!-- / Yoast SEO plugin. -->

A spirit of dialogue - PROA Comunicación

Un espíritu de diálogo - PROA Comunicación

La semana pasada se ha clausurado el&nbsp;Foro Económico Mundial de Davos&nbsp;que este año llevaba como título:&nbsp;Un espíritu de diálogo. Este título, cargado de buena intención, confronta con&nbsp;la cruda realidad de un entorno geopolítico cada vez más inestable, marcado por conflictos abiertos, el lanzamiento de una ONU paralela&nbsp;por parte de Trump y una creciente desconfianza entre [&hellip;]

PROA Comunicación

Un espíritu de diálogo
