{"id":46399,"date":"2026-02-05T09:52:42","date_gmt":"2026-02-05T08:52:42","guid":{"rendered":"https:\/\/proacomunicacion.es\/?post_type=en-los-medios&#038;p=46399"},"modified":"2026-02-05T09:53:20","modified_gmt":"2026-02-05T08:53:20","slug":"epstein-resurrected","status":"publish","type":"en-los-medios","link":"https:\/\/proacomunicacion.es\/en\/en-los-medios\/epstein-resucitado\/","title":{"rendered":"Epstein resurrected"},"content":{"rendered":"<p>The notorious Jeffrey Epstein committed suicide in 2019 in a New York jail, but in reality, he is not dead.<strong>\u00a0He has risen from the dead<\/strong>. A new trail of victims of the declassification of the paedophile's documents is circulating. In the UK, former minister\u00a0<strong>Peter Mandelson<\/strong>\u00a0will lose the title of\u00a0<em>lord\u00a0<\/em>and leave their seat in the House that represents them; the\u00a0<strong>former Prince Andrew of England\u00a0<\/strong>has been evicted through the back door of the Royal Lodge after more details emerged of the\u00a0<strong>intense relationship with Epstein<\/strong>; Norwegians no longer want to\u00a0<strong>Mette-Marit<\/strong>\u00a0How far will Epsteingate go?\u00a0<\/p>\n\n\n\n<p>What is clear is that\u00a0<strong>good old Jeffrey did not choose his \u201cvictims\u201d at random.<\/strong>. They all had one common thread: they belonged to the\u00a0<strong>elite<\/strong>. In its financial, social, political, and political spin-offs.\u00a0<em>royal<\/em>...<strong>\u00a0The paedophile read his prey well and achieved results for his \u201cfriends\u201d.\u201d<\/strong>Being admitted as a member of a club, buying a boat; obtaining privileged information; facilitating a business deal, funds for an election campaign...\u00a0<strong>It is somewhat reminiscent of the Madoff case with an additional perversion.<\/strong>Epstein's private island trip to enjoy prostitutes and\u00a0<strong>child sexual abuse<\/strong>\u00a0without any fear of consequences. The customs and practices established for the\u00a0<strong>ordinary mortals\u00a0<\/strong>didn't apply to Epstein's \u201cfriends\u201d... or maybe it did.\u00a0<\/p>\n\n\n\n<p>Read the full article here:<\/p>\n\n\n\n<p><\/p>","protected":false},"excerpt":{"rendered":"<p>El archiconocido\u00a0Jeffrey Epstein\u00a0se suicid\u00f3 en 2019 en una c\u00e1rcel de Nueva York, pero en realidad, no ha muerto.\u00a0Ha resucitado. Circula un nuevo reguero de v\u00edctimas por la desclasificaci\u00f3n de documentos del ped\u00f3filo. En el Reino Unido, el exministro\u00a0Peter Mandelson\u00a0perder\u00e1 el t\u00edtulo de\u00a0lord\u00a0y dejar\u00e1 su esca\u00f1o en la C\u00e1mara que los representa; el\u00a0expr\u00edncipe Andr\u00e9s de Inglaterra\u00a0ha [&hellip;]<\/p>\n","protected":false},"author":18,"featured_media":46400,"menu_order":0,"comment_status":"open","ping_status":"open","template":"","format":"standard","meta":{"footnotes":""},"servicios":[],"sectores":[],"class_list":["post-46399","en-los-medios","type-en-los-medios","status-publish","format-standard","has-post-thumbnail","hentry"],"yoast_head":"<!-- This site is optimized with the Yoast SEO plugin v27.0 - https:\/\/yoast.com\/product\/yoast-seo-wordpress\/ -->\n<title>Epstein resucitado - PROA Comunicaci\u00f3n<\/title>\n<meta name=\"robots\" content=\"index, follow, max-snippet:-1, max-image-preview:large, max-video-preview:-1\" \/>\n<link rel=\"canonical\" href=\"https:\/\/proacomunicacion.es\/en\/in-the-media\/epstein-resurrected\/\" \/>\n<meta property=\"og:locale\" content=\"en_GB\" \/>\n<meta property=\"og:type\" content=\"article\" \/>\n<meta property=\"og:title\" content=\"Epstein resucitado - PROA Comunicaci\u00f3n\" \/>\n<meta property=\"og:description\" content=\"El archiconocido\u00a0Jeffrey Epstein\u00a0se suicid\u00f3 en 2019 en una c\u00e1rcel de Nueva York, pero en realidad, no ha muerto.\u00a0Ha resucitado. Circula un nuevo reguero de v\u00edctimas por la desclasificaci\u00f3n de documentos del ped\u00f3filo. En el Reino Unido, el exministro\u00a0Peter Mandelson\u00a0perder\u00e1 el t\u00edtulo de\u00a0lord\u00a0y dejar\u00e1 su esca\u00f1o en la C\u00e1mara que los representa; el\u00a0expr\u00edncipe Andr\u00e9s de Inglaterra\u00a0ha [&hellip;]\" \/>\n<meta property=\"og:url\" content=\"https:\/\/proacomunicacion.es\/en\/in-the-media\/epstein-resurrected\/\" \/>\n<meta property=\"og:site_name\" content=\"PROA Comunicaci\u00f3n\" \/>\n<meta property=\"article:modified_time\" content=\"2026-02-05T08:53:20+00:00\" \/>\n<meta property=\"og:image\" content=\"https:\/\/proacomunicacion.es\/wp-content\/uploads\/2026\/02\/FOTO-EPSEIN.png\" \/>\n\t<meta property=\"og:image:width\" content=\"664\" \/>\n\t<meta property=\"og:image:height\" content=\"372\" \/>\n\t<meta property=\"og:image:type\" content=\"image\/png\" \/>\n<meta name=\"twitter:card\" content=\"summary_large_image\" \/>\n<meta name=\"twitter:site\" content=\"@proacomunica\" \/>\n<meta name=\"twitter:label1\" content=\"Estimated reading time\" \/>\n\t<meta name=\"twitter:data1\" content=\"2 minutes\" \/>\n<script type=\"application\/ld+json\" class=\"yoast-schema-graph\">{\"@context\":\"https:\/\/schema.org\",\"@graph\":[{\"@type\":\"WebPage\",\"@id\":\"https:\/\/proacomunicacion.es\/en-los-medios\/epstein-resucitado\/\",\"url\":\"https:\/\/proacomunicacion.es\/en-los-medios\/epstein-resucitado\/\",\"name\":\"Epstein resucitado - PROA Comunicaci\u00f3n\",\"isPartOf\":{\"@id\":\"https:\/\/proacomunicacion.es\/#website\"},\"primaryImageOfPage\":{\"@id\":\"https:\/\/proacomunicacion.es\/en-los-medios\/epstein-resucitado\/#primaryimage\"},\"image\":{\"@id\":\"https:\/\/proacomunicacion.es\/en-los-medios\/epstein-resucitado\/#primaryimage\"},\"thumbnailUrl\":\"https:\/\/proacomunicacion.es\/wp-content\/uploads\/2026\/02\/FOTO-EPSEIN.png\",\"datePublished\":\"2026-02-05T08:52:42+00:00\",\"dateModified\":\"2026-02-05T08:53:20+00:00\",\"breadcrumb\":{\"@id\":\"https:\/\/proacomunicacion.es\/en-los-medios\/epstein-resucitado\/#breadcrumb\"},\"inLanguage\":\"en-GB\",\"potentialAction\":[{\"@type\":\"ReadAction\",\"target\":[\"https:\/\/proacomunicacion.es\/en-los-medios\/epstein-resucitado\/\"]}]},{\"@type\":\"ImageObject\",\"inLanguage\":\"en-GB\",\"@id\":\"https:\/\/proacomunicacion.es\/en-los-medios\/epstein-resucitado\/#primaryimage\",\"url\":\"https:\/\/proacomunicacion.es\/wp-content\/uploads\/2026\/02\/FOTO-EPSEIN.png\",\"contentUrl\":\"https:\/\/proacomunicacion.es\/wp-content\/uploads\/2026\/02\/FOTO-EPSEIN.png\",\"width\":664,\"height\":372},{\"@type\":\"BreadcrumbList\",\"@id\":\"https:\/\/proacomunicacion.es\/en-los-medios\/epstein-resucitado\/#breadcrumb\",\"itemListElement\":[{\"@type\":\"ListItem\",\"position\":1,\"name\":\"Portada\",\"item\":\"https:\/\/proacomunicacion.es\/\"},{\"@type\":\"ListItem\",\"position\":2,\"name\":\"En los medios\",\"item\":\"https:\/\/proacomunicacion.es\/en-los-medios\/\"},{\"@type\":\"ListItem\",\"position\":3,\"name\":\"Epstein resucitado\"}]},{\"@type\":\"WebSite\",\"@id\":\"https:\/\/proacomunicacion.es\/#website\",\"url\":\"https:\/\/proacomunicacion.es\/\",\"name\":\"PROA Comunicaci\u00f3n\",\"description\":\"Agencia de Comunicaci\u00f3n Corporativa en Madrid, Barcelona y Galicia.\",\"publisher\":{\"@id\":\"https:\/\/proacomunicacion.es\/#organization\"},\"alternateName\":\"PROA Comunicaci\u00f3n\",\"potentialAction\":[{\"@type\":\"SearchAction\",\"target\":{\"@type\":\"EntryPoint\",\"urlTemplate\":\"https:\/\/proacomunicacion.es\/?s={search_term_string}\"},\"query-input\":{\"@type\":\"PropertyValueSpecification\",\"valueRequired\":true,\"valueName\":\"search_term_string\"}}],\"inLanguage\":\"en-GB\"},{\"@type\":\"Organization\",\"@id\":\"https:\/\/proacomunicacion.es\/#organization\",\"name\":\"PROA Comunicaci\u00f3n\",\"alternateName\":\"PROA Comunicaci\u00f3n\",\"url\":\"https:\/\/proacomunicacion.es\/\",\"logo\":{\"@type\":\"ImageObject\",\"inLanguage\":\"en-GB\",\"@id\":\"https:\/\/proacomunicacion.es\/#\/schema\/logo\/image\/\",\"url\":\"https:\/\/proacomunicacion.es\/wp-content\/uploads\/2024\/01\/Logo_Light.svg\",\"contentUrl\":\"https:\/\/proacomunicacion.es\/wp-content\/uploads\/2024\/01\/Logo_Light.svg\",\"width\":136,\"height\":33,\"caption\":\"PROA Comunicaci\u00f3n\"},\"image\":{\"@id\":\"https:\/\/proacomunicacion.es\/#\/schema\/logo\/image\/\"},\"sameAs\":[\"https:\/\/x.com\/proacomunica\",\"https:\/\/es.linkedin.com\/company\/proa-comunicacion_2\",\"https:\/\/www.instagram.com\/proacomunica\/\",\"https:\/\/www.youtube.com\/@proacomunicacion\",\"https:\/\/es.wikipedia.org\/wiki\/PROA_Comunicacin\"]}]}<\/script>\n<!-- \/ Yoast SEO plugin. -->","yoast_head_json":{"title":"Epstein resurrected - PROA Comunicaci\u00f3n","robots":{"index":"index","follow":"follow","max-snippet":"max-snippet:-1","max-image-preview":"max-image-preview:large","max-video-preview":"max-video-preview:-1"},"canonical":"https:\/\/proacomunicacion.es\/en\/in-the-media\/epstein-resurrected\/","og_locale":"en_GB","og_type":"article","og_title":"Epstein resucitado - PROA Comunicaci\u00f3n","og_description":"El archiconocido\u00a0Jeffrey Epstein\u00a0se suicid\u00f3 en 2019 en una c\u00e1rcel de Nueva York, pero en realidad, no ha muerto.\u00a0Ha resucitado. Circula un nuevo reguero de v\u00edctimas por la desclasificaci\u00f3n de documentos del ped\u00f3filo. En el Reino Unido, el exministro\u00a0Peter Mandelson\u00a0perder\u00e1 el t\u00edtulo de\u00a0lord\u00a0y dejar\u00e1 su esca\u00f1o en la C\u00e1mara que los representa; el\u00a0expr\u00edncipe Andr\u00e9s de Inglaterra\u00a0ha [&hellip;]","og_url":"https:\/\/proacomunicacion.es\/en\/in-the-media\/epstein-resurrected\/","og_site_name":"PROA Comunicaci\u00f3n","article_modified_time":"2026-02-05T08:53:20+00:00","og_image":[{"width":664,"height":372,"url":"https:\/\/proacomunicacion.es\/wp-content\/uploads\/2026\/02\/FOTO-EPSEIN.png","type":"image\/png"}],"twitter_card":"summary_large_image","twitter_site":"@proacomunica","twitter_misc":{"Estimated reading time":"2 minutes"},"schema":{"@context":"https:\/\/schema.org","@graph":[{"@type":"WebPage","@id":"https:\/\/proacomunicacion.es\/en-los-medios\/epstein-resucitado\/","url":"https:\/\/proacomunicacion.es\/en-los-medios\/epstein-resucitado\/","name":"Epstein resurrected - PROA Comunicaci\u00f3n","isPartOf":{"@id":"https:\/\/proacomunicacion.es\/#website"},"primaryImageOfPage":{"@id":"https:\/\/proacomunicacion.es\/en-los-medios\/epstein-resucitado\/#primaryimage"},"image":{"@id":"https:\/\/proacomunicacion.es\/en-los-medios\/epstein-resucitado\/#primaryimage"},"thumbnailUrl":"https:\/\/proacomunicacion.es\/wp-content\/uploads\/2026\/02\/FOTO-EPSEIN.png","datePublished":"2026-02-05T08:52:42+00:00","dateModified":"2026-02-05T08:53:20+00:00","breadcrumb":{"@id":"https:\/\/proacomunicacion.es\/en-los-medios\/epstein-resucitado\/#breadcrumb"},"inLanguage":"en-GB","potentialAction":[{"@type":"ReadAction","target":["https:\/\/proacomunicacion.es\/en-los-medios\/epstein-resucitado\/"]}]},{"@type":"ImageObject","inLanguage":"en-GB","@id":"https:\/\/proacomunicacion.es\/en-los-medios\/epstein-resucitado\/#primaryimage","url":"https:\/\/proacomunicacion.es\/wp-content\/uploads\/2026\/02\/FOTO-EPSEIN.png","contentUrl":"https:\/\/proacomunicacion.es\/wp-content\/uploads\/2026\/02\/FOTO-EPSEIN.png","width":664,"height":372},{"@type":"BreadcrumbList","@id":"https:\/\/proacomunicacion.es\/en-los-medios\/epstein-resucitado\/#breadcrumb","itemListElement":[{"@type":"ListItem","position":1,"name":"Portada","item":"https:\/\/proacomunicacion.es\/"},{"@type":"ListItem","position":2,"name":"En los medios","item":"https:\/\/proacomunicacion.es\/en-los-medios\/"},{"@type":"ListItem","position":3,"name":"Epstein resucitado"}]},{"@type":"WebSite","@id":"https:\/\/proacomunicacion.es\/#website","url":"https:\/\/proacomunicacion.es\/","name":"PROA Communication","description":"Corporate Communications Agency in Madrid, Barcelona and Galicia.","publisher":{"@id":"https:\/\/proacomunicacion.es\/#organization"},"alternateName":"PROA Comunicaci\u00f3n","potentialAction":[{"@type":"SearchAction","target":{"@type":"EntryPoint","urlTemplate":"https:\/\/proacomunicacion.es\/?s={search_term_string}"},"query-input":{"@type":"PropertyValueSpecification","valueRequired":true,"valueName":"search_term_string"}}],"inLanguage":"en-GB"},{"@type":"Organization","@id":"https:\/\/proacomunicacion.es\/#organization","name":"PROA Communication","alternateName":"PROA Comunicaci\u00f3n","url":"https:\/\/proacomunicacion.es\/","logo":{"@type":"ImageObject","inLanguage":"en-GB","@id":"https:\/\/proacomunicacion.es\/#\/schema\/logo\/image\/","url":"https:\/\/proacomunicacion.es\/wp-content\/uploads\/2024\/01\/Logo_Light.svg","contentUrl":"https:\/\/proacomunicacion.es\/wp-content\/uploads\/2024\/01\/Logo_Light.svg","width":136,"height":33,"caption":"PROA Comunicaci\u00f3n"},"image":{"@id":"https:\/\/proacomunicacion.es\/#\/schema\/logo\/image\/"},"sameAs":["https:\/\/x.com\/proacomunica","https:\/\/es.linkedin.com\/company\/proa-comunicacion_2","https:\/\/www.instagram.com\/proacomunica\/","https:\/\/www.youtube.com\/@proacomunicacion","https:\/\/es.wikipedia.org\/wiki\/PROA_Comunicacin"]}]}},"_links":{"self":[{"href":"https:\/\/proacomunicacion.es\/en\/wp-json\/wp\/v2\/en-los-medios\/46399","targetHints":{"allow":["GET"]}}],"collection":[{"href":"https:\/\/proacomunicacion.es\/en\/wp-json\/wp\/v2\/en-los-medios"}],"about":[{"href":"https:\/\/proacomunicacion.es\/en\/wp-json\/wp\/v2\/types\/en-los-medios"}],"author":[{"embeddable":true,"href":"https:\/\/proacomunicacion.es\/en\/wp-json\/wp\/v2\/users\/18"}],"replies":[{"embeddable":true,"href":"https:\/\/proacomunicacion.es\/en\/wp-json\/wp\/v2\/comments?post=46399"}],"version-history":[{"count":2,"href":"https:\/\/proacomunicacion.es\/en\/wp-json\/wp\/v2\/en-los-medios\/46399\/revisions"}],"predecessor-version":[{"id":46402,"href":"https:\/\/proacomunicacion.es\/en\/wp-json\/wp\/v2\/en-los-medios\/46399\/revisions\/46402"}],"wp:featuredmedia":[{"embeddable":true,"href":"https:\/\/proacomunicacion.es\/en\/wp-json\/wp\/v2\/media\/46400"}],"wp:attachment":[{"href":"https:\/\/proacomunicacion.es\/en\/wp-json\/wp\/v2\/media?parent=46399"}],"wp:term":[{"taxonomy":"servicios","embeddable":true,"href":"https:\/\/proacomunicacion.es\/en\/wp-json\/wp\/v2\/servicios?post=46399"},{"taxonomy":"sectores","embeddable":true,"href":"https:\/\/proacomunicacion.es\/en\/wp-json\/wp\/v2\/sectores?post=46399"}],"curies":[{"name":"wp","href":"https:\/\/api.w.org\/{rel}","templated":true}]}}

<p>El archiconocido Jeffrey Epstein se suicidó en 2019 en una cárcel de Nueva York, pero en realidad, no ha muerto. Ha resucitado. Circula un nuevo reguero de víctimas por la desclasificación de documentos del pedófilo. En el Reino Unido, el exministro Peter Mandelson perderá el título de lord y dejará su escaño en la Cámara que los representa; el expríncipe Andrés de Inglaterra ha [&hellip;]</p>

<!-- This site is optimized with the Yoast SEO plugin v27.0 - https://yoast.com/product/yoast-seo-wordpress/ -->
<title>Epstein resucitado - PROA Comunicación</title>
<meta name="robots" content="index, follow, max-snippet:-1, max-image-preview:large, max-video-preview:-1" />
<link rel="canonical" href="https://proacomunicacion.es/en/in-the-media/epstein-resurrected/" />
<meta property="og:locale" content="en_GB" />
<meta property="og:type" content="article" />
<meta property="og:title" content="Epstein resucitado - PROA Comunicación" />
<meta property="og:description" content="El archiconocido Jeffrey Epstein se suicidó en 2019 en una cárcel de Nueva York, pero en realidad, no ha muerto. Ha resucitado. Circula un nuevo reguero de víctimas por la desclasificación de documentos del pedófilo. En el Reino Unido, el exministro Peter Mandelson perderá el título de lord y dejará su escaño en la Cámara que los representa; el expríncipe Andrés de Inglaterra ha [&hellip;]" />
<meta property="og:url" content="https://proacomunicacion.es/en/in-the-media/epstein-resurrected/" />
<meta property="og:site_name" content="PROA Comunicación" />
<meta property="article:modified_time" content="2026-02-05T08:53:20+00:00" />
<meta property="og:image" content="https://proacomunicacion.es/wp-content/uploads/2026/02/FOTO-EPSEIN.png" />
	<meta property="og:image:width" content="664" />
	<meta property="og:image:height" content="372" />
	<meta property="og:image:type" content="image/png" />
<meta name="twitter:card" content="summary_large_image" />
<meta name="twitter:site" content="@proacomunica" />
<meta name="twitter:label1" content="Estimated reading time" />
	<meta name="twitter:data1" content="2 minutes" />
<script type="application/ld+json" class="yoast-schema-graph">{"@context":"https://schema.org","@graph":[{"@type":"WebPage","@id":"https://proacomunicacion.es/en-los-medios/epstein-resucitado/","url":"https://proacomunicacion.es/en-los-medios/epstein-resucitado/","name":"Epstein resucitado - PROA Comunicación","isPartOf":{"@id":"https://proacomunicacion.es/#website"},"primaryImageOfPage":{"@id":"https://proacomunicacion.es/en-los-medios/epstein-resucitado/#primaryimage"},"image":{"@id":"https://proacomunicacion.es/en-los-medios/epstein-resucitado/#primaryimage"},"thumbnailUrl":"https://proacomunicacion.es/wp-content/uploads/2026/02/FOTO-EPSEIN.png","datePublished":"2026-02-05T08:52:42+00:00","dateModified":"2026-02-05T08:53:20+00:00","breadcrumb":{"@id":"https://proacomunicacion.es/en-los-medios/epstein-resucitado/#breadcrumb"},"inLanguage":"en-GB","potentialAction":[{"@type":"ReadAction","target":["https://proacomunicacion.es/en-los-medios/epstein-resucitado/"]}]},{"@type":"ImageObject","inLanguage":"en-GB","@id":"https://proacomunicacion.es/en-los-medios/epstein-resucitado/#primaryimage","url":"https://proacomunicacion.es/wp-content/uploads/2026/02/FOTO-EPSEIN.png","contentUrl":"https://proacomunicacion.es/wp-content/uploads/2026/02/FOTO-EPSEIN.png","width":664,"height":372},{"@type":"BreadcrumbList","@id":"https://proacomunicacion.es/en-los-medios/epstein-resucitado/#breadcrumb","itemListElement":[{"@type":"ListItem","position":1,"name":"Portada","item":"https://proacomunicacion.es/"},{"@type":"ListItem","position":2,"name":"En los medios","item":"https://proacomunicacion.es/en-los-medios/"},{"@type":"ListItem","position":3,"name":"Epstein resucitado"}]},{"@type":"WebSite","@id":"https://proacomunicacion.es/#website","url":"https://proacomunicacion.es/","name":"PROA Comunicación","description":"Agencia de Comunicación Corporativa en Madrid, Barcelona y Galicia.","publisher":{"@id":"https://proacomunicacion.es/#organization"},"alternateName":"PROA Comunicación","potentialAction":[{"@type":"SearchAction","target":{"@type":"EntryPoint","urlTemplate":"https://proacomunicacion.es/?s={search_term_string}"},"query-input":{"@type":"PropertyValueSpecification","valueRequired":true,"valueName":"search_term_string"}}],"inLanguage":"en-GB"},{"@type":"Organization","@id":"https://proacomunicacion.es/#organization","name":"PROA Comunicación","alternateName":"PROA Comunicación","url":"https://proacomunicacion.es/","logo":{"@type":"ImageObject","inLanguage":"en-GB","@id":"https://proacomunicacion.es/#/schema/logo/image/","url":"https://proacomunicacion.es/wp-content/uploads/2024/01/Logo_Light.svg","contentUrl":"https://proacomunicacion.es/wp-content/uploads/2024/01/Logo_Light.svg","width":136,"height":33,"caption":"PROA Comunicación"},"image":{"@id":"https://proacomunicacion.es/#/schema/logo/image/"},"sameAs":["https://x.com/proacomunica","https://es.linkedin.com/company/proa-comunicacion_2","https://www.instagram.com/proacomunica/","https://www.youtube.com/@proacomunicacion","https://es.wikipedia.org/wiki/PROA_Comunicacin"]}]}</script>
<!-- / Yoast SEO plugin. -->

Epstein resurrected - PROA Comunicación

Epstein resucitado - PROA Comunicación

El archiconocido Jeffrey Epstein se suicidó en 2019 en una cárcel de Nueva York, pero en realidad, no ha muerto. Ha resucitado. Circula un nuevo reguero de víctimas por la desclasificación de documentos del pedófilo. En el Reino Unido, el exministro Peter Mandelson perderá el título de lord y dejará su escaño en la Cámara que los representa; el expríncipe Andrés de Inglaterra ha [&hellip;]

PROA Comunicación
