{"id":44992,"date":"2025-07-22T09:16:23","date_gmt":"2025-07-22T07:16:23","guid":{"rendered":"https:\/\/proacomunicacion.es\/?post_type=equipo&#038;p=44992"},"modified":"2025-08-04T15:36:25","modified_gmt":"2025-08-04T13:36:25","slug":"javier-zapatero","status":"publish","type":"equipo","link":"https:\/\/proacomunicacion.es\/en\/equipo\/javier-zapatero\/","title":{"rendered":"Javier Zapatero"},"content":{"rendered":"<p>Javier Zapatero is a Creative Director specialising in branding and brand creation, with more than 20 years of experience in building and managing strong corporate identities and integrated communication campaigns. Throughout his career in agencies such as Ogilvy &amp; Mather Mexico, Vitruvio\/Leo Burnett, Adsolut, or his own, Marzo, he has worked with leading brands such as Jaguar, Unilever and Schweppes, developing creative strategies that strengthen the image and positioning of brands in competitive markets. He currently works as creative director for PROA Comunicaci\u00f3n where he promotes branding projects that combine design, creativity and innovation, consolidating brands through original content and a comprehensive strategic vision. His work has been recognised with international awards such as the Bronze Lion at Cannes and Gold at the Clio Awards, especially for campaigns that stand out for their impact and creativity.<\/p>","protected":false},"featured_media":45433,"template":"","class_list":["post-44992","equipo","type-equipo","status-publish","has-post-thumbnail","hentry"],"yoast_head":"<!-- This site is optimized with the Yoast SEO plugin v27.0 - https:\/\/yoast.com\/product\/yoast-seo-wordpress\/ -->\n<title>Javier Zapatero - PROA Comunicaci\u00f3n<\/title>\n<meta name=\"robots\" content=\"index, follow, max-snippet:-1, max-image-preview:large, max-video-preview:-1\" \/>\n<link rel=\"canonical\" href=\"https:\/\/proacomunicacion.es\/en\/team\/javier-zapatero\/\" \/>\n<meta property=\"og:locale\" content=\"en_GB\" \/>\n<meta property=\"og:type\" content=\"article\" \/>\n<meta property=\"og:title\" content=\"Javier Zapatero - PROA Comunicaci\u00f3n\" \/>\n<meta property=\"og:description\" content=\"Javier Zapatero es un Director Creativo especializado en branding y creaci\u00f3n de marcas, con m\u00e1s de 20 a\u00f1os de experiencia en la construcci\u00f3n y gesti\u00f3n de identidades corporativas s\u00f3lidas y campa\u00f1as integrales de comunicaci\u00f3n. A lo largo de su trayectoria en agencias como Ogilvy &amp; Mather M\u00e9xico, Vitruvio\/Leo Burnett, Adsolut, o la suya propia, Marzo, [&hellip;]\" \/>\n<meta property=\"og:url\" content=\"https:\/\/proacomunicacion.es\/en\/team\/javier-zapatero\/\" \/>\n<meta property=\"og:site_name\" content=\"PROA Comunicaci\u00f3n\" \/>\n<meta property=\"article:modified_time\" content=\"2025-08-04T13:36:25+00:00\" \/>\n<meta property=\"og:image\" content=\"https:\/\/proacomunicacion.es\/wp-content\/uploads\/2025\/08\/16-Javier-Zapatero-900x900-1.jpg\" \/>\n\t<meta property=\"og:image:width\" content=\"900\" \/>\n\t<meta property=\"og:image:height\" content=\"900\" \/>\n\t<meta property=\"og:image:type\" content=\"image\/jpeg\" \/>\n<meta name=\"twitter:card\" content=\"summary_large_image\" \/>\n<meta name=\"twitter:site\" content=\"@proacomunica\" \/>\n<meta name=\"twitter:label1\" content=\"Estimated reading time\" \/>\n\t<meta name=\"twitter:data1\" content=\"1 minute\" \/>\n<script type=\"application\/ld+json\" class=\"yoast-schema-graph\">{\"@context\":\"https:\/\/schema.org\",\"@graph\":[{\"@type\":\"WebPage\",\"@id\":\"https:\/\/proacomunicacion.es\/equipo\/javier-zapatero\/\",\"url\":\"https:\/\/proacomunicacion.es\/equipo\/javier-zapatero\/\",\"name\":\"Javier Zapatero - PROA Comunicaci\u00f3n\",\"isPartOf\":{\"@id\":\"https:\/\/proacomunicacion.es\/#website\"},\"primaryImageOfPage\":{\"@id\":\"https:\/\/proacomunicacion.es\/equipo\/javier-zapatero\/#primaryimage\"},\"image\":{\"@id\":\"https:\/\/proacomunicacion.es\/equipo\/javier-zapatero\/#primaryimage\"},\"thumbnailUrl\":\"https:\/\/proacomunicacion.es\/wp-content\/uploads\/2025\/08\/16-Javier-Zapatero-900x900-1.jpg\",\"datePublished\":\"2025-07-22T07:16:23+00:00\",\"dateModified\":\"2025-08-04T13:36:25+00:00\",\"breadcrumb\":{\"@id\":\"https:\/\/proacomunicacion.es\/equipo\/javier-zapatero\/#breadcrumb\"},\"inLanguage\":\"en-GB\",\"potentialAction\":[{\"@type\":\"ReadAction\",\"target\":[\"https:\/\/proacomunicacion.es\/equipo\/javier-zapatero\/\"]}]},{\"@type\":\"ImageObject\",\"inLanguage\":\"en-GB\",\"@id\":\"https:\/\/proacomunicacion.es\/equipo\/javier-zapatero\/#primaryimage\",\"url\":\"https:\/\/proacomunicacion.es\/wp-content\/uploads\/2025\/08\/16-Javier-Zapatero-900x900-1.jpg\",\"contentUrl\":\"https:\/\/proacomunicacion.es\/wp-content\/uploads\/2025\/08\/16-Javier-Zapatero-900x900-1.jpg\",\"width\":900,\"height\":900,\"caption\":\"Javier Zapatero\"},{\"@type\":\"BreadcrumbList\",\"@id\":\"https:\/\/proacomunicacion.es\/equipo\/javier-zapatero\/#breadcrumb\",\"itemListElement\":[{\"@type\":\"ListItem\",\"position\":1,\"name\":\"Portada\",\"item\":\"https:\/\/proacomunicacion.es\/\"},{\"@type\":\"ListItem\",\"position\":2,\"name\":\"Equipo\",\"item\":\"https:\/\/proacomunicacion.es\/equipo\/\"},{\"@type\":\"ListItem\",\"position\":3,\"name\":\"Javier Zapatero\"}]},{\"@type\":\"WebSite\",\"@id\":\"https:\/\/proacomunicacion.es\/#website\",\"url\":\"https:\/\/proacomunicacion.es\/\",\"name\":\"PROA Comunicaci\u00f3n\",\"description\":\"Agencia de Comunicaci\u00f3n Corporativa en Madrid, Barcelona y Galicia.\",\"publisher\":{\"@id\":\"https:\/\/proacomunicacion.es\/#organization\"},\"alternateName\":\"PROA Comunicaci\u00f3n\",\"potentialAction\":[{\"@type\":\"SearchAction\",\"target\":{\"@type\":\"EntryPoint\",\"urlTemplate\":\"https:\/\/proacomunicacion.es\/?s={search_term_string}\"},\"query-input\":{\"@type\":\"PropertyValueSpecification\",\"valueRequired\":true,\"valueName\":\"search_term_string\"}}],\"inLanguage\":\"en-GB\"},{\"@type\":\"Organization\",\"@id\":\"https:\/\/proacomunicacion.es\/#organization\",\"name\":\"PROA Comunicaci\u00f3n\",\"alternateName\":\"PROA Comunicaci\u00f3n\",\"url\":\"https:\/\/proacomunicacion.es\/\",\"logo\":{\"@type\":\"ImageObject\",\"inLanguage\":\"en-GB\",\"@id\":\"https:\/\/proacomunicacion.es\/#\/schema\/logo\/image\/\",\"url\":\"https:\/\/proacomunicacion.es\/wp-content\/uploads\/2024\/01\/Logo_Light.svg\",\"contentUrl\":\"https:\/\/proacomunicacion.es\/wp-content\/uploads\/2024\/01\/Logo_Light.svg\",\"width\":136,\"height\":33,\"caption\":\"PROA Comunicaci\u00f3n\"},\"image\":{\"@id\":\"https:\/\/proacomunicacion.es\/#\/schema\/logo\/image\/\"},\"sameAs\":[\"https:\/\/x.com\/proacomunica\",\"https:\/\/es.linkedin.com\/company\/proa-comunicacion_2\",\"https:\/\/www.instagram.com\/proacomunica\/\",\"https:\/\/www.youtube.com\/@proacomunicacion\",\"https:\/\/es.wikipedia.org\/wiki\/PROA_Comunicacin\"]}]}<\/script>\n<!-- \/ Yoast SEO plugin. -->","yoast_head_json":{"title":"Javier Zapatero - PROA Communication","robots":{"index":"index","follow":"follow","max-snippet":"max-snippet:-1","max-image-preview":"max-image-preview:large","max-video-preview":"max-video-preview:-1"},"canonical":"https:\/\/proacomunicacion.es\/en\/team\/javier-zapatero\/","og_locale":"en_GB","og_type":"article","og_title":"Javier Zapatero - PROA Comunicaci\u00f3n","og_description":"Javier Zapatero es un Director Creativo especializado en branding y creaci\u00f3n de marcas, con m\u00e1s de 20 a\u00f1os de experiencia en la construcci\u00f3n y gesti\u00f3n de identidades corporativas s\u00f3lidas y campa\u00f1as integrales de comunicaci\u00f3n. A lo largo de su trayectoria en agencias como Ogilvy &amp; Mather M\u00e9xico, Vitruvio\/Leo Burnett, Adsolut, o la suya propia, Marzo, [&hellip;]","og_url":"https:\/\/proacomunicacion.es\/en\/team\/javier-zapatero\/","og_site_name":"PROA Comunicaci\u00f3n","article_modified_time":"2025-08-04T13:36:25+00:00","og_image":[{"width":900,"height":900,"url":"https:\/\/proacomunicacion.es\/wp-content\/uploads\/2025\/08\/16-Javier-Zapatero-900x900-1.jpg","type":"image\/jpeg"}],"twitter_card":"summary_large_image","twitter_site":"@proacomunica","twitter_misc":{"Estimated reading time":"1 minute"},"schema":{"@context":"https:\/\/schema.org","@graph":[{"@type":"WebPage","@id":"https:\/\/proacomunicacion.es\/equipo\/javier-zapatero\/","url":"https:\/\/proacomunicacion.es\/equipo\/javier-zapatero\/","name":"Javier Zapatero - PROA Communication","isPartOf":{"@id":"https:\/\/proacomunicacion.es\/#website"},"primaryImageOfPage":{"@id":"https:\/\/proacomunicacion.es\/equipo\/javier-zapatero\/#primaryimage"},"image":{"@id":"https:\/\/proacomunicacion.es\/equipo\/javier-zapatero\/#primaryimage"},"thumbnailUrl":"https:\/\/proacomunicacion.es\/wp-content\/uploads\/2025\/08\/16-Javier-Zapatero-900x900-1.jpg","datePublished":"2025-07-22T07:16:23+00:00","dateModified":"2025-08-04T13:36:25+00:00","breadcrumb":{"@id":"https:\/\/proacomunicacion.es\/equipo\/javier-zapatero\/#breadcrumb"},"inLanguage":"en-GB","potentialAction":[{"@type":"ReadAction","target":["https:\/\/proacomunicacion.es\/equipo\/javier-zapatero\/"]}]},{"@type":"ImageObject","inLanguage":"en-GB","@id":"https:\/\/proacomunicacion.es\/equipo\/javier-zapatero\/#primaryimage","url":"https:\/\/proacomunicacion.es\/wp-content\/uploads\/2025\/08\/16-Javier-Zapatero-900x900-1.jpg","contentUrl":"https:\/\/proacomunicacion.es\/wp-content\/uploads\/2025\/08\/16-Javier-Zapatero-900x900-1.jpg","width":900,"height":900,"caption":"Javier Zapatero"},{"@type":"BreadcrumbList","@id":"https:\/\/proacomunicacion.es\/equipo\/javier-zapatero\/#breadcrumb","itemListElement":[{"@type":"ListItem","position":1,"name":"Portada","item":"https:\/\/proacomunicacion.es\/"},{"@type":"ListItem","position":2,"name":"Equipo","item":"https:\/\/proacomunicacion.es\/equipo\/"},{"@type":"ListItem","position":3,"name":"Javier Zapatero"}]},{"@type":"WebSite","@id":"https:\/\/proacomunicacion.es\/#website","url":"https:\/\/proacomunicacion.es\/","name":"PROA Communication","description":"Corporate Communications Agency in Madrid, Barcelona and Galicia.","publisher":{"@id":"https:\/\/proacomunicacion.es\/#organization"},"alternateName":"PROA Comunicaci\u00f3n","potentialAction":[{"@type":"SearchAction","target":{"@type":"EntryPoint","urlTemplate":"https:\/\/proacomunicacion.es\/?s={search_term_string}"},"query-input":{"@type":"PropertyValueSpecification","valueRequired":true,"valueName":"search_term_string"}}],"inLanguage":"en-GB"},{"@type":"Organization","@id":"https:\/\/proacomunicacion.es\/#organization","name":"PROA Communication","alternateName":"PROA Comunicaci\u00f3n","url":"https:\/\/proacomunicacion.es\/","logo":{"@type":"ImageObject","inLanguage":"en-GB","@id":"https:\/\/proacomunicacion.es\/#\/schema\/logo\/image\/","url":"https:\/\/proacomunicacion.es\/wp-content\/uploads\/2024\/01\/Logo_Light.svg","contentUrl":"https:\/\/proacomunicacion.es\/wp-content\/uploads\/2024\/01\/Logo_Light.svg","width":136,"height":33,"caption":"PROA Comunicaci\u00f3n"},"image":{"@id":"https:\/\/proacomunicacion.es\/#\/schema\/logo\/image\/"},"sameAs":["https:\/\/x.com\/proacomunica","https:\/\/es.linkedin.com\/company\/proa-comunicacion_2","https:\/\/www.instagram.com\/proacomunica\/","https:\/\/www.youtube.com\/@proacomunicacion","https:\/\/es.wikipedia.org\/wiki\/PROA_Comunicacin"]}]}},"_links":{"self":[{"href":"https:\/\/proacomunicacion.es\/en\/wp-json\/wp\/v2\/equipo\/44992","targetHints":{"allow":["GET"]}}],"collection":[{"href":"https:\/\/proacomunicacion.es\/en\/wp-json\/wp\/v2\/equipo"}],"about":[{"href":"https:\/\/proacomunicacion.es\/en\/wp-json\/wp\/v2\/types\/equipo"}],"wp:featuredmedia":[{"embeddable":true,"href":"https:\/\/proacomunicacion.es\/en\/wp-json\/wp\/v2\/media\/45433"}],"wp:attachment":[{"href":"https:\/\/proacomunicacion.es\/en\/wp-json\/wp\/v2\/media?parent=44992"}],"curies":[{"name":"wp","href":"https:\/\/api.w.org\/{rel}","templated":true}]}}

<p>Javier Zapatero is a Creative Director specialising in branding and brand creation, with more than 20 years of experience in building and managing strong corporate identities and integrated communication campaigns. Throughout his career in agencies such as Ogilvy &amp; Mather Mexico, Vitruvio/Leo Burnett, Adsolut, or his own, Marzo, he has worked with leading brands such as Jaguar, Unilever and Schweppes, developing creative strategies that strengthen the image and positioning of brands in competitive markets. He currently works as creative director for PROA Comunicación where he promotes branding projects that combine design, creativity and innovation, consolidating brands through original content and a comprehensive strategic vision. His work has been recognised with international awards such as the Bronze Lion at Cannes and Gold at the Clio Awards, especially for campaigns that stand out for their impact and creativity.</p>

<!-- This site is optimized with the Yoast SEO plugin v27.0 - https://yoast.com/product/yoast-seo-wordpress/ -->
<title>Javier Zapatero - PROA Comunicación</title>
<meta name="robots" content="index, follow, max-snippet:-1, max-image-preview:large, max-video-preview:-1" />
<link rel="canonical" href="https://proacomunicacion.es/en/team/javier-zapatero/" />
<meta property="og:locale" content="en_GB" />
<meta property="og:type" content="article" />
<meta property="og:title" content="Javier Zapatero - PROA Comunicación" />
<meta property="og:description" content="Javier Zapatero es un Director Creativo especializado en branding y creación de marcas, con más de 20 años de experiencia en la construcción y gestión de identidades corporativas sólidas y campañas integrales de comunicación. A lo largo de su trayectoria en agencias como Ogilvy &amp; Mather México, Vitruvio/Leo Burnett, Adsolut, o la suya propia, Marzo, [&hellip;]" />
<meta property="og:url" content="https://proacomunicacion.es/en/team/javier-zapatero/" />
<meta property="og:site_name" content="PROA Comunicación" />
<meta property="article:modified_time" content="2025-08-04T13:36:25+00:00" />
<meta property="og:image" content="https://proacomunicacion.es/wp-content/uploads/2025/08/16-Javier-Zapatero-900x900-1.jpg" />
	<meta property="og:image:width" content="900" />
	<meta property="og:image:height" content="900" />
	<meta property="og:image:type" content="image/jpeg" />
<meta name="twitter:card" content="summary_large_image" />
<meta name="twitter:site" content="@proacomunica" />
<meta name="twitter:label1" content="Estimated reading time" />
	<meta name="twitter:data1" content="1 minute" />
<script type="application/ld+json" class="yoast-schema-graph">{"@context":"https://schema.org","@graph":[{"@type":"WebPage","@id":"https://proacomunicacion.es/equipo/javier-zapatero/","url":"https://proacomunicacion.es/equipo/javier-zapatero/","name":"Javier Zapatero - PROA Comunicación","isPartOf":{"@id":"https://proacomunicacion.es/#website"},"primaryImageOfPage":{"@id":"https://proacomunicacion.es/equipo/javier-zapatero/#primaryimage"},"image":{"@id":"https://proacomunicacion.es/equipo/javier-zapatero/#primaryimage"},"thumbnailUrl":"https://proacomunicacion.es/wp-content/uploads/2025/08/16-Javier-Zapatero-900x900-1.jpg","datePublished":"2025-07-22T07:16:23+00:00","dateModified":"2025-08-04T13:36:25+00:00","breadcrumb":{"@id":"https://proacomunicacion.es/equipo/javier-zapatero/#breadcrumb"},"inLanguage":"en-GB","potentialAction":[{"@type":"ReadAction","target":["https://proacomunicacion.es/equipo/javier-zapatero/"]}]},{"@type":"ImageObject","inLanguage":"en-GB","@id":"https://proacomunicacion.es/equipo/javier-zapatero/#primaryimage","url":"https://proacomunicacion.es/wp-content/uploads/2025/08/16-Javier-Zapatero-900x900-1.jpg","contentUrl":"https://proacomunicacion.es/wp-content/uploads/2025/08/16-Javier-Zapatero-900x900-1.jpg","width":900,"height":900,"caption":"Javier Zapatero"},{"@type":"BreadcrumbList","@id":"https://proacomunicacion.es/equipo/javier-zapatero/#breadcrumb","itemListElement":[{"@type":"ListItem","position":1,"name":"Portada","item":"https://proacomunicacion.es/"},{"@type":"ListItem","position":2,"name":"Equipo","item":"https://proacomunicacion.es/equipo/"},{"@type":"ListItem","position":3,"name":"Javier Zapatero"}]},{"@type":"WebSite","@id":"https://proacomunicacion.es/#website","url":"https://proacomunicacion.es/","name":"PROA Comunicación","description":"Agencia de Comunicación Corporativa en Madrid, Barcelona y Galicia.","publisher":{"@id":"https://proacomunicacion.es/#organization"},"alternateName":"PROA Comunicación","potentialAction":[{"@type":"SearchAction","target":{"@type":"EntryPoint","urlTemplate":"https://proacomunicacion.es/?s={search_term_string}"},"query-input":{"@type":"PropertyValueSpecification","valueRequired":true,"valueName":"search_term_string"}}],"inLanguage":"en-GB"},{"@type":"Organization","@id":"https://proacomunicacion.es/#organization","name":"PROA Comunicación","alternateName":"PROA Comunicación","url":"https://proacomunicacion.es/","logo":{"@type":"ImageObject","inLanguage":"en-GB","@id":"https://proacomunicacion.es/#/schema/logo/image/","url":"https://proacomunicacion.es/wp-content/uploads/2024/01/Logo_Light.svg","contentUrl":"https://proacomunicacion.es/wp-content/uploads/2024/01/Logo_Light.svg","width":136,"height":33,"caption":"PROA Comunicación"},"image":{"@id":"https://proacomunicacion.es/#/schema/logo/image/"},"sameAs":["https://x.com/proacomunica","https://es.linkedin.com/company/proa-comunicacion_2","https://www.instagram.com/proacomunica/","https://www.youtube.com/@proacomunicacion","https://es.wikipedia.org/wiki/PROA_Comunicacin"]}]}</script>
<!-- / Yoast SEO plugin. -->

Javier Zapatero - PROA Comunicación

Javier Zapatero es un Director Creativo especializado en branding y creación de marcas, con más de 20 años de experiencia en la construcción y gestión de identidades corporativas sólidas y campañas integrales de comunicación. A lo largo de su trayectoria en agencias como Ogilvy &amp; Mather México, Vitruvio/Leo Burnett, Adsolut, o la suya propia, Marzo, [&hellip;]

PROA Comunicación
