{"id":45000,"date":"2025-07-22T09:11:05","date_gmt":"2025-07-22T07:11:05","guid":{"rendered":"https:\/\/proacomunicacion.es\/?post_type=equipo&#038;p=45000"},"modified":"2025-08-04T15:34:57","modified_gmt":"2025-08-04T13:34:57","slug":"ana-gomez","status":"publish","type":"equipo","link":"https:\/\/proacomunicacion.es\/en\/equipo\/ana-gomez\/","title":{"rendered":"Ana G\u00f3mez"},"content":{"rendered":"<p>Ana has more than ten years of experience in the management of communication and institutional offices. She has worked and executed different campaigns and communication plans, both institutional and political, as well as for different strategic sectors. Ana has been Head of Communications for the President of the Provincial Council of Pontevedra and Director of Cabinet in the Regional Ministry of Economy and Industry and in the General Secretary of Tourism of the Xunta de Galicia. Ana holds a degree in Art History from the University of Santiago de Compostela, a master's degree in Marketing and Communication and an Executive Programme from ESADE, The Global CCO, in the management of intangible assets.<\/p>","protected":false},"featured_media":45428,"template":"","class_list":["post-45000","equipo","type-equipo","status-publish","has-post-thumbnail","hentry"],"yoast_head":"<!-- This site is optimized with the Yoast SEO plugin v27.0 - https:\/\/yoast.com\/product\/yoast-seo-wordpress\/ -->\n<title>Ana G\u00f3mez - PROA Comunicaci\u00f3n<\/title>\n<meta name=\"robots\" content=\"index, follow, max-snippet:-1, max-image-preview:large, max-video-preview:-1\" \/>\n<link rel=\"canonical\" href=\"https:\/\/proacomunicacion.es\/en\/team\/ana-gomez\/\" \/>\n<meta property=\"og:locale\" content=\"en_GB\" \/>\n<meta property=\"og:type\" content=\"article\" \/>\n<meta property=\"og:title\" content=\"Ana G\u00f3mez - PROA Comunicaci\u00f3n\" \/>\n<meta property=\"og:description\" content=\"Ana cuenta con m\u00e1s de diez a\u00f1os de experiencia en la direcci\u00f3n de gabinetes de comunicaci\u00f3n y gabinetes institucionales. Ha trabajado y ejecutado distintas campa\u00f1as y planes de comunicaci\u00f3n, tanto institucionales y pol\u00edticas, como de distintos sectores estrat\u00e9gicos. Ana, ha sido Jefa de Comunicaci\u00f3n del Presidente de la Diputaci\u00f3n de Pontevedra y Directora de Gabinete [&hellip;]\" \/>\n<meta property=\"og:url\" content=\"https:\/\/proacomunicacion.es\/en\/team\/ana-gomez\/\" \/>\n<meta property=\"og:site_name\" content=\"PROA Comunicaci\u00f3n\" \/>\n<meta property=\"article:modified_time\" content=\"2025-08-04T13:34:57+00:00\" \/>\n<meta property=\"og:image\" content=\"https:\/\/proacomunicacion.es\/wp-content\/uploads\/2025\/08\/11-Ana-Gomez-900x900-1.jpg\" \/>\n\t<meta property=\"og:image:width\" content=\"900\" \/>\n\t<meta property=\"og:image:height\" content=\"900\" \/>\n\t<meta property=\"og:image:type\" content=\"image\/jpeg\" \/>\n<meta name=\"twitter:card\" content=\"summary_large_image\" \/>\n<meta name=\"twitter:site\" content=\"@proacomunica\" \/>\n<meta name=\"twitter:label1\" content=\"Estimated reading time\" \/>\n\t<meta name=\"twitter:data1\" content=\"1 minute\" \/>\n<script type=\"application\/ld+json\" class=\"yoast-schema-graph\">{\"@context\":\"https:\/\/schema.org\",\"@graph\":[{\"@type\":\"WebPage\",\"@id\":\"https:\/\/proacomunicacion.es\/equipo\/ana-gomez\/\",\"url\":\"https:\/\/proacomunicacion.es\/equipo\/ana-gomez\/\",\"name\":\"Ana G\u00f3mez - PROA Comunicaci\u00f3n\",\"isPartOf\":{\"@id\":\"https:\/\/proacomunicacion.es\/#website\"},\"primaryImageOfPage\":{\"@id\":\"https:\/\/proacomunicacion.es\/equipo\/ana-gomez\/#primaryimage\"},\"image\":{\"@id\":\"https:\/\/proacomunicacion.es\/equipo\/ana-gomez\/#primaryimage\"},\"thumbnailUrl\":\"https:\/\/proacomunicacion.es\/wp-content\/uploads\/2025\/08\/11-Ana-Gomez-900x900-1.jpg\",\"datePublished\":\"2025-07-22T07:11:05+00:00\",\"dateModified\":\"2025-08-04T13:34:57+00:00\",\"breadcrumb\":{\"@id\":\"https:\/\/proacomunicacion.es\/equipo\/ana-gomez\/#breadcrumb\"},\"inLanguage\":\"en-GB\",\"potentialAction\":[{\"@type\":\"ReadAction\",\"target\":[\"https:\/\/proacomunicacion.es\/equipo\/ana-gomez\/\"]}]},{\"@type\":\"ImageObject\",\"inLanguage\":\"en-GB\",\"@id\":\"https:\/\/proacomunicacion.es\/equipo\/ana-gomez\/#primaryimage\",\"url\":\"https:\/\/proacomunicacion.es\/wp-content\/uploads\/2025\/08\/11-Ana-Gomez-900x900-1.jpg\",\"contentUrl\":\"https:\/\/proacomunicacion.es\/wp-content\/uploads\/2025\/08\/11-Ana-Gomez-900x900-1.jpg\",\"width\":900,\"height\":900,\"caption\":\"Ana G\u00f3mez\"},{\"@type\":\"BreadcrumbList\",\"@id\":\"https:\/\/proacomunicacion.es\/equipo\/ana-gomez\/#breadcrumb\",\"itemListElement\":[{\"@type\":\"ListItem\",\"position\":1,\"name\":\"Portada\",\"item\":\"https:\/\/proacomunicacion.es\/\"},{\"@type\":\"ListItem\",\"position\":2,\"name\":\"Equipo\",\"item\":\"https:\/\/proacomunicacion.es\/equipo\/\"},{\"@type\":\"ListItem\",\"position\":3,\"name\":\"Ana G\u00f3mez\"}]},{\"@type\":\"WebSite\",\"@id\":\"https:\/\/proacomunicacion.es\/#website\",\"url\":\"https:\/\/proacomunicacion.es\/\",\"name\":\"PROA Comunicaci\u00f3n\",\"description\":\"Agencia de Comunicaci\u00f3n Corporativa en Madrid, Barcelona y Galicia.\",\"publisher\":{\"@id\":\"https:\/\/proacomunicacion.es\/#organization\"},\"alternateName\":\"PROA Comunicaci\u00f3n\",\"potentialAction\":[{\"@type\":\"SearchAction\",\"target\":{\"@type\":\"EntryPoint\",\"urlTemplate\":\"https:\/\/proacomunicacion.es\/?s={search_term_string}\"},\"query-input\":{\"@type\":\"PropertyValueSpecification\",\"valueRequired\":true,\"valueName\":\"search_term_string\"}}],\"inLanguage\":\"en-GB\"},{\"@type\":\"Organization\",\"@id\":\"https:\/\/proacomunicacion.es\/#organization\",\"name\":\"PROA Comunicaci\u00f3n\",\"alternateName\":\"PROA Comunicaci\u00f3n\",\"url\":\"https:\/\/proacomunicacion.es\/\",\"logo\":{\"@type\":\"ImageObject\",\"inLanguage\":\"en-GB\",\"@id\":\"https:\/\/proacomunicacion.es\/#\/schema\/logo\/image\/\",\"url\":\"https:\/\/proacomunicacion.es\/wp-content\/uploads\/2024\/01\/Logo_Light.svg\",\"contentUrl\":\"https:\/\/proacomunicacion.es\/wp-content\/uploads\/2024\/01\/Logo_Light.svg\",\"width\":136,\"height\":33,\"caption\":\"PROA Comunicaci\u00f3n\"},\"image\":{\"@id\":\"https:\/\/proacomunicacion.es\/#\/schema\/logo\/image\/\"},\"sameAs\":[\"https:\/\/x.com\/proacomunica\",\"https:\/\/es.linkedin.com\/company\/proa-comunicacion_2\",\"https:\/\/www.instagram.com\/proacomunica\/\",\"https:\/\/www.youtube.com\/@proacomunicacion\",\"https:\/\/es.wikipedia.org\/wiki\/PROA_Comunicacin\"]}]}<\/script>\n<!-- \/ Yoast SEO plugin. -->","yoast_head_json":{"title":"Ana G\u00f3mez - PROA Comunicaci\u00f3n","robots":{"index":"index","follow":"follow","max-snippet":"max-snippet:-1","max-image-preview":"max-image-preview:large","max-video-preview":"max-video-preview:-1"},"canonical":"https:\/\/proacomunicacion.es\/en\/team\/ana-gomez\/","og_locale":"en_GB","og_type":"article","og_title":"Ana G\u00f3mez - PROA Comunicaci\u00f3n","og_description":"Ana cuenta con m\u00e1s de diez a\u00f1os de experiencia en la direcci\u00f3n de gabinetes de comunicaci\u00f3n y gabinetes institucionales. Ha trabajado y ejecutado distintas campa\u00f1as y planes de comunicaci\u00f3n, tanto institucionales y pol\u00edticas, como de distintos sectores estrat\u00e9gicos. Ana, ha sido Jefa de Comunicaci\u00f3n del Presidente de la Diputaci\u00f3n de Pontevedra y Directora de Gabinete [&hellip;]","og_url":"https:\/\/proacomunicacion.es\/en\/team\/ana-gomez\/","og_site_name":"PROA Comunicaci\u00f3n","article_modified_time":"2025-08-04T13:34:57+00:00","og_image":[{"width":900,"height":900,"url":"https:\/\/proacomunicacion.es\/wp-content\/uploads\/2025\/08\/11-Ana-Gomez-900x900-1.jpg","type":"image\/jpeg"}],"twitter_card":"summary_large_image","twitter_site":"@proacomunica","twitter_misc":{"Estimated reading time":"1 minute"},"schema":{"@context":"https:\/\/schema.org","@graph":[{"@type":"WebPage","@id":"https:\/\/proacomunicacion.es\/equipo\/ana-gomez\/","url":"https:\/\/proacomunicacion.es\/equipo\/ana-gomez\/","name":"Ana G\u00f3mez - PROA Comunicaci\u00f3n","isPartOf":{"@id":"https:\/\/proacomunicacion.es\/#website"},"primaryImageOfPage":{"@id":"https:\/\/proacomunicacion.es\/equipo\/ana-gomez\/#primaryimage"},"image":{"@id":"https:\/\/proacomunicacion.es\/equipo\/ana-gomez\/#primaryimage"},"thumbnailUrl":"https:\/\/proacomunicacion.es\/wp-content\/uploads\/2025\/08\/11-Ana-Gomez-900x900-1.jpg","datePublished":"2025-07-22T07:11:05+00:00","dateModified":"2025-08-04T13:34:57+00:00","breadcrumb":{"@id":"https:\/\/proacomunicacion.es\/equipo\/ana-gomez\/#breadcrumb"},"inLanguage":"en-GB","potentialAction":[{"@type":"ReadAction","target":["https:\/\/proacomunicacion.es\/equipo\/ana-gomez\/"]}]},{"@type":"ImageObject","inLanguage":"en-GB","@id":"https:\/\/proacomunicacion.es\/equipo\/ana-gomez\/#primaryimage","url":"https:\/\/proacomunicacion.es\/wp-content\/uploads\/2025\/08\/11-Ana-Gomez-900x900-1.jpg","contentUrl":"https:\/\/proacomunicacion.es\/wp-content\/uploads\/2025\/08\/11-Ana-Gomez-900x900-1.jpg","width":900,"height":900,"caption":"Ana G\u00f3mez"},{"@type":"BreadcrumbList","@id":"https:\/\/proacomunicacion.es\/equipo\/ana-gomez\/#breadcrumb","itemListElement":[{"@type":"ListItem","position":1,"name":"Portada","item":"https:\/\/proacomunicacion.es\/"},{"@type":"ListItem","position":2,"name":"Equipo","item":"https:\/\/proacomunicacion.es\/equipo\/"},{"@type":"ListItem","position":3,"name":"Ana G\u00f3mez"}]},{"@type":"WebSite","@id":"https:\/\/proacomunicacion.es\/#website","url":"https:\/\/proacomunicacion.es\/","name":"PROA Communication","description":"Corporate Communications Agency in Madrid, Barcelona and Galicia.","publisher":{"@id":"https:\/\/proacomunicacion.es\/#organization"},"alternateName":"PROA Comunicaci\u00f3n","potentialAction":[{"@type":"SearchAction","target":{"@type":"EntryPoint","urlTemplate":"https:\/\/proacomunicacion.es\/?s={search_term_string}"},"query-input":{"@type":"PropertyValueSpecification","valueRequired":true,"valueName":"search_term_string"}}],"inLanguage":"en-GB"},{"@type":"Organization","@id":"https:\/\/proacomunicacion.es\/#organization","name":"PROA Communication","alternateName":"PROA Comunicaci\u00f3n","url":"https:\/\/proacomunicacion.es\/","logo":{"@type":"ImageObject","inLanguage":"en-GB","@id":"https:\/\/proacomunicacion.es\/#\/schema\/logo\/image\/","url":"https:\/\/proacomunicacion.es\/wp-content\/uploads\/2024\/01\/Logo_Light.svg","contentUrl":"https:\/\/proacomunicacion.es\/wp-content\/uploads\/2024\/01\/Logo_Light.svg","width":136,"height":33,"caption":"PROA Comunicaci\u00f3n"},"image":{"@id":"https:\/\/proacomunicacion.es\/#\/schema\/logo\/image\/"},"sameAs":["https:\/\/x.com\/proacomunica","https:\/\/es.linkedin.com\/company\/proa-comunicacion_2","https:\/\/www.instagram.com\/proacomunica\/","https:\/\/www.youtube.com\/@proacomunicacion","https:\/\/es.wikipedia.org\/wiki\/PROA_Comunicacin"]}]}},"_links":{"self":[{"href":"https:\/\/proacomunicacion.es\/en\/wp-json\/wp\/v2\/equipo\/45000","targetHints":{"allow":["GET"]}}],"collection":[{"href":"https:\/\/proacomunicacion.es\/en\/wp-json\/wp\/v2\/equipo"}],"about":[{"href":"https:\/\/proacomunicacion.es\/en\/wp-json\/wp\/v2\/types\/equipo"}],"wp:featuredmedia":[{"embeddable":true,"href":"https:\/\/proacomunicacion.es\/en\/wp-json\/wp\/v2\/media\/45428"}],"wp:attachment":[{"href":"https:\/\/proacomunicacion.es\/en\/wp-json\/wp\/v2\/media?parent=45000"}],"curies":[{"name":"wp","href":"https:\/\/api.w.org\/{rel}","templated":true}]}}

Ana Gómez

<!-- This site is optimized with the Yoast SEO plugin v27.0 - https://yoast.com/product/yoast-seo-wordpress/ -->
<title>Ana Gómez - PROA Comunicación</title>
<meta name="robots" content="index, follow, max-snippet:-1, max-image-preview:large, max-video-preview:-1" />
<link rel="canonical" href="https://proacomunicacion.es/en/team/ana-gomez/" />
<meta property="og:locale" content="en_GB" />
<meta property="og:type" content="article" />
<meta property="og:title" content="Ana Gómez - PROA Comunicación" />
<meta property="og:description" content="Ana cuenta con más de diez años de experiencia en la dirección de gabinetes de comunicación y gabinetes institucionales. Ha trabajado y ejecutado distintas campañas y planes de comunicación, tanto institucionales y políticas, como de distintos sectores estratégicos. Ana, ha sido Jefa de Comunicación del Presidente de la Diputación de Pontevedra y Directora de Gabinete [&hellip;]" />
<meta property="og:url" content="https://proacomunicacion.es/en/team/ana-gomez/" />
<meta property="og:site_name" content="PROA Comunicación" />
<meta property="article:modified_time" content="2025-08-04T13:34:57+00:00" />
<meta property="og:image" content="https://proacomunicacion.es/wp-content/uploads/2025/08/11-Ana-Gomez-900x900-1.jpg" />
	<meta property="og:image:width" content="900" />
	<meta property="og:image:height" content="900" />
	<meta property="og:image:type" content="image/jpeg" />
<meta name="twitter:card" content="summary_large_image" />
<meta name="twitter:site" content="@proacomunica" />
<meta name="twitter:label1" content="Estimated reading time" />
	<meta name="twitter:data1" content="1 minute" />
<script type="application/ld+json" class="yoast-schema-graph">{"@context":"https://schema.org","@graph":[{"@type":"WebPage","@id":"https://proacomunicacion.es/equipo/ana-gomez/","url":"https://proacomunicacion.es/equipo/ana-gomez/","name":"Ana Gómez - PROA Comunicación","isPartOf":{"@id":"https://proacomunicacion.es/#website"},"primaryImageOfPage":{"@id":"https://proacomunicacion.es/equipo/ana-gomez/#primaryimage"},"image":{"@id":"https://proacomunicacion.es/equipo/ana-gomez/#primaryimage"},"thumbnailUrl":"https://proacomunicacion.es/wp-content/uploads/2025/08/11-Ana-Gomez-900x900-1.jpg","datePublished":"2025-07-22T07:11:05+00:00","dateModified":"2025-08-04T13:34:57+00:00","breadcrumb":{"@id":"https://proacomunicacion.es/equipo/ana-gomez/#breadcrumb"},"inLanguage":"en-GB","potentialAction":[{"@type":"ReadAction","target":["https://proacomunicacion.es/equipo/ana-gomez/"]}]},{"@type":"ImageObject","inLanguage":"en-GB","@id":"https://proacomunicacion.es/equipo/ana-gomez/#primaryimage","url":"https://proacomunicacion.es/wp-content/uploads/2025/08/11-Ana-Gomez-900x900-1.jpg","contentUrl":"https://proacomunicacion.es/wp-content/uploads/2025/08/11-Ana-Gomez-900x900-1.jpg","width":900,"height":900,"caption":"Ana Gómez"},{"@type":"BreadcrumbList","@id":"https://proacomunicacion.es/equipo/ana-gomez/#breadcrumb","itemListElement":[{"@type":"ListItem","position":1,"name":"Portada","item":"https://proacomunicacion.es/"},{"@type":"ListItem","position":2,"name":"Equipo","item":"https://proacomunicacion.es/equipo/"},{"@type":"ListItem","position":3,"name":"Ana Gómez"}]},{"@type":"WebSite","@id":"https://proacomunicacion.es/#website","url":"https://proacomunicacion.es/","name":"PROA Comunicación","description":"Agencia de Comunicación Corporativa en Madrid, Barcelona y Galicia.","publisher":{"@id":"https://proacomunicacion.es/#organization"},"alternateName":"PROA Comunicación","potentialAction":[{"@type":"SearchAction","target":{"@type":"EntryPoint","urlTemplate":"https://proacomunicacion.es/?s={search_term_string}"},"query-input":{"@type":"PropertyValueSpecification","valueRequired":true,"valueName":"search_term_string"}}],"inLanguage":"en-GB"},{"@type":"Organization","@id":"https://proacomunicacion.es/#organization","name":"PROA Comunicación","alternateName":"PROA Comunicación","url":"https://proacomunicacion.es/","logo":{"@type":"ImageObject","inLanguage":"en-GB","@id":"https://proacomunicacion.es/#/schema/logo/image/","url":"https://proacomunicacion.es/wp-content/uploads/2024/01/Logo_Light.svg","contentUrl":"https://proacomunicacion.es/wp-content/uploads/2024/01/Logo_Light.svg","width":136,"height":33,"caption":"PROA Comunicación"},"image":{"@id":"https://proacomunicacion.es/#/schema/logo/image/"},"sameAs":["https://x.com/proacomunica","https://es.linkedin.com/company/proa-comunicacion_2","https://www.instagram.com/proacomunica/","https://www.youtube.com/@proacomunicacion","https://es.wikipedia.org/wiki/PROA_Comunicacin"]}]}</script>
<!-- / Yoast SEO plugin. -->

Ana Gómez - PROA Comunicación

Ana cuenta con más de diez años de experiencia en la dirección de gabinetes de comunicación y gabinetes institucionales. Ha trabajado y ejecutado distintas campañas y planes de comunicación, tanto institucionales y políticas, como de distintos sectores estratégicos. Ana, ha sido Jefa de Comunicación del Presidente de la Diputación de Pontevedra y Directora de Gabinete [&hellip;]

PROA Comunicación
