{"id":45013,"date":"2025-07-22T09:00:39","date_gmt":"2025-07-22T07:00:39","guid":{"rendered":"https:\/\/proacomunicacion.es\/?post_type=equipo&#038;p=45013"},"modified":"2026-02-05T18:57:56","modified_gmt":"2026-02-05T17:57:56","slug":"valvanuz-serna-ruiz","status":"publish","type":"equipo","link":"https:\/\/proacomunicacion.es\/en\/equipo\/valvanuz-serna-ruiz\/","title":{"rendered":"Valvanuz Serna Ruiz"},"content":{"rendered":"<p>Valvanuz Serna Ruiz is a specialist in corporate communications, mainly in the FMCG and professional services sectors. She has more than twenty years of experience in the creation, development and execution of comprehensive communication plans for national and international clients from different sectors. He has worked for clients such as Diageo, Talgo, Citigroup, Philip Morris, Colgate and Telef\u00f3nica, advising them at crucial moments of change in the market. In 2015, she joined Luc\u00eda to lead PROA and position it as the benchmark consultancy for effective communication. Valvanuz took her first professional steps at LLYC, and after working at Porter Novelli and Ketchum, she was partner-director of the agency MC Dilo, where she designed and executed, for nine years, external and internal communication plans for Altran, eDreams, La Sirena, Hotel Alfonso XIII, Hotel Mar\u00eda Cristina, 3i, KPMG and NEC. His perfectionism and love of detail are reflected in everything he does, and transmitting his love of his craft to the PROA team is one of his priorities. <\/p>\n\n\n\n<p>She holds a degree in Law from the University of Cantabria and a Corporate Leadership Programme in Entrepreneurship and Innovation from Deusto Business School. She is a member of Deusto Business Alumni. She has also completed the executive programme The Global CCO: Reputation, Brand, Communication and ESG Management, from Corporate Excellence and ESADE, and participates as a guest lecturer in the Master's Degree in Political Communication and Crisis and Emergency Management at the University of Nebrija.<\/p>\n\n\n\n<p><\/p>","protected":false},"featured_media":34540,"template":"","class_list":["post-45013","equipo","type-equipo","status-publish","has-post-thumbnail","hentry"],"yoast_head":"<!-- This site is optimized with the Yoast SEO plugin v27.0 - https:\/\/yoast.com\/product\/yoast-seo-wordpress\/ -->\n<title>Valvanuz Serna Ruiz - PROA Comunicaci\u00f3n<\/title>\n<meta name=\"robots\" content=\"index, follow, max-snippet:-1, max-image-preview:large, max-video-preview:-1\" \/>\n<link rel=\"canonical\" href=\"https:\/\/proacomunicacion.es\/en\/team\/valvanuz-serna-ruiz\/\" \/>\n<meta property=\"og:locale\" content=\"en_GB\" \/>\n<meta property=\"og:type\" content=\"article\" \/>\n<meta property=\"og:title\" content=\"Valvanuz Serna Ruiz - PROA Comunicaci\u00f3n\" \/>\n<meta property=\"og:description\" content=\"Valvanuz Serna Ruiz es especialista en\u00a0comunicaci\u00f3n corporativa\u00a0, principalmente en los sectores de gran consumo y servicios profesionales. Tiene m\u00e1s de veinte a\u00f1os de experiencia en la creaci\u00f3n, desarrollo y ejecuci\u00f3n de planes de comunicaci\u00f3n integrales para clientes nacionales e internacionales de diferentes sectores. Ha trabajado para clientes como Diageo, Talgo, Citigroup, Philip Morris, Colgate y [&hellip;]\" \/>\n<meta property=\"og:url\" content=\"https:\/\/proacomunicacion.es\/en\/team\/valvanuz-serna-ruiz\/\" \/>\n<meta property=\"og:site_name\" content=\"PROA Comunicaci\u00f3n\" \/>\n<meta property=\"article:modified_time\" content=\"2026-02-05T17:57:56+00:00\" \/>\n<meta property=\"og:image\" content=\"https:\/\/proacomunicacion.es\/wp-content\/uploads\/2024\/01\/PROA_Valvanuz-Serna-Ruiz_byn.jpg\" \/>\n\t<meta property=\"og:image:width\" content=\"800\" \/>\n\t<meta property=\"og:image:height\" content=\"800\" \/>\n\t<meta property=\"og:image:type\" content=\"image\/jpeg\" \/>\n<meta name=\"twitter:card\" content=\"summary_large_image\" \/>\n<meta name=\"twitter:site\" content=\"@proacomunica\" \/>\n<meta name=\"twitter:label1\" content=\"Estimated reading time\" \/>\n\t<meta name=\"twitter:data1\" content=\"2 minutes\" \/>\n<script type=\"application\/ld+json\" class=\"yoast-schema-graph\">{\"@context\":\"https:\/\/schema.org\",\"@graph\":[{\"@type\":\"WebPage\",\"@id\":\"https:\/\/proacomunicacion.es\/equipo\/valvanuz-serna-ruiz\/\",\"url\":\"https:\/\/proacomunicacion.es\/equipo\/valvanuz-serna-ruiz\/\",\"name\":\"Valvanuz Serna Ruiz - PROA Comunicaci\u00f3n\",\"isPartOf\":{\"@id\":\"https:\/\/proacomunicacion.es\/#website\"},\"primaryImageOfPage\":{\"@id\":\"https:\/\/proacomunicacion.es\/equipo\/valvanuz-serna-ruiz\/#primaryimage\"},\"image\":{\"@id\":\"https:\/\/proacomunicacion.es\/equipo\/valvanuz-serna-ruiz\/#primaryimage\"},\"thumbnailUrl\":\"https:\/\/proacomunicacion.es\/wp-content\/uploads\/2024\/01\/PROA_Valvanuz-Serna-Ruiz_byn.jpg\",\"datePublished\":\"2025-07-22T07:00:39+00:00\",\"dateModified\":\"2026-02-05T17:57:56+00:00\",\"breadcrumb\":{\"@id\":\"https:\/\/proacomunicacion.es\/equipo\/valvanuz-serna-ruiz\/#breadcrumb\"},\"inLanguage\":\"en-GB\",\"potentialAction\":[{\"@type\":\"ReadAction\",\"target\":[\"https:\/\/proacomunicacion.es\/equipo\/valvanuz-serna-ruiz\/\"]}]},{\"@type\":\"ImageObject\",\"inLanguage\":\"en-GB\",\"@id\":\"https:\/\/proacomunicacion.es\/equipo\/valvanuz-serna-ruiz\/#primaryimage\",\"url\":\"https:\/\/proacomunicacion.es\/wp-content\/uploads\/2024\/01\/PROA_Valvanuz-Serna-Ruiz_byn.jpg\",\"contentUrl\":\"https:\/\/proacomunicacion.es\/wp-content\/uploads\/2024\/01\/PROA_Valvanuz-Serna-Ruiz_byn.jpg\",\"width\":800,\"height\":800,\"caption\":\"Valvanuz Serna Ruiz\"},{\"@type\":\"BreadcrumbList\",\"@id\":\"https:\/\/proacomunicacion.es\/equipo\/valvanuz-serna-ruiz\/#breadcrumb\",\"itemListElement\":[{\"@type\":\"ListItem\",\"position\":1,\"name\":\"Portada\",\"item\":\"https:\/\/proacomunicacion.es\/\"},{\"@type\":\"ListItem\",\"position\":2,\"name\":\"Equipo\",\"item\":\"https:\/\/proacomunicacion.es\/equipo\/\"},{\"@type\":\"ListItem\",\"position\":3,\"name\":\"Valvanuz Serna Ruiz\"}]},{\"@type\":\"WebSite\",\"@id\":\"https:\/\/proacomunicacion.es\/#website\",\"url\":\"https:\/\/proacomunicacion.es\/\",\"name\":\"PROA Comunicaci\u00f3n\",\"description\":\"Agencia de Comunicaci\u00f3n Corporativa en Madrid, Barcelona y Galicia.\",\"publisher\":{\"@id\":\"https:\/\/proacomunicacion.es\/#organization\"},\"alternateName\":\"PROA Comunicaci\u00f3n\",\"potentialAction\":[{\"@type\":\"SearchAction\",\"target\":{\"@type\":\"EntryPoint\",\"urlTemplate\":\"https:\/\/proacomunicacion.es\/?s={search_term_string}\"},\"query-input\":{\"@type\":\"PropertyValueSpecification\",\"valueRequired\":true,\"valueName\":\"search_term_string\"}}],\"inLanguage\":\"en-GB\"},{\"@type\":\"Organization\",\"@id\":\"https:\/\/proacomunicacion.es\/#organization\",\"name\":\"PROA Comunicaci\u00f3n\",\"alternateName\":\"PROA Comunicaci\u00f3n\",\"url\":\"https:\/\/proacomunicacion.es\/\",\"logo\":{\"@type\":\"ImageObject\",\"inLanguage\":\"en-GB\",\"@id\":\"https:\/\/proacomunicacion.es\/#\/schema\/logo\/image\/\",\"url\":\"https:\/\/proacomunicacion.es\/wp-content\/uploads\/2024\/01\/Logo_Light.svg\",\"contentUrl\":\"https:\/\/proacomunicacion.es\/wp-content\/uploads\/2024\/01\/Logo_Light.svg\",\"width\":136,\"height\":33,\"caption\":\"PROA Comunicaci\u00f3n\"},\"image\":{\"@id\":\"https:\/\/proacomunicacion.es\/#\/schema\/logo\/image\/\"},\"sameAs\":[\"https:\/\/x.com\/proacomunica\",\"https:\/\/es.linkedin.com\/company\/proa-comunicacion_2\",\"https:\/\/www.instagram.com\/proacomunica\/\",\"https:\/\/www.youtube.com\/@proacomunicacion\",\"https:\/\/es.wikipedia.org\/wiki\/PROA_Comunicacin\"]}]}<\/script>\n<!-- \/ Yoast SEO plugin. -->","yoast_head_json":{"title":"Valvanuz Serna Ruiz - PROA Communication","robots":{"index":"index","follow":"follow","max-snippet":"max-snippet:-1","max-image-preview":"max-image-preview:large","max-video-preview":"max-video-preview:-1"},"canonical":"https:\/\/proacomunicacion.es\/en\/team\/valvanuz-serna-ruiz\/","og_locale":"en_GB","og_type":"article","og_title":"Valvanuz Serna Ruiz - PROA Comunicaci\u00f3n","og_description":"Valvanuz Serna Ruiz es especialista en\u00a0comunicaci\u00f3n corporativa\u00a0, principalmente en los sectores de gran consumo y servicios profesionales. Tiene m\u00e1s de veinte a\u00f1os de experiencia en la creaci\u00f3n, desarrollo y ejecuci\u00f3n de planes de comunicaci\u00f3n integrales para clientes nacionales e internacionales de diferentes sectores. Ha trabajado para clientes como Diageo, Talgo, Citigroup, Philip Morris, Colgate y [&hellip;]","og_url":"https:\/\/proacomunicacion.es\/en\/team\/valvanuz-serna-ruiz\/","og_site_name":"PROA Comunicaci\u00f3n","article_modified_time":"2026-02-05T17:57:56+00:00","og_image":[{"width":800,"height":800,"url":"https:\/\/proacomunicacion.es\/wp-content\/uploads\/2024\/01\/PROA_Valvanuz-Serna-Ruiz_byn.jpg","type":"image\/jpeg"}],"twitter_card":"summary_large_image","twitter_site":"@proacomunica","twitter_misc":{"Estimated reading time":"2 minutes"},"schema":{"@context":"https:\/\/schema.org","@graph":[{"@type":"WebPage","@id":"https:\/\/proacomunicacion.es\/equipo\/valvanuz-serna-ruiz\/","url":"https:\/\/proacomunicacion.es\/equipo\/valvanuz-serna-ruiz\/","name":"Valvanuz Serna Ruiz - PROA Communication","isPartOf":{"@id":"https:\/\/proacomunicacion.es\/#website"},"primaryImageOfPage":{"@id":"https:\/\/proacomunicacion.es\/equipo\/valvanuz-serna-ruiz\/#primaryimage"},"image":{"@id":"https:\/\/proacomunicacion.es\/equipo\/valvanuz-serna-ruiz\/#primaryimage"},"thumbnailUrl":"https:\/\/proacomunicacion.es\/wp-content\/uploads\/2024\/01\/PROA_Valvanuz-Serna-Ruiz_byn.jpg","datePublished":"2025-07-22T07:00:39+00:00","dateModified":"2026-02-05T17:57:56+00:00","breadcrumb":{"@id":"https:\/\/proacomunicacion.es\/equipo\/valvanuz-serna-ruiz\/#breadcrumb"},"inLanguage":"en-GB","potentialAction":[{"@type":"ReadAction","target":["https:\/\/proacomunicacion.es\/equipo\/valvanuz-serna-ruiz\/"]}]},{"@type":"ImageObject","inLanguage":"en-GB","@id":"https:\/\/proacomunicacion.es\/equipo\/valvanuz-serna-ruiz\/#primaryimage","url":"https:\/\/proacomunicacion.es\/wp-content\/uploads\/2024\/01\/PROA_Valvanuz-Serna-Ruiz_byn.jpg","contentUrl":"https:\/\/proacomunicacion.es\/wp-content\/uploads\/2024\/01\/PROA_Valvanuz-Serna-Ruiz_byn.jpg","width":800,"height":800,"caption":"Valvanuz Serna Ruiz"},{"@type":"BreadcrumbList","@id":"https:\/\/proacomunicacion.es\/equipo\/valvanuz-serna-ruiz\/#breadcrumb","itemListElement":[{"@type":"ListItem","position":1,"name":"Portada","item":"https:\/\/proacomunicacion.es\/"},{"@type":"ListItem","position":2,"name":"Equipo","item":"https:\/\/proacomunicacion.es\/equipo\/"},{"@type":"ListItem","position":3,"name":"Valvanuz Serna Ruiz"}]},{"@type":"WebSite","@id":"https:\/\/proacomunicacion.es\/#website","url":"https:\/\/proacomunicacion.es\/","name":"PROA Communication","description":"Corporate Communications Agency in Madrid, Barcelona and Galicia.","publisher":{"@id":"https:\/\/proacomunicacion.es\/#organization"},"alternateName":"PROA Comunicaci\u00f3n","potentialAction":[{"@type":"SearchAction","target":{"@type":"EntryPoint","urlTemplate":"https:\/\/proacomunicacion.es\/?s={search_term_string}"},"query-input":{"@type":"PropertyValueSpecification","valueRequired":true,"valueName":"search_term_string"}}],"inLanguage":"en-GB"},{"@type":"Organization","@id":"https:\/\/proacomunicacion.es\/#organization","name":"PROA Communication","alternateName":"PROA Comunicaci\u00f3n","url":"https:\/\/proacomunicacion.es\/","logo":{"@type":"ImageObject","inLanguage":"en-GB","@id":"https:\/\/proacomunicacion.es\/#\/schema\/logo\/image\/","url":"https:\/\/proacomunicacion.es\/wp-content\/uploads\/2024\/01\/Logo_Light.svg","contentUrl":"https:\/\/proacomunicacion.es\/wp-content\/uploads\/2024\/01\/Logo_Light.svg","width":136,"height":33,"caption":"PROA Comunicaci\u00f3n"},"image":{"@id":"https:\/\/proacomunicacion.es\/#\/schema\/logo\/image\/"},"sameAs":["https:\/\/x.com\/proacomunica","https:\/\/es.linkedin.com\/company\/proa-comunicacion_2","https:\/\/www.instagram.com\/proacomunica\/","https:\/\/www.youtube.com\/@proacomunicacion","https:\/\/es.wikipedia.org\/wiki\/PROA_Comunicacin"]}]}},"_links":{"self":[{"href":"https:\/\/proacomunicacion.es\/en\/wp-json\/wp\/v2\/equipo\/45013","targetHints":{"allow":["GET"]}}],"collection":[{"href":"https:\/\/proacomunicacion.es\/en\/wp-json\/wp\/v2\/equipo"}],"about":[{"href":"https:\/\/proacomunicacion.es\/en\/wp-json\/wp\/v2\/types\/equipo"}],"wp:featuredmedia":[{"embeddable":true,"href":"https:\/\/proacomunicacion.es\/en\/wp-json\/wp\/v2\/media\/34540"}],"wp:attachment":[{"href":"https:\/\/proacomunicacion.es\/en\/wp-json\/wp\/v2\/media?parent=45013"}],"curies":[{"name":"wp","href":"https:\/\/api.w.org\/{rel}","templated":true}]}}

<p>Valvanuz Serna Ruiz is a specialist in corporate communications, mainly in the FMCG and professional services sectors. She has more than twenty years of experience in the creation, development and execution of comprehensive communication plans for national and international clients from different sectors. He has worked for clients such as Diageo, Talgo, Citigroup, Philip Morris, Colgate and Telefónica, advising them at crucial moments of change in the market. In 2015, she joined Lucía to lead PROA and position it as the benchmark consultancy for effective communication. Valvanuz took her first professional steps at LLYC, and after working at Porter Novelli and Ketchum, she was partner-director of the agency MC Dilo, where she designed and executed, for nine years, external and internal communication plans for Altran, eDreams, La Sirena, Hotel Alfonso XIII, Hotel María Cristina, 3i, KPMG and NEC. His perfectionism and love of detail are reflected in everything he does, and transmitting his love of his craft to the PROA team is one of his priorities. </p>



<p>She holds a degree in Law from the University of Cantabria and a Corporate Leadership Programme in Entrepreneurship and Innovation from Deusto Business School. She is a member of Deusto Business Alumni. She has also completed the executive programme The Global CCO: Reputation, Brand, Communication and ESG Management, from Corporate Excellence and ESADE, and participates as a guest lecturer in the Master's Degree in Political Communication and Crisis and Emergency Management at the University of Nebrija.</p>



<p></p>

<!-- This site is optimized with the Yoast SEO plugin v27.0 - https://yoast.com/product/yoast-seo-wordpress/ -->
<title>Valvanuz Serna Ruiz - PROA Comunicación</title>
<meta name="robots" content="index, follow, max-snippet:-1, max-image-preview:large, max-video-preview:-1" />
<link rel="canonical" href="https://proacomunicacion.es/en/team/valvanuz-serna-ruiz/" />
<meta property="og:locale" content="en_GB" />
<meta property="og:type" content="article" />
<meta property="og:title" content="Valvanuz Serna Ruiz - PROA Comunicación" />
<meta property="og:description" content="Valvanuz Serna Ruiz es especialista en comunicación corporativa , principalmente en los sectores de gran consumo y servicios profesionales. Tiene más de veinte años de experiencia en la creación, desarrollo y ejecución de planes de comunicación integrales para clientes nacionales e internacionales de diferentes sectores. Ha trabajado para clientes como Diageo, Talgo, Citigroup, Philip Morris, Colgate y [&hellip;]" />
<meta property="og:url" content="https://proacomunicacion.es/en/team/valvanuz-serna-ruiz/" />
<meta property="og:site_name" content="PROA Comunicación" />
<meta property="article:modified_time" content="2026-02-05T17:57:56+00:00" />
<meta property="og:image" content="https://proacomunicacion.es/wp-content/uploads/2024/01/PROA_Valvanuz-Serna-Ruiz_byn.jpg" />
	<meta property="og:image:width" content="800" />
	<meta property="og:image:height" content="800" />
	<meta property="og:image:type" content="image/jpeg" />
<meta name="twitter:card" content="summary_large_image" />
<meta name="twitter:site" content="@proacomunica" />
<meta name="twitter:label1" content="Estimated reading time" />
	<meta name="twitter:data1" content="2 minutes" />
<script type="application/ld+json" class="yoast-schema-graph">{"@context":"https://schema.org","@graph":[{"@type":"WebPage","@id":"https://proacomunicacion.es/equipo/valvanuz-serna-ruiz/","url":"https://proacomunicacion.es/equipo/valvanuz-serna-ruiz/","name":"Valvanuz Serna Ruiz - PROA Comunicación","isPartOf":{"@id":"https://proacomunicacion.es/#website"},"primaryImageOfPage":{"@id":"https://proacomunicacion.es/equipo/valvanuz-serna-ruiz/#primaryimage"},"image":{"@id":"https://proacomunicacion.es/equipo/valvanuz-serna-ruiz/#primaryimage"},"thumbnailUrl":"https://proacomunicacion.es/wp-content/uploads/2024/01/PROA_Valvanuz-Serna-Ruiz_byn.jpg","datePublished":"2025-07-22T07:00:39+00:00","dateModified":"2026-02-05T17:57:56+00:00","breadcrumb":{"@id":"https://proacomunicacion.es/equipo/valvanuz-serna-ruiz/#breadcrumb"},"inLanguage":"en-GB","potentialAction":[{"@type":"ReadAction","target":["https://proacomunicacion.es/equipo/valvanuz-serna-ruiz/"]}]},{"@type":"ImageObject","inLanguage":"en-GB","@id":"https://proacomunicacion.es/equipo/valvanuz-serna-ruiz/#primaryimage","url":"https://proacomunicacion.es/wp-content/uploads/2024/01/PROA_Valvanuz-Serna-Ruiz_byn.jpg","contentUrl":"https://proacomunicacion.es/wp-content/uploads/2024/01/PROA_Valvanuz-Serna-Ruiz_byn.jpg","width":800,"height":800,"caption":"Valvanuz Serna Ruiz"},{"@type":"BreadcrumbList","@id":"https://proacomunicacion.es/equipo/valvanuz-serna-ruiz/#breadcrumb","itemListElement":[{"@type":"ListItem","position":1,"name":"Portada","item":"https://proacomunicacion.es/"},{"@type":"ListItem","position":2,"name":"Equipo","item":"https://proacomunicacion.es/equipo/"},{"@type":"ListItem","position":3,"name":"Valvanuz Serna Ruiz"}]},{"@type":"WebSite","@id":"https://proacomunicacion.es/#website","url":"https://proacomunicacion.es/","name":"PROA Comunicación","description":"Agencia de Comunicación Corporativa en Madrid, Barcelona y Galicia.","publisher":{"@id":"https://proacomunicacion.es/#organization"},"alternateName":"PROA Comunicación","potentialAction":[{"@type":"SearchAction","target":{"@type":"EntryPoint","urlTemplate":"https://proacomunicacion.es/?s={search_term_string}"},"query-input":{"@type":"PropertyValueSpecification","valueRequired":true,"valueName":"search_term_string"}}],"inLanguage":"en-GB"},{"@type":"Organization","@id":"https://proacomunicacion.es/#organization","name":"PROA Comunicación","alternateName":"PROA Comunicación","url":"https://proacomunicacion.es/","logo":{"@type":"ImageObject","inLanguage":"en-GB","@id":"https://proacomunicacion.es/#/schema/logo/image/","url":"https://proacomunicacion.es/wp-content/uploads/2024/01/Logo_Light.svg","contentUrl":"https://proacomunicacion.es/wp-content/uploads/2024/01/Logo_Light.svg","width":136,"height":33,"caption":"PROA Comunicación"},"image":{"@id":"https://proacomunicacion.es/#/schema/logo/image/"},"sameAs":["https://x.com/proacomunica","https://es.linkedin.com/company/proa-comunicacion_2","https://www.instagram.com/proacomunica/","https://www.youtube.com/@proacomunicacion","https://es.wikipedia.org/wiki/PROA_Comunicacin"]}]}</script>
<!-- / Yoast SEO plugin. -->

Valvanuz Serna Ruiz - PROA Comunicación

Valvanuz Serna Ruiz es especialista en comunicación corporativa , principalmente en los sectores de gran consumo y servicios profesionales. Tiene más de veinte años de experiencia en la creación, desarrollo y ejecución de planes de comunicación integrales para clientes nacionales e internacionales de diferentes sectores. Ha trabajado para clientes como Diageo, Talgo, Citigroup, Philip Morris, Colgate y [&hellip;]

PROA Comunicación
