{"id":45842,"date":"2025-08-14T10:09:42","date_gmt":"2025-08-14T08:09:42","guid":{"rendered":"https:\/\/proacomunicacion.es\/?post_type=evento&#038;p=45842"},"modified":"2025-10-06T13:13:42","modified_gmt":"2025-10-06T11:13:42","slug":"a-spain-that-works","status":"publish","type":"evento","link":"https:\/\/proacomunicacion.es\/en\/evento\/una-espana-que-funcione\/","title":{"rendered":"A Spain that works"},"content":{"rendered":"<p><strong>PROA Comunicaci\u00f3n is organising on Thursday 17 June the Current Affairs Dialogue 'A Spain that works', with Juan Bravo Baena, deputy secretary general for economics of the Partido Popular. The presenter of the event will be Valvanuz Serna Ruiz, managing partner of PROA Comunicaci\u00f3n.<\/strong><\/p>\n\n\n\n<p>Juan Bravo Baena, a graduate in Law and a civil servant in the Senior Corps of State Tax Inspectors, has held key positions in the Tax Agency and in economic policy, as Minister of Finance in Andalusia and Deputy Secretary of Economy of the Partido Popular.<\/p>\n\n\n\n<p>PROA Comunicaci\u00f3n's 'Current Affairs Dialogues' bring together key figures from the economic, political, media and cultural spheres with entrepreneurs, managers and opinion leaders to contribute to a deeper understanding of reality.<\/p>\n\n\n\n<p>This new edition will take place from 9:00 to 11:30 h.<\/p>\n\n\n\n<p>Attendance is by invitation only. For more information: carlos.pelaez@proacomunicacion.es<\/p>\n\n\n\n<p><\/p>","protected":false},"featured_media":0,"template":"","class_list":["post-45842","evento","type-evento","status-publish","hentry"],"yoast_head":"<!-- This site is optimized with the Yoast SEO plugin v27.0 - https:\/\/yoast.com\/product\/yoast-seo-wordpress\/ -->\n<title>Una Espa\u00f1a que funcione - PROA Comunicaci\u00f3n<\/title>\n<meta name=\"robots\" content=\"index, follow, max-snippet:-1, max-image-preview:large, max-video-preview:-1\" \/>\n<link rel=\"canonical\" href=\"https:\/\/proacomunicacion.es\/en\/event\/a-spain-that-works\/\" \/>\n<meta property=\"og:locale\" content=\"en_GB\" \/>\n<meta property=\"og:type\" content=\"article\" \/>\n<meta property=\"og:title\" content=\"Una Espa\u00f1a que funcione - PROA Comunicaci\u00f3n\" \/>\n<meta property=\"og:description\" content=\"PROA Comunicaci\u00f3n organiza el jueves 17 de junio el Di\u00e1logo de Actualidad \u2018Una Espa\u00f1a que funcione\u2019, con Juan Bravo Baena, vicesecretario general de econom\u00eda del Partido Popular. La presentadora del evento ser\u00e1 Valvanuz Serna Ruiz, socia directora de PROA Comunicaci\u00f3n. Juan Bravo Baena, licenciado en Derecho y funcionario del Cuerpo Superior de Inspectores de Hacienda [&hellip;]\" \/>\n<meta property=\"og:url\" content=\"https:\/\/proacomunicacion.es\/en\/event\/a-spain-that-works\/\" \/>\n<meta property=\"og:site_name\" content=\"PROA Comunicaci\u00f3n\" \/>\n<meta property=\"article:modified_time\" content=\"2025-10-06T11:13:42+00:00\" \/>\n<meta property=\"og:image\" content=\"https:\/\/proacomunicacion.es\/wp-content\/uploads\/2025\/08\/Firefly_radio-de-barco-scaled.jpg\" \/>\n\t<meta property=\"og:image:width\" content=\"2560\" \/>\n\t<meta property=\"og:image:height\" content=\"1414\" \/>\n\t<meta property=\"og:image:type\" content=\"image\/jpeg\" \/>\n<meta name=\"twitter:card\" content=\"summary_large_image\" \/>\n<meta name=\"twitter:site\" content=\"@proacomunica\" \/>\n<meta name=\"twitter:label1\" content=\"Estimated reading time\" \/>\n\t<meta name=\"twitter:data1\" content=\"1 minute\" \/>\n<script type=\"application\/ld+json\" class=\"yoast-schema-graph\">{\"@context\":\"https:\/\/schema.org\",\"@graph\":[{\"@type\":\"WebPage\",\"@id\":\"https:\/\/proacomunicacion.es\/evento\/una-espana-que-funcione\/\",\"url\":\"https:\/\/proacomunicacion.es\/evento\/una-espana-que-funcione\/\",\"name\":\"Una Espa\u00f1a que funcione - PROA Comunicaci\u00f3n\",\"isPartOf\":{\"@id\":\"https:\/\/proacomunicacion.es\/#website\"},\"datePublished\":\"2025-08-14T08:09:42+00:00\",\"dateModified\":\"2025-10-06T11:13:42+00:00\",\"breadcrumb\":{\"@id\":\"https:\/\/proacomunicacion.es\/evento\/una-espana-que-funcione\/#breadcrumb\"},\"inLanguage\":\"en-GB\",\"potentialAction\":[{\"@type\":\"ReadAction\",\"target\":[\"https:\/\/proacomunicacion.es\/evento\/una-espana-que-funcione\/\"]}]},{\"@type\":\"BreadcrumbList\",\"@id\":\"https:\/\/proacomunicacion.es\/evento\/una-espana-que-funcione\/#breadcrumb\",\"itemListElement\":[{\"@type\":\"ListItem\",\"position\":1,\"name\":\"Portada\",\"item\":\"https:\/\/proacomunicacion.es\/\"},{\"@type\":\"ListItem\",\"position\":2,\"name\":\"Eventos\",\"item\":\"https:\/\/proacomunicacion.es\/evento\/\"},{\"@type\":\"ListItem\",\"position\":3,\"name\":\"Una Espa\u00f1a que funcione\"}]},{\"@type\":\"WebSite\",\"@id\":\"https:\/\/proacomunicacion.es\/#website\",\"url\":\"https:\/\/proacomunicacion.es\/\",\"name\":\"PROA Comunicaci\u00f3n\",\"description\":\"Agencia de Comunicaci\u00f3n Corporativa en Madrid, Barcelona y Galicia.\",\"publisher\":{\"@id\":\"https:\/\/proacomunicacion.es\/#organization\"},\"alternateName\":\"PROA Comunicaci\u00f3n\",\"potentialAction\":[{\"@type\":\"SearchAction\",\"target\":{\"@type\":\"EntryPoint\",\"urlTemplate\":\"https:\/\/proacomunicacion.es\/?s={search_term_string}\"},\"query-input\":{\"@type\":\"PropertyValueSpecification\",\"valueRequired\":true,\"valueName\":\"search_term_string\"}}],\"inLanguage\":\"en-GB\"},{\"@type\":\"Organization\",\"@id\":\"https:\/\/proacomunicacion.es\/#organization\",\"name\":\"PROA Comunicaci\u00f3n\",\"alternateName\":\"PROA Comunicaci\u00f3n\",\"url\":\"https:\/\/proacomunicacion.es\/\",\"logo\":{\"@type\":\"ImageObject\",\"inLanguage\":\"en-GB\",\"@id\":\"https:\/\/proacomunicacion.es\/#\/schema\/logo\/image\/\",\"url\":\"https:\/\/proacomunicacion.es\/wp-content\/uploads\/2024\/01\/Logo_Light.svg\",\"contentUrl\":\"https:\/\/proacomunicacion.es\/wp-content\/uploads\/2024\/01\/Logo_Light.svg\",\"width\":136,\"height\":33,\"caption\":\"PROA Comunicaci\u00f3n\"},\"image\":{\"@id\":\"https:\/\/proacomunicacion.es\/#\/schema\/logo\/image\/\"},\"sameAs\":[\"https:\/\/x.com\/proacomunica\",\"https:\/\/es.linkedin.com\/company\/proa-comunicacion_2\",\"https:\/\/www.instagram.com\/proacomunica\/\",\"https:\/\/www.youtube.com\/@proacomunicacion\",\"https:\/\/es.wikipedia.org\/wiki\/PROA_Comunicacin\"]}]}<\/script>\n<!-- \/ Yoast SEO plugin. -->","yoast_head_json":{"title":"A Spain that works - PROA Comunicaci\u00f3n","robots":{"index":"index","follow":"follow","max-snippet":"max-snippet:-1","max-image-preview":"max-image-preview:large","max-video-preview":"max-video-preview:-1"},"canonical":"https:\/\/proacomunicacion.es\/en\/event\/a-spain-that-works\/","og_locale":"en_GB","og_type":"article","og_title":"Una Espa\u00f1a que funcione - PROA Comunicaci\u00f3n","og_description":"PROA Comunicaci\u00f3n organiza el jueves 17 de junio el Di\u00e1logo de Actualidad \u2018Una Espa\u00f1a que funcione\u2019, con Juan Bravo Baena, vicesecretario general de econom\u00eda del Partido Popular. La presentadora del evento ser\u00e1 Valvanuz Serna Ruiz, socia directora de PROA Comunicaci\u00f3n. Juan Bravo Baena, licenciado en Derecho y funcionario del Cuerpo Superior de Inspectores de Hacienda [&hellip;]","og_url":"https:\/\/proacomunicacion.es\/en\/event\/a-spain-that-works\/","og_site_name":"PROA Comunicaci\u00f3n","article_modified_time":"2025-10-06T11:13:42+00:00","og_image":[{"width":2560,"height":1414,"url":"https:\/\/proacomunicacion.es\/wp-content\/uploads\/2025\/08\/Firefly_radio-de-barco-scaled.jpg","type":"image\/jpeg"}],"twitter_card":"summary_large_image","twitter_site":"@proacomunica","twitter_misc":{"Estimated reading time":"1 minute"},"schema":{"@context":"https:\/\/schema.org","@graph":[{"@type":"WebPage","@id":"https:\/\/proacomunicacion.es\/evento\/una-espana-que-funcione\/","url":"https:\/\/proacomunicacion.es\/evento\/una-espana-que-funcione\/","name":"A Spain that works - PROA Comunicaci\u00f3n","isPartOf":{"@id":"https:\/\/proacomunicacion.es\/#website"},"datePublished":"2025-08-14T08:09:42+00:00","dateModified":"2025-10-06T11:13:42+00:00","breadcrumb":{"@id":"https:\/\/proacomunicacion.es\/evento\/una-espana-que-funcione\/#breadcrumb"},"inLanguage":"en-GB","potentialAction":[{"@type":"ReadAction","target":["https:\/\/proacomunicacion.es\/evento\/una-espana-que-funcione\/"]}]},{"@type":"BreadcrumbList","@id":"https:\/\/proacomunicacion.es\/evento\/una-espana-que-funcione\/#breadcrumb","itemListElement":[{"@type":"ListItem","position":1,"name":"Portada","item":"https:\/\/proacomunicacion.es\/"},{"@type":"ListItem","position":2,"name":"Eventos","item":"https:\/\/proacomunicacion.es\/evento\/"},{"@type":"ListItem","position":3,"name":"Una Espa\u00f1a que funcione"}]},{"@type":"WebSite","@id":"https:\/\/proacomunicacion.es\/#website","url":"https:\/\/proacomunicacion.es\/","name":"PROA Communication","description":"Corporate Communications Agency in Madrid, Barcelona and Galicia.","publisher":{"@id":"https:\/\/proacomunicacion.es\/#organization"},"alternateName":"PROA Comunicaci\u00f3n","potentialAction":[{"@type":"SearchAction","target":{"@type":"EntryPoint","urlTemplate":"https:\/\/proacomunicacion.es\/?s={search_term_string}"},"query-input":{"@type":"PropertyValueSpecification","valueRequired":true,"valueName":"search_term_string"}}],"inLanguage":"en-GB"},{"@type":"Organization","@id":"https:\/\/proacomunicacion.es\/#organization","name":"PROA Communication","alternateName":"PROA Comunicaci\u00f3n","url":"https:\/\/proacomunicacion.es\/","logo":{"@type":"ImageObject","inLanguage":"en-GB","@id":"https:\/\/proacomunicacion.es\/#\/schema\/logo\/image\/","url":"https:\/\/proacomunicacion.es\/wp-content\/uploads\/2024\/01\/Logo_Light.svg","contentUrl":"https:\/\/proacomunicacion.es\/wp-content\/uploads\/2024\/01\/Logo_Light.svg","width":136,"height":33,"caption":"PROA Comunicaci\u00f3n"},"image":{"@id":"https:\/\/proacomunicacion.es\/#\/schema\/logo\/image\/"},"sameAs":["https:\/\/x.com\/proacomunica","https:\/\/es.linkedin.com\/company\/proa-comunicacion_2","https:\/\/www.instagram.com\/proacomunica\/","https:\/\/www.youtube.com\/@proacomunicacion","https:\/\/es.wikipedia.org\/wiki\/PROA_Comunicacin"]}]}},"_links":{"self":[{"href":"https:\/\/proacomunicacion.es\/en\/wp-json\/wp\/v2\/evento\/45842","targetHints":{"allow":["GET"]}}],"collection":[{"href":"https:\/\/proacomunicacion.es\/en\/wp-json\/wp\/v2\/evento"}],"about":[{"href":"https:\/\/proacomunicacion.es\/en\/wp-json\/wp\/v2\/types\/evento"}],"wp:attachment":[{"href":"https:\/\/proacomunicacion.es\/en\/wp-json\/wp\/v2\/media?parent=45842"}],"curies":[{"name":"wp","href":"https:\/\/api.w.org\/{rel}","templated":true}]}}

<p><strong>PROA Comunicación is organising on Thursday 17 June the Current Affairs Dialogue 'A Spain that works', with Juan Bravo Baena, deputy secretary general for economics of the Partido Popular. The presenter of the event will be Valvanuz Serna Ruiz, managing partner of PROA Comunicación.</strong></p>



<p>Juan Bravo Baena, a graduate in Law and a civil servant in the Senior Corps of State Tax Inspectors, has held key positions in the Tax Agency and in economic policy, as Minister of Finance in Andalusia and Deputy Secretary of Economy of the Partido Popular.</p>



<p>PROA Comunicación's 'Current Affairs Dialogues' bring together key figures from the economic, political, media and cultural spheres with entrepreneurs, managers and opinion leaders to contribute to a deeper understanding of reality.</p>



<p>This new edition will take place from 9:00 to 11:30 h.</p>



<p>Attendance is by invitation only. For more information: carlos.pelaez@proacomunicacion.es</p>



<p></p>

<!-- This site is optimized with the Yoast SEO plugin v27.0 - https://yoast.com/product/yoast-seo-wordpress/ -->
<title>Una España que funcione - PROA Comunicación</title>
<meta name="robots" content="index, follow, max-snippet:-1, max-image-preview:large, max-video-preview:-1" />
<link rel="canonical" href="https://proacomunicacion.es/en/event/a-spain-that-works/" />
<meta property="og:locale" content="en_GB" />
<meta property="og:type" content="article" />
<meta property="og:title" content="Una España que funcione - PROA Comunicación" />
<meta property="og:description" content="PROA Comunicación organiza el jueves 17 de junio el Diálogo de Actualidad ‘Una España que funcione’, con Juan Bravo Baena, vicesecretario general de economía del Partido Popular. La presentadora del evento será Valvanuz Serna Ruiz, socia directora de PROA Comunicación. Juan Bravo Baena, licenciado en Derecho y funcionario del Cuerpo Superior de Inspectores de Hacienda [&hellip;]" />
<meta property="og:url" content="https://proacomunicacion.es/en/event/a-spain-that-works/" />
<meta property="og:site_name" content="PROA Comunicación" />
<meta property="article:modified_time" content="2025-10-06T11:13:42+00:00" />
<meta property="og:image" content="https://proacomunicacion.es/wp-content/uploads/2025/08/Firefly_radio-de-barco-scaled.jpg" />
	<meta property="og:image:width" content="2560" />
	<meta property="og:image:height" content="1414" />
	<meta property="og:image:type" content="image/jpeg" />
<meta name="twitter:card" content="summary_large_image" />
<meta name="twitter:site" content="@proacomunica" />
<meta name="twitter:label1" content="Estimated reading time" />
	<meta name="twitter:data1" content="1 minute" />
<script type="application/ld+json" class="yoast-schema-graph">{"@context":"https://schema.org","@graph":[{"@type":"WebPage","@id":"https://proacomunicacion.es/evento/una-espana-que-funcione/","url":"https://proacomunicacion.es/evento/una-espana-que-funcione/","name":"Una España que funcione - PROA Comunicación","isPartOf":{"@id":"https://proacomunicacion.es/#website"},"datePublished":"2025-08-14T08:09:42+00:00","dateModified":"2025-10-06T11:13:42+00:00","breadcrumb":{"@id":"https://proacomunicacion.es/evento/una-espana-que-funcione/#breadcrumb"},"inLanguage":"en-GB","potentialAction":[{"@type":"ReadAction","target":["https://proacomunicacion.es/evento/una-espana-que-funcione/"]}]},{"@type":"BreadcrumbList","@id":"https://proacomunicacion.es/evento/una-espana-que-funcione/#breadcrumb","itemListElement":[{"@type":"ListItem","position":1,"name":"Portada","item":"https://proacomunicacion.es/"},{"@type":"ListItem","position":2,"name":"Eventos","item":"https://proacomunicacion.es/evento/"},{"@type":"ListItem","position":3,"name":"Una España que funcione"}]},{"@type":"WebSite","@id":"https://proacomunicacion.es/#website","url":"https://proacomunicacion.es/","name":"PROA Comunicación","description":"Agencia de Comunicación Corporativa en Madrid, Barcelona y Galicia.","publisher":{"@id":"https://proacomunicacion.es/#organization"},"alternateName":"PROA Comunicación","potentialAction":[{"@type":"SearchAction","target":{"@type":"EntryPoint","urlTemplate":"https://proacomunicacion.es/?s={search_term_string}"},"query-input":{"@type":"PropertyValueSpecification","valueRequired":true,"valueName":"search_term_string"}}],"inLanguage":"en-GB"},{"@type":"Organization","@id":"https://proacomunicacion.es/#organization","name":"PROA Comunicación","alternateName":"PROA Comunicación","url":"https://proacomunicacion.es/","logo":{"@type":"ImageObject","inLanguage":"en-GB","@id":"https://proacomunicacion.es/#/schema/logo/image/","url":"https://proacomunicacion.es/wp-content/uploads/2024/01/Logo_Light.svg","contentUrl":"https://proacomunicacion.es/wp-content/uploads/2024/01/Logo_Light.svg","width":136,"height":33,"caption":"PROA Comunicación"},"image":{"@id":"https://proacomunicacion.es/#/schema/logo/image/"},"sameAs":["https://x.com/proacomunica","https://es.linkedin.com/company/proa-comunicacion_2","https://www.instagram.com/proacomunica/","https://www.youtube.com/@proacomunicacion","https://es.wikipedia.org/wiki/PROA_Comunicacin"]}]}</script>
<!-- / Yoast SEO plugin. -->

A Spain that works - PROA Comunicación

Una España que funcione - PROA Comunicación

PROA Comunicación organiza el jueves 17 de junio el Diálogo de Actualidad ‘Una España que funcione’, con Juan Bravo Baena, vicesecretario general de economía del Partido Popular. La presentadora del evento será Valvanuz Serna Ruiz, socia directora de PROA Comunicación. Juan Bravo Baena, licenciado en Derecho y funcionario del Cuerpo Superior de Inspectores de Hacienda [&hellip;]

PROA Comunicación

Una España que funcione
