{"id":46748,"date":"2026-03-25T10:35:59","date_gmt":"2026-03-25T09:35:59","guid":{"rendered":"https:\/\/proacomunicacion.es\/?post_type=evento&#038;p=46748"},"modified":"2026-03-25T10:36:52","modified_gmt":"2026-03-25T09:36:52","slug":"spains-economic-situation-and-alternatives","status":"publish","type":"evento","link":"https:\/\/proacomunicacion.es\/en\/evento\/momento-economico-de-espana-y-alternativas\/","title":{"rendered":"Spain's economic situation and alternatives"},"content":{"rendered":"<p><strong>PROA Comunicaci\u00f3n is organising the Current Affairs Dialogue \u2018Spain's economic moment and alternatives\u2019 on Monday 20 April. The session will be held from 14:00 to 16:30 and will include the participation of Alberto Nadal, Secretary of Economy and Employment of the Partido Popular, and Jordi Sevilla.<\/strong>, <strong>former Minister of Public Administration.<\/strong><\/p>\n\n\n\n<p><strong>Limited capacity. Attendance is by invitation only<\/strong>. For more information:\u00a0<strong><a href=\"mailto:carlos.pelaez@proacomunicacion.es\">carlos.pelaez@proacomunicacion.es<\/a><\/strong><\/p>\n\n\n\n<p><\/p>","protected":false},"featured_media":0,"template":"","class_list":["post-46748","evento","type-evento","status-publish","hentry"],"yoast_head":"<!-- This site is optimized with the Yoast SEO plugin v27.0 - https:\/\/yoast.com\/product\/yoast-seo-wordpress\/ -->\n<title>Momento econ\u00f3mico de Espa\u00f1a y alternativas - PROA Comunicaci\u00f3n<\/title>\n<meta name=\"robots\" content=\"index, follow, max-snippet:-1, max-image-preview:large, max-video-preview:-1\" \/>\n<link rel=\"canonical\" href=\"https:\/\/proacomunicacion.es\/en\/event\/spains-economic-situation-and-alternatives\/\" \/>\n<meta property=\"og:locale\" content=\"en_GB\" \/>\n<meta property=\"og:type\" content=\"article\" \/>\n<meta property=\"og:title\" content=\"Momento econ\u00f3mico de Espa\u00f1a y alternativas - PROA Comunicaci\u00f3n\" \/>\n<meta property=\"og:description\" content=\"PROA Comunicaci\u00f3n\u00a0organiza\u00a0el lunes 20 de abril el Di\u00e1logo de Actualidad &#8216;Momento econ\u00f3mico de Espa\u00f1a y alternativas&#8217;.\u00a0La sesi\u00f3n se celebrar\u00e1 de 14:00 a 16:30 h y contar\u00e1 con la participaci\u00f3n de Alberto Nadal, secretario de Econom\u00eda y Empleo del Partido Popular, y Jordi Sevilla, exministro de Administraciones P\u00fablicas. Aforo limitado. La asistencia es \u00fanicamente a trav\u00e9s [&hellip;]\" \/>\n<meta property=\"og:url\" content=\"https:\/\/proacomunicacion.es\/en\/event\/spains-economic-situation-and-alternatives\/\" \/>\n<meta property=\"og:site_name\" content=\"PROA Comunicaci\u00f3n\" \/>\n<meta property=\"article:modified_time\" content=\"2026-03-25T09:36:52+00:00\" \/>\n<meta property=\"og:image\" content=\"https:\/\/proacomunicacion.es\/wp-content\/uploads\/2025\/08\/Firefly_radio-de-barco-scaled.jpg\" \/>\n\t<meta property=\"og:image:width\" content=\"2560\" \/>\n\t<meta property=\"og:image:height\" content=\"1414\" \/>\n\t<meta property=\"og:image:type\" content=\"image\/jpeg\" \/>\n<meta name=\"twitter:card\" content=\"summary_large_image\" \/>\n<meta name=\"twitter:site\" content=\"@proacomunica\" \/>\n<meta name=\"twitter:label1\" content=\"Estimated reading time\" \/>\n\t<meta name=\"twitter:data1\" content=\"1 minute\" \/>\n<script type=\"application\/ld+json\" class=\"yoast-schema-graph\">{\"@context\":\"https:\/\/schema.org\",\"@graph\":[{\"@type\":\"WebPage\",\"@id\":\"https:\/\/proacomunicacion.es\/evento\/momento-economico-de-espana-y-alternativas\/\",\"url\":\"https:\/\/proacomunicacion.es\/evento\/momento-economico-de-espana-y-alternativas\/\",\"name\":\"Momento econ\u00f3mico de Espa\u00f1a y alternativas - PROA Comunicaci\u00f3n\",\"isPartOf\":{\"@id\":\"https:\/\/proacomunicacion.es\/#website\"},\"datePublished\":\"2026-03-25T09:35:59+00:00\",\"dateModified\":\"2026-03-25T09:36:52+00:00\",\"breadcrumb\":{\"@id\":\"https:\/\/proacomunicacion.es\/evento\/momento-economico-de-espana-y-alternativas\/#breadcrumb\"},\"inLanguage\":\"en-GB\",\"potentialAction\":[{\"@type\":\"ReadAction\",\"target\":[\"https:\/\/proacomunicacion.es\/evento\/momento-economico-de-espana-y-alternativas\/\"]}]},{\"@type\":\"BreadcrumbList\",\"@id\":\"https:\/\/proacomunicacion.es\/evento\/momento-economico-de-espana-y-alternativas\/#breadcrumb\",\"itemListElement\":[{\"@type\":\"ListItem\",\"position\":1,\"name\":\"Portada\",\"item\":\"https:\/\/proacomunicacion.es\/\"},{\"@type\":\"ListItem\",\"position\":2,\"name\":\"Eventos\",\"item\":\"https:\/\/proacomunicacion.es\/evento\/\"},{\"@type\":\"ListItem\",\"position\":3,\"name\":\"Momento econ\u00f3mico de Espa\u00f1a y alternativas\"}]},{\"@type\":\"WebSite\",\"@id\":\"https:\/\/proacomunicacion.es\/#website\",\"url\":\"https:\/\/proacomunicacion.es\/\",\"name\":\"PROA Comunicaci\u00f3n\",\"description\":\"Agencia de Comunicaci\u00f3n Corporativa en Madrid, Barcelona y Galicia.\",\"publisher\":{\"@id\":\"https:\/\/proacomunicacion.es\/#organization\"},\"alternateName\":\"PROA Comunicaci\u00f3n\",\"potentialAction\":[{\"@type\":\"SearchAction\",\"target\":{\"@type\":\"EntryPoint\",\"urlTemplate\":\"https:\/\/proacomunicacion.es\/?s={search_term_string}\"},\"query-input\":{\"@type\":\"PropertyValueSpecification\",\"valueRequired\":true,\"valueName\":\"search_term_string\"}}],\"inLanguage\":\"en-GB\"},{\"@type\":\"Organization\",\"@id\":\"https:\/\/proacomunicacion.es\/#organization\",\"name\":\"PROA Comunicaci\u00f3n\",\"alternateName\":\"PROA Comunicaci\u00f3n\",\"url\":\"https:\/\/proacomunicacion.es\/\",\"logo\":{\"@type\":\"ImageObject\",\"inLanguage\":\"en-GB\",\"@id\":\"https:\/\/proacomunicacion.es\/#\/schema\/logo\/image\/\",\"url\":\"https:\/\/proacomunicacion.es\/wp-content\/uploads\/2024\/01\/Logo_Light.svg\",\"contentUrl\":\"https:\/\/proacomunicacion.es\/wp-content\/uploads\/2024\/01\/Logo_Light.svg\",\"width\":136,\"height\":33,\"caption\":\"PROA Comunicaci\u00f3n\"},\"image\":{\"@id\":\"https:\/\/proacomunicacion.es\/#\/schema\/logo\/image\/\"},\"sameAs\":[\"https:\/\/x.com\/proacomunica\",\"https:\/\/es.linkedin.com\/company\/proa-comunicacion_2\",\"https:\/\/www.instagram.com\/proacomunica\/\",\"https:\/\/www.youtube.com\/@proacomunicacion\",\"https:\/\/es.wikipedia.org\/wiki\/PROA_Comunicacin\"]}]}<\/script>\n<!-- \/ Yoast SEO plugin. -->","yoast_head_json":{"title":"Spain's economic situation and alternatives - PROA Comunicaci\u00f3n","robots":{"index":"index","follow":"follow","max-snippet":"max-snippet:-1","max-image-preview":"max-image-preview:large","max-video-preview":"max-video-preview:-1"},"canonical":"https:\/\/proacomunicacion.es\/en\/event\/spains-economic-situation-and-alternatives\/","og_locale":"en_GB","og_type":"article","og_title":"Momento econ\u00f3mico de Espa\u00f1a y alternativas - PROA Comunicaci\u00f3n","og_description":"PROA Comunicaci\u00f3n\u00a0organiza\u00a0el lunes 20 de abril el Di\u00e1logo de Actualidad &#8216;Momento econ\u00f3mico de Espa\u00f1a y alternativas&#8217;.\u00a0La sesi\u00f3n se celebrar\u00e1 de 14:00 a 16:30 h y contar\u00e1 con la participaci\u00f3n de Alberto Nadal, secretario de Econom\u00eda y Empleo del Partido Popular, y Jordi Sevilla, exministro de Administraciones P\u00fablicas. Aforo limitado. La asistencia es \u00fanicamente a trav\u00e9s [&hellip;]","og_url":"https:\/\/proacomunicacion.es\/en\/event\/spains-economic-situation-and-alternatives\/","og_site_name":"PROA Comunicaci\u00f3n","article_modified_time":"2026-03-25T09:36:52+00:00","og_image":[{"width":2560,"height":1414,"url":"https:\/\/proacomunicacion.es\/wp-content\/uploads\/2025\/08\/Firefly_radio-de-barco-scaled.jpg","type":"image\/jpeg"}],"twitter_card":"summary_large_image","twitter_site":"@proacomunica","twitter_misc":{"Estimated reading time":"1 minute"},"schema":{"@context":"https:\/\/schema.org","@graph":[{"@type":"WebPage","@id":"https:\/\/proacomunicacion.es\/evento\/momento-economico-de-espana-y-alternativas\/","url":"https:\/\/proacomunicacion.es\/evento\/momento-economico-de-espana-y-alternativas\/","name":"Spain's economic situation and alternatives - PROA Comunicaci\u00f3n","isPartOf":{"@id":"https:\/\/proacomunicacion.es\/#website"},"datePublished":"2026-03-25T09:35:59+00:00","dateModified":"2026-03-25T09:36:52+00:00","breadcrumb":{"@id":"https:\/\/proacomunicacion.es\/evento\/momento-economico-de-espana-y-alternativas\/#breadcrumb"},"inLanguage":"en-GB","potentialAction":[{"@type":"ReadAction","target":["https:\/\/proacomunicacion.es\/evento\/momento-economico-de-espana-y-alternativas\/"]}]},{"@type":"BreadcrumbList","@id":"https:\/\/proacomunicacion.es\/evento\/momento-economico-de-espana-y-alternativas\/#breadcrumb","itemListElement":[{"@type":"ListItem","position":1,"name":"Portada","item":"https:\/\/proacomunicacion.es\/"},{"@type":"ListItem","position":2,"name":"Eventos","item":"https:\/\/proacomunicacion.es\/evento\/"},{"@type":"ListItem","position":3,"name":"Momento econ\u00f3mico de Espa\u00f1a y alternativas"}]},{"@type":"WebSite","@id":"https:\/\/proacomunicacion.es\/#website","url":"https:\/\/proacomunicacion.es\/","name":"PROA Communication","description":"Corporate Communications Agency in Madrid, Barcelona and Galicia.","publisher":{"@id":"https:\/\/proacomunicacion.es\/#organization"},"alternateName":"PROA Comunicaci\u00f3n","potentialAction":[{"@type":"SearchAction","target":{"@type":"EntryPoint","urlTemplate":"https:\/\/proacomunicacion.es\/?s={search_term_string}"},"query-input":{"@type":"PropertyValueSpecification","valueRequired":true,"valueName":"search_term_string"}}],"inLanguage":"en-GB"},{"@type":"Organization","@id":"https:\/\/proacomunicacion.es\/#organization","name":"PROA Communication","alternateName":"PROA Comunicaci\u00f3n","url":"https:\/\/proacomunicacion.es\/","logo":{"@type":"ImageObject","inLanguage":"en-GB","@id":"https:\/\/proacomunicacion.es\/#\/schema\/logo\/image\/","url":"https:\/\/proacomunicacion.es\/wp-content\/uploads\/2024\/01\/Logo_Light.svg","contentUrl":"https:\/\/proacomunicacion.es\/wp-content\/uploads\/2024\/01\/Logo_Light.svg","width":136,"height":33,"caption":"PROA Comunicaci\u00f3n"},"image":{"@id":"https:\/\/proacomunicacion.es\/#\/schema\/logo\/image\/"},"sameAs":["https:\/\/x.com\/proacomunica","https:\/\/es.linkedin.com\/company\/proa-comunicacion_2","https:\/\/www.instagram.com\/proacomunica\/","https:\/\/www.youtube.com\/@proacomunicacion","https:\/\/es.wikipedia.org\/wiki\/PROA_Comunicacin"]}]}},"_links":{"self":[{"href":"https:\/\/proacomunicacion.es\/en\/wp-json\/wp\/v2\/evento\/46748","targetHints":{"allow":["GET"]}}],"collection":[{"href":"https:\/\/proacomunicacion.es\/en\/wp-json\/wp\/v2\/evento"}],"about":[{"href":"https:\/\/proacomunicacion.es\/en\/wp-json\/wp\/v2\/types\/evento"}],"wp:attachment":[{"href":"https:\/\/proacomunicacion.es\/en\/wp-json\/wp\/v2\/media?parent=46748"}],"curies":[{"name":"wp","href":"https:\/\/api.w.org\/{rel}","templated":true}]}}

<p><strong>PROA Comunicación is organising the Current Affairs Dialogue ‘Spain's economic moment and alternatives’ on Monday 20 April. The session will be held from 14:00 to 16:30 and will include the participation of Alberto Nadal, Secretary of Economy and Employment of the Partido Popular, and Jordi Sevilla.</strong>, <strong>former Minister of Public Administration.</strong></p>



<p><strong>Limited capacity. Attendance is by invitation only</strong>. For more information: <strong><a href="mailto:carlos.pelaez@proacomunicacion.es">carlos.pelaez@proacomunicacion.es</a></strong></p>



<p></p>

<!-- This site is optimized with the Yoast SEO plugin v27.0 - https://yoast.com/product/yoast-seo-wordpress/ -->
<title>Momento económico de España y alternativas - PROA Comunicación</title>
<meta name="robots" content="index, follow, max-snippet:-1, max-image-preview:large, max-video-preview:-1" />
<link rel="canonical" href="https://proacomunicacion.es/en/event/spains-economic-situation-and-alternatives/" />
<meta property="og:locale" content="en_GB" />
<meta property="og:type" content="article" />
<meta property="og:title" content="Momento económico de España y alternativas - PROA Comunicación" />
<meta property="og:description" content="PROA Comunicación organiza el lunes 20 de abril el Diálogo de Actualidad &#8216;Momento económico de España y alternativas&#8217;. La sesión se celebrará de 14:00 a 16:30 h y contará con la participación de Alberto Nadal, secretario de Economía y Empleo del Partido Popular, y Jordi Sevilla, exministro de Administraciones Públicas. Aforo limitado. La asistencia es únicamente a través [&hellip;]" />
<meta property="og:url" content="https://proacomunicacion.es/en/event/spains-economic-situation-and-alternatives/" />
<meta property="og:site_name" content="PROA Comunicación" />
<meta property="article:modified_time" content="2026-03-25T09:36:52+00:00" />
<meta property="og:image" content="https://proacomunicacion.es/wp-content/uploads/2025/08/Firefly_radio-de-barco-scaled.jpg" />
	<meta property="og:image:width" content="2560" />
	<meta property="og:image:height" content="1414" />
	<meta property="og:image:type" content="image/jpeg" />
<meta name="twitter:card" content="summary_large_image" />
<meta name="twitter:site" content="@proacomunica" />
<meta name="twitter:label1" content="Estimated reading time" />
	<meta name="twitter:data1" content="1 minute" />
<script type="application/ld+json" class="yoast-schema-graph">{"@context":"https://schema.org","@graph":[{"@type":"WebPage","@id":"https://proacomunicacion.es/evento/momento-economico-de-espana-y-alternativas/","url":"https://proacomunicacion.es/evento/momento-economico-de-espana-y-alternativas/","name":"Momento económico de España y alternativas - PROA Comunicación","isPartOf":{"@id":"https://proacomunicacion.es/#website"},"datePublished":"2026-03-25T09:35:59+00:00","dateModified":"2026-03-25T09:36:52+00:00","breadcrumb":{"@id":"https://proacomunicacion.es/evento/momento-economico-de-espana-y-alternativas/#breadcrumb"},"inLanguage":"en-GB","potentialAction":[{"@type":"ReadAction","target":["https://proacomunicacion.es/evento/momento-economico-de-espana-y-alternativas/"]}]},{"@type":"BreadcrumbList","@id":"https://proacomunicacion.es/evento/momento-economico-de-espana-y-alternativas/#breadcrumb","itemListElement":[{"@type":"ListItem","position":1,"name":"Portada","item":"https://proacomunicacion.es/"},{"@type":"ListItem","position":2,"name":"Eventos","item":"https://proacomunicacion.es/evento/"},{"@type":"ListItem","position":3,"name":"Momento económico de España y alternativas"}]},{"@type":"WebSite","@id":"https://proacomunicacion.es/#website","url":"https://proacomunicacion.es/","name":"PROA Comunicación","description":"Agencia de Comunicación Corporativa en Madrid, Barcelona y Galicia.","publisher":{"@id":"https://proacomunicacion.es/#organization"},"alternateName":"PROA Comunicación","potentialAction":[{"@type":"SearchAction","target":{"@type":"EntryPoint","urlTemplate":"https://proacomunicacion.es/?s={search_term_string}"},"query-input":{"@type":"PropertyValueSpecification","valueRequired":true,"valueName":"search_term_string"}}],"inLanguage":"en-GB"},{"@type":"Organization","@id":"https://proacomunicacion.es/#organization","name":"PROA Comunicación","alternateName":"PROA Comunicación","url":"https://proacomunicacion.es/","logo":{"@type":"ImageObject","inLanguage":"en-GB","@id":"https://proacomunicacion.es/#/schema/logo/image/","url":"https://proacomunicacion.es/wp-content/uploads/2024/01/Logo_Light.svg","contentUrl":"https://proacomunicacion.es/wp-content/uploads/2024/01/Logo_Light.svg","width":136,"height":33,"caption":"PROA Comunicación"},"image":{"@id":"https://proacomunicacion.es/#/schema/logo/image/"},"sameAs":["https://x.com/proacomunica","https://es.linkedin.com/company/proa-comunicacion_2","https://www.instagram.com/proacomunica/","https://www.youtube.com/@proacomunicacion","https://es.wikipedia.org/wiki/PROA_Comunicacin"]}]}</script>
<!-- / Yoast SEO plugin. -->

Spain's economic situation and alternatives - PROA Comunicación

Momento económico de España y alternativas - PROA Comunicación

PROA Comunicación organiza el lunes 20 de abril el Diálogo de Actualidad &#8216;Momento económico de España y alternativas&#8217;. La sesión se celebrará de 14:00 a 16:30 h y contará con la participación de Alberto Nadal, secretario de Economía y Empleo del Partido Popular, y Jordi Sevilla, exministro de Administraciones Públicas. Aforo limitado. La asistencia es únicamente a través [&hellip;]

PROA Comunicación

Momento económico de España y alternativas
